/*
SQLyog Ultimate v8.71 
MySQL - 5.0.95 : Database - carnicon
*********************************************************************
*/




CREATE DATABASE /*!32312 IF NOT EXISTS*/`carnicon` /*!40100 DEFAULT CHARACTER SET latin1 */;

USE `carnicon`;

/*Table structure for table `ajustecamaradet` */


CREATE TABLE `ajustecamaradet` (
  `id` int(11) NOT NULL auto_increment,
  `idIngresoSalida` int(11) NOT NULL,
  `Fecha` datetime NOT NULL,
  `Usuario` varchar(35) collate latin1_spanish_ci NOT NULL,
  `Comentario` varchar(255) collate latin1_spanish_ci default NULL,
  PRIMARY KEY  (`id`)
) ENGINE=InnoDB AUTO_INCREMENT=4 DEFAULT CHARSET=latin1 COLLATE=latin1_spanish_ci;

/*Data for the table `ajustecamaradet` */

insert  into `ajustecamaradet`(`id`,`idIngresoSalida`,`Fecha`,`Usuario`,`Comentario`) values (1,591,'2013-01-22 08:23:49','Miluska','prueba'),(2,592,'2013-01-22 08:24:34','Miluska','prueba'),(3,593,'2013-01-22 08:24:58','Miluska','prueba');

/*Table structure for table `balanza` */


CREATE TABLE `balanza` (
  `campo` varchar(255) collate latin1_spanish_ci default NULL
) ENGINE=InnoDB DEFAULT CHARSET=latin1 COLLATE=latin1_spanish_ci;

/*Data for the table `balanza` */

insert  into `balanza`(`campo`) values ('1');

/*Table structure for table `boletaecab` */


CREATE TABLE `boletaecab` (
  `boletaeCabId` int(11) NOT NULL auto_increment,
  `Numero` char(8) collate latin1_spanish_ci default NULL,
  `Serie` char(5) collate latin1_spanish_ci default NULL,
  `FechEmision` date default NULL,
  `clientes_Codigo` int(11) default NULL,
  `CodMoneda` int(6) default NULL,
  `tipoCambio` decimal(17,2) default NULL,
  `Total` decimal(17,2) default NULL,
  `credito` char(1) collate latin1_spanish_ci default NULL,
  `Guiaremision` char(8) collate latin1_spanish_ci default NULL,
  `Codtransporte` char(2) collate latin1_spanish_ci default NULL,
  `traslado` date default NULL,
  `Estado` char(1) collate latin1_spanish_ci default NULL,
  `Registro` timestamp NOT NULL default CURRENT_TIMESTAMP,
  PRIMARY KEY  (`boletaeCabId`)
) ENGINE=InnoDB AUTO_INCREMENT=2 DEFAULT CHARSET=latin1 COLLATE=latin1_spanish_ci;

/*Data for the table `boletaecab` */

insert  into `boletaecab`(`boletaeCabId`,`Numero`,`Serie`,`FechEmision`,`clientes_Codigo`,`CodMoneda`,`tipoCambio`,`Total`,`credito`,`Guiaremision`,`Codtransporte`,`traslado`,`Estado`,`Registro`) values (1,'000001','001','2019-01-25',121431,NULL,NULL,'4.00','1',NULL,NULL,NULL,NULL,'2019-01-25 16:34:11');

/*Table structure for table `boletaedet` */


CREATE TABLE `boletaedet` (
  `boletaDetId` int(11) NOT NULL auto_increment,
  `boletaCabId` int(11) default NULL,
  `Numero` char(8) collate latin1_spanish_ci default NULL,
  `CodCorte` int(11) default NULL,
  `CodCarne` int(11) default NULL,
  `CantCarne` decimal(17,3) default NULL,
  `boletaDetCostKilo` decimal(17,2) default NULL,
  PRIMARY KEY  (`boletaDetId`)
) ENGINE=InnoDB AUTO_INCREMENT=2 DEFAULT CHARSET=latin1 COLLATE=latin1_spanish_ci;

/*Data for the table `boletaedet` */

insert  into `boletaedet`(`boletaDetId`,`boletaCabId`,`Numero`,`CodCorte`,`CodCarne`,`CantCarne`,`boletaDetCostKilo`) values (1,1,'000001',682,3,'2.000','2.00');

/*Table structure for table `camal` */


CREATE TABLE `camal` (
  `NumCamal` int(11) NOT NULL auto_increment,
  `NomCamal` varchar(100) collate latin1_spanish_ci NOT NULL,
  `ContactoCamal` varchar(100) collate latin1_spanish_ci default NULL,
  `UbigeoCamal` char(6) collate latin1_spanish_ci default NULL,
  `DireccionCamal` varchar(100) collate latin1_spanish_ci default NULL,
  `TelfCamal` varchar(9) collate latin1_spanish_ci default NULL,
  PRIMARY KEY  (`NumCamal`)
) ENGINE=MyISAM AUTO_INCREMENT=15 DEFAULT CHARSET=latin1 COLLATE=latin1_spanish_ci;

/*Data for the table `camal` */

insert  into `camal`(`NumCamal`,`NomCamal`,`ContactoCamal`,`UbigeoCamal`,`DireccionCamal`,`TelfCamal`) values (1,'yerbateros','manuel','160501','ate','5689423'),(8,'la colonial','villegas','130905','av ugarte 258','5263569'),(14,'conchucos','conchucos','160501','','');

/*Table structure for table `camara` */


CREATE TABLE `camara` (
  `idIngresoSalida` int(11) NOT NULL auto_increment,
  `NumOrden` char(7) collate latin1_spanish_ci default NULL,
  `IdIngCamaraCab` char(30) collate latin1_spanish_ci default NULL,
  `CodCorte` int(11) default NULL,
  `CodCarne` int(11) default NULL,
  `DocIngSalida` varchar(30) collate latin1_spanish_ci NOT NULL,
  `TipoMov` char(1) collate latin1_spanish_ci NOT NULL COMMENT 'Tipo de Movimiento :::::  A - Ingreso por Ajuste stock / I - Ingreso de Camal a Camara / V - Venta / O - Salida Obsequio / M - Ajuste Salida por Mermas o Ajustes',
  `NroPieza` varchar(25) collate latin1_spanish_ci default NULL,
  `IdPieza` varchar(25) collate latin1_spanish_ci default NULL,
  `PartPieza` int(11) default NULL,
  `FechaMovi` datetime NOT NULL,
  `TotalMovimiento` decimal(17,3) NOT NULL COMMENT 'Total Peso por Movimiento',
  `Estado` char(1) collate latin1_spanish_ci NOT NULL default 'A',
  PRIMARY KEY  (`idIngresoSalida`),
  KEY `fk_camara_cortes1_idx` (`CodCorte`),
  KEY `fk_camara_carnes1_idx` (`CodCarne`)
) ENGINE=MyISAM AUTO_INCREMENT=231951 DEFAULT CHARSET=latin1 COLLATE=latin1_spanish_ci;

/*Data for the table `camara` */

insert  into `camara`(`idIngresoSalida`,`NumOrden`,`IdIngCamaraCab`,`CodCorte`,`CodCarne`,`DocIngSalida`,`TipoMov`,`NroPieza`,`IdPieza`,`PartPieza`,`FechaMovi`,`TotalMovimiento`,`Estado`) values (231948,NULL,NULL,682,3,'000006','V',NULL,NULL,NULL,'2019-01-29 00:00:00','-1.000','A'),(231949,NULL,NULL,688,3,'000006','V',NULL,NULL,NULL,'2019-01-29 00:00:00','-1.000','A'),(231950,NULL,NULL,337,41,'000001','V',NULL,NULL,NULL,'2021-10-07 00:00:00','-1.000','A');

/*Table structure for table `carnes` */


CREATE TABLE `carnes` (
  `CodCarne` int(11) NOT NULL auto_increment,
  `NomCarne` varchar(50) collate latin1_spanish_ci NOT NULL,
  `EstIntermedCarne` char(1) collate latin1_spanish_ci NOT NULL COMMENT 'S - Pasa por camal / N - Producto directo del proveedor',
  `UndMedidaCarne` decimal(5,1) default '1.0' COMMENT 'Unidad de Medida de Carne por la cual sera divida una res o producto en camal',
  `SalidaParcial` char(1) collate latin1_spanish_ci default 'N' COMMENT 'Todos los productos N-no se podra recojer de camal parcial - S-recojo parcial',
  `Medida` char(1) collate latin1_spanish_ci default 'K' COMMENT 'U -- Unidad / K -- Kilo',
  `carnePrincipal` char(2) collate latin1_spanish_ci default 'N',
  `carneEstado` char(1) collate latin1_spanish_ci default 'A' COMMENT 'A - Alta / B - Baja',
  PRIMARY KEY  (`CodCarne`)
) ENGINE=MyISAM AUTO_INCREMENT=59 DEFAULT CHARSET=latin1 COLLATE=latin1_spanish_ci;

/*Data for the table `carnes` */

insert  into `carnes`(`CodCarne`,`NomCarne`,`EstIntermedCarne`,`UndMedidaCarne`,`SalidaParcial`,`Medida`,`carnePrincipal`,`carneEstado`) values (14,'Cerdo','S','1.0','N','U','N','A'),(5,'Pavo','N','1.0','N','U','N','A'),(3,'Pollo','N','1.0','N','U','N','A'),(6,'Res','S','1.0','S','U','S','A'),(19,'menudencia','N','1.0','N','K','N','A'),(21,'mollejitas','N','1.0','N','K','N','A'),(29,'higado','N','1.0','N','U','N','A'),(28,'corazon','N','1.0','N','U','N','A'),(30,'mondongo','N','1.0','N','U','N','A'),(31,'brazos','N','1.0','N','','N','A'),(32,'chorizo','N','1.0','N','K','N','A'),(33,'CORDERO','N','1.0','N','U','N','A'),(34,'lengua','N','1.0','N','K','N','A'),(35,'carnes','N','1.0','N','','N','A'),(36,'carnero','N','1.0','N','','N','A'),(37,'pavita','N','1.0','N','','N','A'),(38,'CABRITO','N','1.0','N','','N','A'),(39,'CONEJO','N','1.0','N','','N','A'),(40,'cortes','N','1.0','N','U','N','A'),(41,'carne','N','1.0','N','','N','A'),(42,'asado de pejerrey','N','1.0','N','','N','A'),(43,'gallina','N','1.0','N','','N','A'),(44,'tripa madre','N','1.0','N','','N','A'),(45,'cuy entero','N','1.0','N','','N','A'),(46,'pollo','N','1.0','N','','N','A'),(47,'Molida de tapa','N','1.0','N','','N','A'),(48,'Molida de tapa','N','1.0','N','','N','A'),(49,'Molida de tapa','N','1.0','N','','N','A'),(50,'Molida de tapa','N','1.0','N','','N','A'),(51,'Molida de tapa','N','1.0','N','','N','A'),(52,'Molida de tapa','N','1.0','N','','N','A'),(53,'Molida de tapa','S','1.0','N','','N','A'),(54,'churrasco-guiso','N','1.0','N','','N','A'),(55,'churrasco-guiso','N','1.0','N','','N','A'),(56,'churrasco-guiso','N','1.0','N','','N','A'),(57,'CUADRIL X 200','N','1.0','N','','N','A'),(58,'CUADRIL X 110','N','1.0','N','','N','A');

/*Table structure for table `clientes` */


CREATE TABLE `clientes` (
  `Codigo` int(11) NOT NULL auto_increment,
  `Nombres` varchar(100) collate latin1_spanish_ci NOT NULL,
  `Ubigeo` char(6) collate latin1_spanish_ci NOT NULL,
  `Direccion` varchar(100) collate latin1_spanish_ci NOT NULL,
  `Contacto` varchar(30) collate latin1_spanish_ci default NULL,
  `RUC` varchar(15) collate latin1_spanish_ci default NULL,
  `Telefono` varchar(18) collate latin1_spanish_ci default NULL,
  `Celular` varchar(18) collate latin1_spanish_ci default NULL,
  `PagWeb` varchar(90) collate latin1_spanish_ci default NULL,
  `Correo` varchar(90) collate latin1_spanish_ci default NULL,
  `FechaReg` date default NULL,
  `ClientesEstado` char(1) collate latin1_spanish_ci default 'A',
  PRIMARY KEY  (`Codigo`)
) ENGINE=MyISAM AUTO_INCREMENT=121434 DEFAULT CHARSET=latin1 COLLATE=latin1_spanish_ci;

/*Data for the table `clientes` */

insert  into `clientes`(`Codigo`,`Nombres`,`Ubigeo`,`Direccion`,`Contacto`,`RUC`,`Telefono`,`Celular`,`PagWeb`,`Correo`,`FechaReg`,`ClientesEstado`) values (120808,'AL LIMITE PERU SAC','170106','CAL 5 MZ L LOTE 08 URB. EL OLIVAR','RENE ALDAVE','20473809878','5751204','968452252','','ALLIMITEPERU@HOTMAIL.COM','2012-12-17','A'),(120814,'ORIENTAL GOURMET SA','160526','Av. Benavides Nro 4309','','20372634350','','','','','2013-01-26','A'),(120807,'CATEMASIBO SAC','160501','Jr: Luis Sanchez Cerro 1834','alejandro ruedA','20392473212','4585869','964325851','','alrueda@catemasibo.com','2012-12-17','A'),(120806,'MANDARIN CORPORATION SAC','160535','AV. JAVIER PRADO ESTE 1860-LIMA','ELIAS HUAMAN','20514505820','4589267','991802083','','EHUAMAN@BUFFETMANDARIN.COM','2012-12-04','A'),(120809,'ROSTICERIA EL PERUANITO SRL','160513','Av. Angamos Este Nro 391','LUCHO','20101148298','0000000','000000000','','','2012-12-29','A'),(120813,'YING  KIT SAC','160521','JOSE GALVEZ BARNECHEA 579 - LIMA','MARCIA','20504913075','','','','','2013-01-25','A'),(121037,'MONTELUNA S.A.C.','160513','Calle Alcanfores, Nro 450 Miraflores','','20492673120','','','','','2014-11-11','A'),(120816,'HUARINGAS SAC','160513','CAL.BOLOGNESI N°460- LIMA','GABRIELA LUQUE','20508410906','','','WWW.BRUJAS DEL CACHIQUE','gabrielaluque@huringas.com','2013-01-26','A'),(121036,'INVERSIONES SABRINA SAC','160524','Av. Andres Razuri N° 280-Maranga-San Miguel','','20507603832','7248444','','','','2014-11-08','A'),(120818,'INVERSIONES MALOK S.A.C','160513','AV.LARCO N°734','ALEJANDRO CASTRO','20493365275','3193060','955998302','','alejandro.castro@gdpsupergroup.com','2013-01-26','A'),(120819,'INVERSIONES PAPI JULIO SAC','160527','CAL EL CEREZO MZA L  LOTE 5 URB.CALERA LA MERCED','AGUEDA QUISPE','20536748874','','994397733','','produccionmiscostillitas@gmail.com','2013-01-26','A'),(120820,'DOMINGUEZ PALACIOS NICANOR','160523','AV.FEDERICO VILLARREAL N°591','','10084529210','','','','rinconhuanuqueno@hotmail.com','2013-01-26','A'),(120824,'CLINICA SAN VICENTE S.A','160523','Av. Peru Nro 3220','','20102161336','','','','','2013-01-28','A'),(120851,'XIE WAN XIANG','160309','JR SAN AGUSTIN 200','','15491311191','','','','','2013-02-07','A'),(120826,'MAK ZHOU CHIOK HONG','160526','AV.VELASCO ASTETE 2291-LIMA','','10098799651','','','','','2013-01-30','A'),(120827,'CIA SHUN FA SA','160515','AV.SUCRE 902','FUSEN SUCRE','20172087991','','','','','2013-02-01','A'),(120828,'INVERSIONES WONG LIANG SAC','160535','AV.AVIACION 2841','','20392911937','','','','','2013-02-02','A'),(120829,'TIENSHI TAYHE SAC','160535','AV.AVIACION 3361','','20511337225','','','','','2013-02-02','A'),(120830,'ASOCIACION CULTURAL BRISAS DEL TITICACA','160501','JR.HEROES DE TARAPACA 168','ROXANA ORTIZ','20100642281','','','','','2013-02-04','A'),(120965,'G.D.S. DEL PERU SAC','160523','AV. PERU NRO. 3853 INT. 201','','20508669632','','','','','2013-10-11','A'),(120832,'XIE CHAU SHAO XIAU','160515','AV SUCRE 918','','10096794091','','','','','2013-02-04','A'),(120833,'LEI SUT SIN','160526','AV CAMINOS DEL INCA 2108','','15422987603','','','','','2013-02-04','A'),(120834,'DBS ALIMENTOS EIRL','160535','CAL GOZZOLI NORTE 3513','','20549958495','','','','','2013-02-04','A'),(120835,'EMPRESA DE SERVICIOS SANTA MONICA SRL','160509','CALLE RIO MARAÑON MZI LOTE 03','DAVID VALENZUELA','20319127845','','','','dvalenzuela@essamperu.com','2013-02-04','A'),(120836,'SERVICIOS SAN JUAN SRL','160509','CALLE RIO MARAÑON MZI LOTE 03','DAVID VALENZUELA','20486091127','','','','dvalenzuela@essamperu.com','2013-02-04','A'),(120837,'CAFETERIA Y JUGUERIA MAMA MILLSHI E.I.R.L.','160523','JR. IQUITOS 280-LIMA','','20545810841','','','','','2013-02-04','A'),(120838,'ORE VERGARA JOSSELYN ODELY','170104','AV. HAYA DE LA TORRE 486','','10705684079','','','','','2013-02-04','A'),(120839,'VERITO\'SS E.I.R.L.','160523','MZA F LOTE 26 COO. VIV. RESID. LA UNION','','20492791599','','','','','2013-02-04','A'),(120840,'SANGUCHES DEL PERU SAC','160521','AV.DOS DE MAYO # 1002','','20510885229','','','','','2013-02-05','A'),(120841,'DINASTIA CHINA SAC','160507','AV DEFENSORES DEL MORRO 776','','20516302381','','','','','2013-02-05','A'),(120842,'EMPRESA WENMIN SAC','160535','AV AVIACION 3381','','20543033864','','','','','2013-02-05','A'),(120843,'PEDRO JUSTO ESPINOZA CASTAÑEDA','160523','JR CAMANA 476','','10085004986','','','','','2013-02-05','A'),(120844,'INVERSIONES MALOK S.A.C','160504','AV.ALFONSO UGARTE N°1224','','20493365275','','','','','2013-02-06','A'),(120845,'EMPRESA JINLIANG SAC','160526','AV LA ENCALADA 531-LIMA','','20516617889','','','','','2013-02-06','A'),(120846,'XIE CHON SHAO YING','160510','JR DOMINGO CUETO 115','','15206759850','','','','','2013-02-06','A'),(120847,'LAM YING HUA','160523','AV PERU 3844-LIMA','','15548052685','','','','','2013-02-06','A'),(120848,'La Kalle E.I.R.L.','160537','Av.Alfa Mza.A Lte.18Urb El Trebol-LIMA','','20601803012','','','','','2013-02-06','A'),(120849,'CRYSTAL PALACE SAC','160529','AV GENERAL GARZON 1243','','20294551396','','','','','2013-02-07','A'),(120850,'YAN YAN SAC','160521','AV JAVIER PRADO ESTE 402','','20505293801','','','','','2013-02-07','A'),(120852,'D´TODO GOURMET SAC','160523','JR APURIMAC 3204','','20513287284','','','','','2013-02-07','A'),(120853,'CAO SHUSEN','160523','AV PERU 2454','','15547127070','','','','','2013-02-08','A'),(120854,'CHIFA CASA ORIENTAL S.A.C.','160515','AV. SIMON BOLIVAR NRO. 1128-LIMA','','20517054675','','','','','2013-02-08','A'),(121433,'ANULADO','','','','','','','','','2013-02-09','A'),(120857,'SUPRA LICO S.A.C','160509','Av.Bello Horizonte N°660 Urb. Riconada Alta-Lima','','20468944139','','','','','2013-02-12','A'),(120929,'CAMPOS','','','','','','','','','2013-05-09','A'),(120859,'ITAJA FUSION SAC','160526','AV. LA ENCALADA NRO. 908-LIMA','','20492255719','','','','','2013-02-12','A'),(120860,'MERCANTIL GAREC S.R.L','160523','JR. ANCASH NRO. 3326 URB. PERU LIMA','','20373606431','','','','','2013-02-12','A'),(120861,'ZEVALLOS RODRIGUEZ GUALBERTO ROGER','160529','AV. GRAL. GARZON NRO. 799','','15391082160','','','','','2013-02-15','A'),(120862,'JEAN PIERRE VILLEGAS RUIZ','160510','Calle Las Lilas 433','','10440157144','','','','','2013-02-16','A'),(120863,'LEUNG KAM LO','160508','Av.Canada N°1325 Urb. Sta Catalina','','15127505524','','','','','2013-02-18','A'),(120864,'DOMINGUEZ PALACIOS DANIEL MARCELINO','160523','JR FEDERICO VILLAREAL 591','RINCONCITO','10086251588','','','','','2013-02-18','A'),(120865,'ARCASI S.A.C.','160513','AV. LA MAR NRO. 1098 URB. SANTA CRUZ LIMA','','20538494071','','','','','2013-02-19','A'),(120866,'IZAGUIRRE AVALOS JOSEFINA ROSARIO','170106','MZA.E LOTE.13 URB. JORGE CHAVEZ-CALLAO','','10086622349','','','','','2013-02-28','A'),(121015,'WONG MEY LENG','','R. SAN LUCAS NRO. 298 URB. PALAO 4 ETAPA (ALT.HOSP.CAYETANO HEREDIA) LIMA - LIMA','','15334612756','','','','','2014-05-30','A'),(120867,'REMAR REHABILITACION DE MARGINADOS','160501','JR. AZANGARO NRO. 235','','20290837970','','','','','2013-03-04','A'),(120868,'KUON WHA S.A.C.','160529','C.c.San Felipe s/n Int.115 Res. San Felipe','','20180099604','','','','','2013-03-07','A'),(120871,'CILIPER S.A.C.','160504','CAL. GRAL VARELA NRO. 1500','','20535784621','','','','','2013-03-09','A'),(120872,'ATALAYA PUERTAS OSWALDO','160523','AMAZONAS NRO. 3765','','10011338947','','','','','2013-03-09','A'),(120870,'HUERTAS LARA RAFAEL ARTURO','160523','JR. TIBURCIO RIOS NRO. 330 URB. MIGUEL GRAU','HUERTAS LARA RAFAEL ARTURO','10098879388','','','','','2013-03-08','A'),(120873,'RODRIGUEZ BARRETO CELIA VILMA','160523','R. PINAR DEL RIO NRO. 2067 URB. PERU','','10085810591','','','','','2013-03-15','A'),(120875,'SASHALEY E.I.R.L','160523','Jr: Huanuco N° 3456 Urb: Peru','','20537875683','','','','','2013-03-18','A'),(120876,'NAPAN LAZARO PEDRO EVARISTO','170106','MZA. D5 LOTE. 09 A.H. BOCA NEGRA','','10084823088','','','','','2013-03-22','A'),(120877,'SWEET LUCK S.A.C.','160530','JR. LOS TORNOS NRO. 147','','20546694021','','','','','2013-03-27','A'),(120903,'POSEIDONISTAY Y L S.A.C.','160535','AV. AVIACION NRO. 2590','','20492617645','','','','','2013-04-08','A'),(120899,'EVENTOS LES XAVIER S.A.C.','160504','JR. YURUA NRO. 424','','20514121258','','','','','2013-04-04','A'),(120900,'WIS PERU S.A.C.','160523','JR. LOS OLIVOS MZA. X1 LOTE. 48 COO. F. MALASPINA','','20492824276','','','','','2013-04-04','A'),(120928,'APARICIO CLAROS DE GONZALES F.','160523','JR. ANCASH NRO. 3326 URB. PERU','','10085961298','','','','','2013-05-09','A'),(120902,'ORTEGA ATENCIA SILIO JAIMES','170106','MZA. A LOTE. 3 PROG.DE VIV. LAS AMERICAS','','10401921279','','','','','2013-04-08','A'),(121016,'DISTRIBUIDORA FULL SERVICIO S.A.C.','160512','PQ. DOMINGO PONTE NRO. 1050 INT. F','fernando hanza','20516399521','','','','','2014-06-05','A'),(120913,'J &L ALIMENTOS SAC','170106','Calle. Villas de Oquendo Mz A','','20520919181','','','','','2013-04-09','A'),(120912,'LOCK CHI TAO','160535','AV. AVIACION NRO. 2590','','15493111172','','','','','2013-04-09','A'),(120914,'GCH COMERCIAL S.A.C.','160513','CAL. ARIAS ARAGUEZ NRO. 698 LIMA','preferida','20461681191','','','','','2013-04-10','A'),(120915,'EMBUTIDOS VENTURA S.A.C','160517','Cal.1Mza.L Lte7 Asoc Luces Del Sol','','20538514013','','','','','2013-04-12','A'),(120921,'ORTEGA MORALES JOSE ANDRES','160521','AV. AREQUIPA N°3170','','15524531191','','','','','2013-04-20','A'),(120918,'DISTRIBUIDORA JOVAZA EIRL','170106','CAL. LAS AMANITAS NRO. 154 URB. PREVI','','20330055805','','','','','2013-04-16','A'),(120920,'TOMAS','','','','','','','','','2013-04-19','A'),(120922,'FACHIN','','','','','','','','','2013-04-22','A'),(120923,'EMPRESA BING TWO S.A.C','160521','AV. JAVIER PRADO ESTE 402','','20537193804','','','','','2013-04-23','A'),(120925,'GRUPO RN SAC','160522','AV.GRAU 393-LIMA','','20479084425','','','','','2013-04-24','A'),(120926,'YUT WU S.A.C.','160526','CAL. LOMA REDONDA NRO. 391','','20516552493','','','','','2013-04-27','A'),(121269,'RUSINCA1','170106','Jr. Jose Galvez N° 308','','20538323935','','','','','2017-02-09','A'),(121014,'HON FOK SAC','160535','AV. SAN BORJA SUR NRO. 1002','','20507919040','','','','','2014-05-27','A'),(121078,'FENG MINGRUI','160509','Av. Flora Tristan 632 Urb. Santa Patricia II etapa','','15509380853','','7463718','','','2015-05-07','A'),(120933,'NACIONAL DE CHICHARRONES S.A.C.','160513','CAL. GENERAL MENDIBURU NRO. 1230 INT. 102','','20546209009','','','','','2013-05-28','A'),(120934,'ROMERO BEDIA KELLY VANESSA','130601','JR. MANUEL PRADO NRO. 559 URB. SATIPO','','10483558070','','','','','2013-05-29','A'),(120935,'BAX PRODUCCIONES SRL','160535','CAL. SIMONI NRO. 151 DPTO. 402 LIMA - LIMA','','20491889196','','','','','2013-06-01','A'),(120936,'BAX PRODUCCIONES SRL','160535','CAL. SIMONI NRO. 151 DPTO. 402 LIMA - LIMA','','20491889196','','','','','2013-06-01','A'),(120937,'XIE CHUY SAC','160510','JR DOMINGO CUETO 115','BRILLANTE','20552168519','','','','','2013-06-08','A'),(120938,'SERVICIOS MEDICOS AUROVAL SAC','160521','CAL. RICARDO ANGULO NRO. 351 URB. CORPAC','','20512297979','','','','','2013-06-14','A'),(120939,'FOUR SEAS INTERNATIONAL HOUSE S.A.C.','160535','AV. AVIACION NRO. 3124 URB. SAN BORJA SUR','','20525050891','','','','','2013-06-25','A'),(120940,'CACERES MONTOYA CARLOS RAUL','160539','Av.CHILLON Lte.54 Ex Hacienda CHACRA CERRO','','10100588264','','','','','2013-07-08','A'),(120941,'INVERSIONES EL 10 SAC','160513','AV. ABEL B DU PETIT THOUARS NRO. 4599','JULIO PAZ','20513735023','','','','','2013-07-09','A'),(120942,'INVERSIONES ESPARPER SRL','160530','AV. ALFREDO MENDIOLA NRO. 1400 INT. R105','JULIO PAZ','20537378205','','','','','2013-07-09','A'),(120943,'WU LAU KEN FEI','160510','LOS GERANIOS NRO. 104','lince','10427867698','','','','','2013-07-19','A'),(120944,'STP PERU S.A.C.','170106','AV. PERU MZA. D5 LOTE. 07 A.H. BOCANEGRA ZONA 3','','20543770966','','','','','2013-07-20','A'),(120945,'TRES CABALLOS DORADOS SAC','160535','AV.AVIACION 2819-LIMA','CHEZ TOMAS','20524848806','','','','','2013-07-22','A'),(120947,'INVERSIONES SJB S.A.C.','160529','AV. CUBA NRO. 1265','','20524703743','','','','','2013-07-25','A'),(120948,'COMERCIALIZADORA CARNICA E.LAU.S.A.C. - CELAU S,A.C','160501','JR. UCAYALI NRO. 649 INT. 07','E. LAO','20451791924','','','','','2013-08-12','A'),(120949,'INVERSIONES LIBER S.A.','160526','AV. CLUB GOLF LOS INCAS NRO. 498 URB. LOS GRANADOS','','20375020905','','','','','2013-08-23','A'),(120950,'GRANADOS REYES ERIKA MARGARITA','160523','JR. MALECON RIMAC NRO. 3348 URB. PERU','','10099004971','','','','','2013-08-28','A'),(121002,'AL CILINDRO DE JAVI S.A.C.','160526','CAL. CIRO ALEGRIA NRO. 235 DPTO. 401','javier olano','20549042318','','','','','2014-04-02','A'),(120952,'MECANICA GENERAL DE VEHICULOS S.A.C.','170106','AV. LOS DOMINICOS MZA. A LOTE. 32 URB. EL CONDOR','','20548081271','','','','','2013-08-31','A'),(120953,'ENTRETENCIONES CEC PERU S.A.','160513','CAL. LAS DALIAS NRO. 381 URB. ARMENDARIZ','','20546432841','','','','','2013-09-02','A'),(120954,'INVERSIONES DON QUIJOTE S.A.C.','160513','Calle Colon Nro 121 Miraflores','','20297386531','','','','','2013-09-03','A'),(120955,'SANCHEZ QUISPE ROSA PATRICIA','170106','MZA. F LOTE. 30 ASOC PRO VIV JORGE CHAVEZ','','10258043249','','','','','2013-09-03','A'),(120956,'CARNISAN E.I.R.L.','170106','JR. RAMON CASTILLA NRO. 319 INT. 58','','20550102936','','','','','2013-09-04','A'),(120957,'CATALINA SAC','160523','AV PERU  3618','','20551286933','','','','','2013-09-06','A'),(121034,'COTRINA SILVA MARIA ELENA','160543','JR VILLAC UMO 1373','','10188782588','','','','','2014-11-07','A'),(121262,'Corporacion Gastronomica Peruana SAC','160513','Av. Angamos Nro 691','','20493047575','','','','','2017-01-16','A'),(121164,'Asociacion Gastronomica Nikkei','160521','Calle: Coronel Andres Reyes 420 dpto 420','','20600734491','','','','','2016-04-18','A'),(120960,'JOSE SANCHEZ AGUILAR E.I.R.L.','160526','CAL. CIUDAD REAL NRO. 205 HIGUERETA','','20536926721','','','','','2013-09-10','A'),(120961,'CAO YAOGEN','160523','AV. PERU NRO. 3713 URB. PERU','','15506027613','','','','','2013-09-27','A'),(120962,'CARBON 77 S.A.C.','160539','JR. HUAMANCHUCO NRO. 110 DPTO. 1P URB. SAN FELIPE','','20554519076','','','','','2013-10-09','A'),(120966,'CHIFA TAO TAO S.A.C.','160535','AV. SAN LUIS NRO. 1996 URB. SAN BORJA','SANLUIS','20522657035','','','','','2013-10-14','A'),(120967,'CHARLOTTE S.A.','160526','Av.Jorge chavez 1287 Z.I.san pedrito','','20101152724','','','','','2013-10-16','A'),(120968,'INVERSIONES LA UNION DEL 10 S.A.C.','160501','JR CALLAO 120 LIMA(CLUB DE LA UNION)','','20553849242','','','','','2013-10-25','A'),(120969,'RIVERO ROBLES ANTONIO BERNARDO','160523','JR. AYACUCHO NRO. 3802 URB. PERU','','10099213448','','','','','2013-10-31','A'),(120970,'JACVAL S.A.C.','160523','JR. PUNO NRO. 3793 INT. B','','20539373227','','','','','2013-11-02','A'),(120971,'CUPE EVANGELISTA OSWALDO LUIS','170106','CAL. 20 MZA. S LOTE. 34 URB. EL ALAMO','','15302432349','','','','','2013-11-02','A'),(120972,'LI JINGXIANG','160509','AV. ALAMEDA DEL CORREGIDOR NRO. 1794','','15535818972','','','','','2013-11-05','A'),(120973,'CHIFA JUMBO  SAC','160523','AV. EDUARDO DE HABICH NRO. 417','','20521988011','','','','','2013-11-11','A'),(120974,'BENITES REQUENA POOL FRANK','160537','AV. LOS ALISOS NRO. 1093 URB. MICAELA BASTIDAS','','10406759658','','','','','2013-11-15','A'),(120975,'CARNES Y PAPAS S.A.C.','160513','AV. VASCO NUNEZ DE BALBOA NRO. 285','','20505797516','','','','','2013-11-20','A'),(120976,'CTRO EDUCATIVO PARROQUIAL SAN COLUMBANO','160523','AV. PACASMAYO NRO. 3618 URB. CONDEVILLA','','20164654967','','','','','2013-11-22','A'),(120977,'A & D.LL E.I.R.L.','160501','AV. AVIACION NRO. 2786','','20554521135','','','','','2013-11-29','A'),(120978,'ASOCIACION DEPORTIVA LOS INKAS GOLF CLUB','160526','AV. CIRCUNVALACION DEL GOLF NRO. 950','CLUB GOLF LOS INCAS','20101149421','','','','','2013-12-02','A'),(120979,'CHIFA LOS ALAMOS S.A.C.','160526','AV. PRIMAVERA NRO. 2228 URB. DEL FUNDO','ALAMO','20478177900','','','','','2013-12-06','A'),(120980,'ARTE Y DELICIAS CATERING Y EVENTOS S.A.C.','170101','AV. OSCAR R. BENAVIDES NRO. 5180 INT. 301 URB. SAN JOAQUIN','','20553921458','','','','','2013-12-06','A'),(120981,'INVERSIONES MINERAS PERU S.A.C.','160537','AV. LOS PLATINOS NRO. 299','','20523024711','','','','','2013-12-14','A'),(120982,'PERUVIAN ANDEAN TROUT S.A.C.','050111','CAR. PISCO-HVCA NRO. SN C.CAM CHOCLOCOCHA','','20568513216','','','','','2013-12-23','A'),(120983,'VEGA ROBLES EDGARD TORIBIO','160523','CAL. RIO BRANCO NRO. 2060','','10086460900','','','','','2013-12-23','A'),(120984,'UKUSNA COMERCIAL S.A.C','160513','AV. MALECON DE LA RESERVA NRO. 610','prefe.larcomar','20554461728','','','','','2014-01-14','A'),(120985,'LA CABRERA S.A.C.','160522','AV. GRAU NRO. 1502','','20553417296','','','','','2014-01-14','A'),(120986,'FRIGORIFICO LA COLONIAL SAC','170106','CAL ALFA 199','','20344510874','','','','','2014-01-15','A'),(120987,'ALAMEDA CAFE S.R.L.','160507','Cal.. Isla Santo Tomas.181 Los cedros de villa','MAXIMO-PERUANITO','20555878410','','','','','2014-01-16','A'),(120988,'ESPINOZA RAMIREZ SONIA','160501','JR. MARIANO GOYONECHE Y GAMIO NRO. 166','','10084995644','','','','','2014-01-18','A'),(121021,'AKUY PERU SAC','160523','CAL.Augusto Soto 3573 U POP-condevilla','','20551937624','','','','','2014-07-10','A'),(120990,'MULTIMERCADOS LA COLONIAL SAC','170106','CAL ALFA 199 Parque Internacional','','20551070680','','','','','2014-01-22','A'),(120991,'QUINTEROS ZARZOZA, MARIO RICARDO','160523','AV. 12 DE OCTUBRE NRO. 250 URB. PERU (ENTRE CDRA 36 Y 37 DE AV PERU) LIMA - LIMA','','10086473190','','','','','2014-01-31','A'),(120992,'SANCHEZ YUMPE TEOFILO','','AV. UNIVERSITARIA NRO. 343 URB. CONDEVILLA SEÑOR ET.I (ALT. CDRA 30 AV JOSE GRAN','','10167721899','','','','','2014-02-01','A'),(120993,'CORPORACION EL SECRETO S.A.C.','160537','AV. ANGELICA GAMARRA NRO. 628 URB. LOS NOGALES','','20549258914','','','','','2014-02-25','A'),(120994,'JI TIANJIN','160523','AV. LIMA NRO. 3510 URB. PERU','','15478050744','','','','','2014-02-25','A'),(120995,'G&B SOLUCIONES EMPRESARIALES SAC','160503','Cal.Las Campanillas 294 dpto502Urb.Los Parques de','','20546614019','','','','','2014-03-07','A'),(120996,'INVERSIONES CARNES Y VINOS SAC','160530','Av. Alfredo Mendiola 3698','','20548107173','','','','','2014-03-08','A'),(121023,'CERVECERIAS PERUANAS BACKUS SA','160503','AV. NICOLAS AYLLON NRO. 3986','sr leonidas','20100113610','','','','','2014-07-25','A'),(120998,'CACERES GUERRERO DIANA CAROLINA','160501','JR. MOQUEGUA NRO. 3772 (ALT.CDRA.37 AV.PERU) LIMA - LIMA - SMP','','10446866830','','','','','2014-03-24','A'),(120999,'JOHNSON & JOHNSON DEL PERU S.A','160521','AV. CANAVAL Y MOREYRA NRO. 480 DPTO. 901','LOURDES','20204441007','','','','','2014-03-26','A'),(121000,'MO YUNG TUEN','160523','AV. EDUARDO DE HABICH NRO. 400 URB. INGENIERIA','','10099080529','','','','','2014-03-27','A'),(121001,'FRANQUICIAS H&S SAC','160535','JR. TINTORETTO 185','ELSA FERNANDES','20550325722','','','','','2014-03-31','A'),(121003,'CARRANZA BONILLA DE PIMENTEL LINA FLOR','170106','AV. ARGENTINA NRO. 3093 INT. 5 CENTRO COMERCIAL MINKA','','10086612629','','','','','2014-04-14','A'),(121004,'PIMENTEL CARRANZA LISBEHT ANALI','170106','MZA. G3 LOTE. 1 A.H. BOCANEGRA SECTOR 5 (ALT. CDRA 49 DE AV PERU) PROV. CONST. D','','10410275398','','','','','2014-04-21','A'),(121022,'NIGHT MUSIC','160526','C.C.Caminos del Inca 4to nivel 406','','20549699291','','','','','2014-07-21','A'),(121006,'CORPORACION JIANXING SAC','160535','AV. AVIACION NRO. 2619','','20545716667','','','','','2014-04-22','A'),(121007,'WINNER CHEF S.A.C.','160501','AV. ANGAMOS ESTE NRO. 2482','','20554882588','','','','','2014-04-30','A'),(121017,'BOTTEGA DASSO S.A.C','','CAL. MIGUEL DASSO NRO. 155 LIMA - LIMA - SAN ISIDRO','','20553737878','','','','','2014-06-16','A'),(121008,'RECREATIVOS FARGO SAC','010601','JR. GMO.CACERES NRO. 284','','20526938535','','','','','2014-05-02','A'),(121009,'FOOD SERVICE INVESTMENT S.A.C.','160513','CAL. SAN MARTIN NRO. 399','ELIAS HUMAN -MAITO','20492015165','','','','','2014-05-05','A'),(121010,'SUAREZ CAPCHA ALFREDO LORENZO','160501','AV. OSCAR R BENAVIDES NRO. 2667 URB. LOS CIPRECES (ALT. AV. UNIVERSITARIA Y EX C','','10407236781','','','','','2014-05-07','A'),(121012,'CUBILLAS ROJAS KATYA MIRELLA','160523','Jr Victor navarro #199 A','','10099046096','','','','','2014-05-08','A'),(121013,'DON JULIO SERVICIOS GENERALES S.A.C.','160523','JR. APURIMAC NRO. 3390','','20556978175','','','','','2014-05-17','A'),(121024,'TAN JUAN S.A.C','160526','JR. EL POLO NRO. 366','EL POLO','20551716962','','','','','2014-08-09','A'),(121025,'SERNAQUE LOO EDUARDO AUGUSTO','160526','AV. CAMINOS DEL INCA MZA. 1 LOTE. 1 URB. LAS GARDENIAS','AREQUIPAY','10441950611','','','','','2014-08-19','A'),(121026,'AURORA DEL TRIUNFO S.A.C.','','JR. ALFONSO UGARTE NRO. 201 LIMA - CAÑETE - SAN VICENTE DE CAÑETE','paulo tarzo','20563334445','','','','','2014-09-11','A'),(121027,'INVERSIONES MAJU SAC','160501','AV ARENALES 371','','20307257603','','','','','2014-09-15','A'),(121028,'TRUJILLO CASTILLO CERES SAMAR','','JR. HUANUCO NRO. 3644 URB. PERU LIMA - LIMA - SAN MARTIN DE PORRES','','10474447885','','','','','2014-09-18','A'),(121029,'PEÑA CANDELA WALTER JEANCARLO','160501','AV.BOLIVIA 148','','10098963672','','','','','2014-09-20','A'),(121030,'ZEVALLOS CHIOK ROGER','160529','AV.GRAL GARZON 799','','10429268104','','','','','2014-10-06','A'),(121031,'BONSURCO SAC','160501','Calle. Las Camelias 790 Of. 505 San Isidro','ALDAIR LEVANO','20518658043','','','','','2014-10-11','A'),(121032,'BONAIR SAC','160521','Calle Coronel Andrés Reyes 204 -SAN ISIDRO','ALDAIR LEVANO','20518658981','','','','alevano@bonperu.com','2014-10-14','A'),(121033,'ELIZABETH ESPEJO SUAREZ','170101','AV. BENAVIDES 5016','','10086666044','','','','','2014-10-16','A'),(121040,'HAPPY RESTAURANTE SAC','160523','AV PERU 3690','CHIFA 36','20563166712','','','','','2014-11-14','A'),(121039,'HEMISPHERE SAC','160521','AV.CONQUISTADORES 212','VIVALDI','20470714884','','','','','2014-11-14','A'),(121041,'OLIVER MANZANO CARLOS JOSE','160503','AV. LOS QUECHUAS NRO. 1191 URB. OLIMPO','','15563640721','','','','','2014-11-28','A'),(121042,'DONNER E.I.R.L','','CAL. LAS NORIAS NRO. Q INT. 7 URB. LAS VINAS LIMA - LIMA - LA MOLINA','','20341321787','','','','','2014-12-09','A'),(121045,'CHAVARRY FLORES GUIOMARA','','AV. AVIACION NRO. 3984 LIMA - LIMA - SURQUILLO','','10075138291','','','','','2014-12-10','A'),(121070,'ARJEK  SERVICIOS GENERALES EIRL','160526','AV. CAMINO INCA N° 2122 DTO 301 URB. GARDENIAS','','20600139160','','','','','2015-03-18','A'),(121047,'PERAMAS BRUGMAN NORA MARIA','','AV. AVIACION NRO. 4955 URB. HIGUERETA LIMA - LIMA - SANTIAGO DE SURCO','','10082081572','','','','','2014-12-10','A'),(121048,'INVERSIONES WINDSOR S.A.C.','160501','AV. ARENALES N° 371 - LIMA','','20537493489','','','','','2014-12-11','A'),(121049,'INVERSIONES MERLOT S.A.C','','AV. 2 DE MAYO NRO. 798 URB. ORRANTIA (ALT CDRA 5 AV JAVIER PRADO OESTE) LIMA - L','','20509630128','','','','','2014-12-15','A'),(121050,'WEI XI','160523','AV PERU 3632','ZHEN YU','15509111950','','','','','2014-12-15','A'),(121051,'HAO YUN LAI LAI SAC','160535','AV. AVIACION NRO. 3219 URB. LAS MAGNOLIAS LIMA','aviacion 3219','20566545421','','','','','2014-12-31','A'),(121052,'PIKEOS SAC','160535','AV SAN LUIS 1934 INT 6','','20512467726','','','','','2015-01-08','A'),(121053,'CASA PRIMAVERAL SAC','160523','AV PERU 3844','CHIFA REAL','20565582411','','','','','2015-01-08','A'),(121054,'CAO YANSONG','160524','AV RAFAEL ESCARDO 237 URBANIZACION MARANGA','','15458451092','','','','','2015-01-13','A'),(121264,'YANFENG SU','160523','Av. Peru N° 2157','','','','','','','2017-01-27','A'),(121265,'YANFENG SU','160523','Av. Peru Nro 2157','','15519438302','','','','','2017-01-28','A'),(121266,'CORDOVA PAREDES JOSE','160523','AV. PERU N° 3258','','10062419666','','','','','2017-01-31','A'),(121057,'EMPRESA  BOULEVAR  DEL CAFE SAC','160524','Calle. Chamaya N° 153','','20556934712','','','','','2015-01-22','A'),(121058,'PERAMAS BRUGMAN LIRIA ANGELICA','160526','AV. Aviacion NRO. 4556','','10074833638','','','','','2015-01-27','A'),(121059,'RONALD ENRIQUE PERAMAS B.','160503','AV. LOS QUECHUAS NRO. 1191 URB. OLIMPO','','10074604779','','','','','2015-02-10','A'),(121060,'MM SERVICIOS CORPORATIVOS EIRL','','','','20552478119','','','','','2015-02-11','A'),(121061,'MM SERVICIOS Y EVENTOS  CORPORATIVOS EIRL','160523','JR. Federico Villareal 591 urb. Ingenieria','','20552478119','','','','','2015-02-12','A'),(121062,'HOSPITALITY PERU SAC','160513','Calle. Bellavista Nro 320','','20502591020','','','','','2015-02-19','A'),(121063,'BELLEZA E ILUSION EIRL','100401','CALLE. Mancora 381','','20526235615','','','','','2015-02-20','A'),(121064,'BELLEZA E ILUSION EIRL','100401','CALLE. Mancora 381','','20526235615','','','','','2015-02-20','A'),(121065,'RESERGE SAC','160523','jr CALLAO 187','','20518429524','','','','','2015-02-28','A'),(121066,'Humberto Cordova','160523','Jr. Callao 231','','10063411065','','','','','2015-02-28','A'),(121067,'inversiones 788 SAC','160521','AV RIVERA NAVARRETE N° 788','','20551964516','','','','','2015-03-07','A'),(121068,'INVERSIONES 788 SAC','160521','AV RIVERA NAVARRETE N° 788','','20551964516','','','','','2015-03-07','A'),(121073,'LI JING XIANG','160509','AV, Alaneda del Corregidor 1794','','15535818972','','','','','2015-04-24','A'),(121071,'CUBILLAS ROJAS KATYA','160523','Jr Victor Navarro 199','','10099046096','','','','','2015-03-30','A'),(121072,'LA SALSA SAC','160513','Av. Benavides 208','','20600160894','','','','','2015-04-21','A'),(121074,'GRUPO NOS SAC','160521','Calle Libertadores 350','carlos delgado','20556537551','','','','','2015-04-30','A'),(121075,'MECANICA GENERAL DE VEHICULOS SAC','170106','Av. Dominicos mz f lote 32','','20548081271','','','','','2015-04-30','A'),(121076,'LUO YANG SRL','160521','Av Del parque Sur 123','','20536724851','','','','','2015-05-05','A'),(121077,'QUE RICO SEGUNDO SAC','160509','Av. La Fontana 1227','','20521626969','','','','','2015-05-06','A'),(121079,'MARIE DE LA TOSCANA SAC','160535','Av. Aviacion 3470  Torres de Limatambo','','20524000661','','','','','2015-05-07','A'),(121080,'MARIE DE LA TOSCANA SAC','160535','Av. Aviacion 3470  Torres de Limatambo','','20524000661','','','','','2015-05-07','A'),(121081,'F & B REPRESENTACIONES SAC','160521','Calle: Ernesto Plascencia 146','','20425661109','','','','','2015-05-09','A'),(121082,'F & B REPRESENTACIONES SAC','160521','Calle: Ernesto Plascencia 146','','20425661109','','','','','2015-05-09','A'),(121083,'NUTRIPASION CONCESIONARIOS SAC','160521','Calle: Antequera 871','','20563247127','','','','','2015-05-15','A'),(121084,'Espinoza Castañeda Pedro Justo','160523','Jr; Camana 476','','10085004986','','','','','2015-05-20','A'),(121085,'HALEMA SAC','','Av. Virrey Conde de Lemos 231','','20123316658','','','','','2015-05-25','A'),(121086,'ROSA LISETTE CANO SANTANDER','160521','Calle: Las Oropendolas 440 corpac','','10102211788','','','','','2015-05-27','A'),(121087,'DUAN LIANCAI EIRL','170106','Av; Japon MZ A 1 Lote 10 Los Alamos','','20524856574','','','','','2015-05-27','A'),(121088,'MEGRAFIKA SAC','160523','Jr: Ventura Garcia 3619','','20551767524','','','','','2015-05-27','A'),(121089,'INVERSIONES PAULIDA SAC','160513','Av. Grau 301','','20562827774','','','','','2015-05-28','A'),(121092,'COTRINA SILVA MARIA ELENA','160523','Jr; junin 3922','','10188782588','','','','','2015-06-02','A'),(121091,'HRCLIMA SAC','160526','Av. Javier Prado Este 4200','','20545349656','','','','','2015-05-28','A'),(121093,'VICTOR HUMBERTO MONTENEGRO GARCIA','160523','JR BELLO HORIZONTE 2925','','10085549982','','','','','2015-06-17','A'),(121094,'ENTRETENCIONES CEC PERU S.A','160530','AV Alfredo Mendiola 1400','','20546432841','','','','','2015-06-17','A'),(121095,'AMMD EIRL','160501','Av. Oscar R, Benavides 3130 dpto 503','','20600320921','','','','','2015-06-19','A'),(121096,'DTODO GOURMET SAC','160523','JR  Apurimac 3204','','20513287284','','','','','2015-06-26','A'),(121097,'DOMINGUEZ PALACIOS CESAR VITO','160523','Jr: Federico Villareal 591','','10085267235','','','','','2015-06-29','A'),(121098,'LA CABRERA  MIRAFLORES SAC','160513','Av Enrique Palacios 140','','20563483955','','','','','2015-06-30','A'),(121099,'HOI SIN SRL','160521','Calle amador merino reyna 489','','20102011954','','','','','2015-07-07','A'),(121100,'PIMENTEL CARRANZA LISBETH ANALI','170106','Mz G3 Lote 1 BOCANEGRA','','10410275398','','','','','2015-07-08','A'),(121101,'PIMENTEL CARRANZA LISBETH ANALI','170106','Mz G3 Lote 1 BOCANEGRA','','10410275398','','','','','2015-07-08','A'),(121102,'Entre Cañas  y Bambú  SAC','160526','Calle Doña Rosa 157 Urb. Los Rosales','','20565463838','','','','','2015-07-09','A'),(121103,'LIU YANTING','160529','Horacio Urteaga 1599','','15508106154','','','','','2015-07-11','A'),(121104,'PRODUCTOS ALIMENTICIOS TEJAS EIRL','160526','Jr Loma Umbrosa 334','','20565237668','','','','','2015-07-11','A'),(121105,'CHIFAS DEL PERU SAC','160535','Av. Javier prado este 3510','','20553596441','','','','','2015-07-11','A'),(121106,'Luis Angel Napan Almeyda','160523','Jr PACASMAYO 3502','','10412437115','','','','','2015-07-31','A'),(121107,'MIJIKA S.A.C.','','CAL.MANUEL DEL PINO N° 269 URB. SANTA BEATRIZ','','20549962921','','','','','2015-08-06','A'),(121108,'DELGADO CERDAN ANA MELVA','160523','Jr: Cajamarca 3845','','10166749692','','','','','2015-08-10','A'),(121109,'GRUPO NOS SAC','160513','Av. VASCO NUÑEZ DE BALBOA 660','','20556537551','','','','','2015-08-13','A'),(121110,'GRUPO REWOSA SRL','160535','Av, Aviación 2829','','20512705414','','','','','2015-08-19','A'),(121111,'JOSE DAVID SILVA VELASQUEZ','160523','JR EL CHACO 2881','','10085371679','','','','','2015-08-27','A'),(121112,'WEI ZHEN','160523','AV PERU 3265','','15476216742','','','','','2015-08-31','A'),(121113,'DODERO SAC','160526','Calle Simón Salguero 625','','20513142120','','','','','2015-09-10','A'),(121114,'HOTEL EL TAMBO SAC','160513','AV La Paz 720','','20551529933','','','','','2015-09-11','A'),(121115,'KENETH INTEGRAL SAC','160523','AV PERU 3716','','20600051181','','','','','2015-09-18','A'),(121116,'KENETH INTEGRAL SAC','160523','AV PERU 3716','','20600051181','','','','','2015-09-18','A'),(121117,'DESSERT FACTORY SAC','160523','Jr: Apurimac 3530','','20600655818','','','','','2015-09-30','A'),(121118,'Servicios e Inversiones Patzy SRL','160536','MZ C LOTE 12 SECTOR 1','','20549859472','','','','','2015-10-02','A'),(121339,'Tulpa Catering Servicios Ilimitados SAC','160504','Jr: Yurua Nro 424','','20600910877','','','','','2017-11-23','A'),(121120,'NANSEI SAC','160523','AV, Peru 3645','','20519225221','','','','','2015-11-09','A'),(121121,'INMOBILIARIA DE TURISMO SA','040106','PLAZA MANCO II 123','','20136847237','','','','','2015-11-12','A'),(121122,'INMOBILIARIA DE TURISMO SA','040106','PLAZA MANCO II 123','','20136847237','','','','','2015-11-12','A'),(121123,'CORPORACION BRAVIA SAC','160529','Jr: Luis Sanchez Cerro 1834','','20545207860','','','','','2015-11-17','A'),(121124,'GRUPO CHIFA A TANG SAC','160535','Av. Aviacion 2978','','20550426677','','','','','2015-11-27','A'),(121125,'FERNANDEZ CUYA CLAUDIA LUCIA','160523','Jr Puno 3388','','10477997151','','','','','2015-11-30','A'),(121126,'ZHONG ZHIHONG','160523','Av Peru 3638','','15510551441','','','','','2015-12-01','A'),(121127,'OLANO DE LOAYZA JOSE ADRIAN','160526','Calle Ciro Alegria 235 dpto 101','','10742328495','','','','','2015-12-04','A'),(121128,'TIMPU Y LOMO SAC','160535','Av. Javier Prado Este 3510','','20502783441','','','','','2015-12-08','A'),(121129,'TAM LIM PAHM','160535','AV San Luis 1974','','15109334631','','','','','2015-12-11','A'),(121130,'PANADERIA DE AGUSTIN SAC','160522','AV, EL SOL 598','','20508970014','','','','','2015-12-11','A'),(121131,'raymond','160701','deretenao 171','rrrr','20466588840','1234567','123456789','www.effinet.com.pe','www.effinet.com.pe','2015-12-17','A'),(121132,'SUSHIPOP LA MOLINA SAC','160526','','','20566099544','','','','','2015-12-22','A'),(121133,'SUSHIPOP LA MOLINA SAC','160526','Av. El polo 740 Int. 309A','','20566099544','','','','','2015-12-22','A'),(121134,'FQ INGENIEROS SAC','160537','Calle: Shiuas 942 Urb. Covida','','20516775018','','','','','2015-12-22','A'),(121135,'COLOGISTIC SAC','170106','Av, los cedros mzA LOTE 25','','20549945245','','','','','2015-12-23','A'),(121136,'COLOGISTIC  PERU SAC','','Av. Los Cedros Mz A lOTE 25','','20549945245','','','','','2015-12-23','A'),(121137,'SHI SHENGZHI','160510','Callle Francisco de Zela 1522','','15511340796','','','','','2015-12-28','A'),(121138,'CORPORACION ALEMANA DE ALIMENTOS SAC','160503','Av. Michael Faraday 519 Urb. Industrial Santa Rosa','','20600302346','','','','','2015-12-28','A'),(121139,'ABANTO JIMENO JOE WILDER','160523','Jr: ISOLINA SOTO 639','','15386023147','','','','','2015-12-30','A'),(121140,'LOURDES JACKELINE FERNANDEZ CARBAJAL','160523','Jr: Huancavelica 4181','','10408539744','','','','','2015-12-31','A'),(121141,'FU YI CORPORATION SAC','160535','Av, Aviacion 2816','','20551617557','','','','','2016-01-04','A'),(121142,'CORPORACION BETAK SAC','160535','Av. Aviacion 2588','','20563615614','','','','','2016-01-08','A'),(121143,'Tulpa Catering Servicios Ilimitados SAC','160515','Calle: Principe 190','','20600910877','','','','','2016-01-12','A'),(121144,'Union de Cervecerias Peruana Backus y Jhonston SA','160503','Av. Nicolas Ayllon 3986','','20100113610','','','','','2016-01-14','A'),(121145,'LIU ZHOU SAC','160529','Jr: Manuel Segura 119','','20548937010','','','','','2016-01-27','A'),(121146,'YAHAIRA ROSA SAAVEDRA OSORIO','160510','CALLE: FRANCISCO LAZO 2040','','10454521809','','','','','2016-02-03','A'),(121148,'Sabor y Pasion Soluciones Alimentarias SAC','170106','Av. Corpac 200','','20546468446','','','','','2016-02-08','A'),(121149,'Inversiones Wave SAC','160521','Av. Conquistadores 1238','','20600440684','','','','','2016-02-22','A'),(121150,'NONNA ANNA EIRL','160510','Jr: Francisco Masias 2698','','20255964985','','','','','2016-03-04','A'),(121151,'Turismo El Tambo SAC','160513','Av. La Paz 1276','','20515601164','','','','','2016-03-05','A'),(121152,'Gan Enterprises SAC','160535','Av San Luis 1996','','20601063221','','','','','2016-03-08','A'),(121153,'Inversiones Keyin SAC','160529','Jr: Pablo Bermudez 256','','20550899222','','','','','2016-03-11','A'),(121154,'Mirella del Rosario Ugaz Urviola','160526','Av. Velasco Astete 2244','','10455993593','','','','','2016-03-12','A'),(121155,'Victor Humberto Montenegro Garcia','160523','J: Bello Horizonte 2925','','10085549982','','','','','2016-03-12','A'),(121156,'Blue Marlin Beach Club S.A','160513','Av. 28 de Julio Nro 151','','20205605500','','','','','2016-03-15','A'),(121157,'J&C GUSTOS Y SABORES','160537','Jr: El Amargon 3896','','20600792661','','','','','2016-03-18','A'),(121158,'Inversiones Agro-Frut E.I.R.L','170101','Calle: Humbolt 108 Urb. San Jose','','20491935058','','','','','2016-03-18','A'),(121159,'Aroma Gourmet Catering SAC','160524','Av Los Patriotas 155 Dpto 304','','20554083782','','','','','2016-03-19','A'),(121160,'INVERSIONES YUS 2 SAC','160529','Av. Natalio Sanchez 219','','20546934862','','','','','2016-03-22','A'),(121161,'CLUB NACIONAL','160501','Jr de la Union 1016','','20100261562','','','','','2016-03-28','A'),(121162,'BABARCZY RAMIREZ JOSE LUIS','160526','Av. Camino del Inca Mz Z4 Lote 23','','10108666884','','','','','2016-03-31','A'),(121165,'Cespedes Cabrera Vda de Huamani','160523','Jr: Andahuaylas 310','','10085668612','','','','','2016-04-22','A'),(121166,'Freddie Wu SRL','160529','Av. Arnaldo Marquez 1601','','20117333958','','','','','2016-04-22','A'),(121167,'Anggie Lucia Durand Zavala','160526','AV. AYACUCHO NRO. 180 DPTO. 201 URB. LOS ROSALES','','10728411096','','','','','2016-04-30','A'),(121168,'HANNY TRATTORIA SAC','170101','Av.Oscar Benavides 4816 Urb.','','20600485408','','','','','2016-05-02','A'),(121169,'Vaccari Silva Pieranyeli Antonella','170101','Av. Oscar Benavides 4822','','10421652258','','','','','2016-05-02','A'),(121170,'CONTRANS SAC','170106','Av Oquendo MZ H','','20514842079','','','','','2016-05-02','A'),(121171,'INGESGAS SAC','170106','Calle 2 mz A Lote 6 Urb 200millas','','20565237315','','','','','2016-05-02','A'),(121172,'Universidad de San Martin de Porres','160526','Calle Golf los Incas 154','','20138149022','','','','','2016-05-03','A'),(121173,'Mediterranea Catering SLU Sucursal Peru','160521','Av. Riverra Navarrete 765 dpto 102','','20565557735','','','','','2016-05-09','A'),(121174,'INVERSIONES STARGAMES SAC','160519','Jr: Trujillo 315','','20513433795','','','','','2016-05-18','A'),(121175,'JP14 DISTRIBUCIONES SAC','160515','CAL.TORIBIO ARA NRO. 221','','20600363566','','','','','2016-05-19','A'),(121176,'CARNES Y PAPAS SAC','160513','Av Vasco Nuñez de Balboa 285','','20505797516','','','','','2016-05-20','A'),(121177,'CILINDRO S ZAYURI EIRL','160530','Calle Las Magnolias 154 El Ermitaño','','20600961714','','','','','2016-05-21','A'),(121178,'H.C.S La Retama SAC','160529','Resid San Felipe S/N Int 40','','20510894643','','','','','2016-05-23','A'),(121179,'Distribuidora Gases Product s SAC','160501','Psje: Aurelio Garcia y Garcia 162','','20600229801','','','','','2016-05-23','A'),(121180,'Comercializadora Shaddai EIRL','170106','Calle: 19 de enero Mz I Lote 368 Gambeta','','20524675511','','','','','2016-05-27','A'),(121181,'Comercializadora Shaddai EIRL','170106','Calle: 19 de enero Mz I Lote 368 Gambeta','','20524675511','','','','','2016-05-27','A'),(121182,'Comercializadora Shaddai EIRL','170106','Calle: 19 de enero Mz I Lote 368 Gambeta','','20524675511','','','','','2016-05-27','A'),(121183,'Barbachan Hernandez Jacqueline Briggitte','160503','Av. Loa Virreyes Mz A lOTE 10','','10444154085','','','','','2016-05-31','A'),(121184,'CRESPO ARANA JOEL','160521','Av. Petit Thouars 3875','','15473650310','','','','','2016-06-01','A'),(121185,'VSD Alimentos y Bebidas EIRL','160513','Pq. Armendarin 119 Dpto 2B','','20511555729','','','','','2016-06-02','A'),(121186,'GRUPO SION SAC','160537','Calle: Antonio Moreno Mz 2 Lote 22','','20549593896','','','','','2016-06-04','A'),(121187,'WOK Q ANDO','160537','Av. Antunez de Mayolo 968','','20600974107','','','','','2016-06-14','A'),(121188,'ACQUA E FARINA SAC','160513','Av. Vasco Nuñez de Balboa 285','','20555721511','','','','','2016-06-14','A'),(121189,'BETZAR ENTERTAINMENT SAC','160513','Av. Larco 730 Dpto302','','20554238573','','','','','2016-06-14','A'),(121263,'Lucet SAC','160524','Av. universitaria Nro 880','','20601329256','','','','','2017-01-21','A'),(121191,'KARIOKA EVENTOS SAC','160529','Av. Brasil 1745 Dpto. 106','','20556546976','','','','','2016-06-23','A'),(121192,'GDP SUPER GROUP SAC','160513','Av. Larco 734','','20506250103','','','','','2016-06-28','A'),(121193,'POLLOS EL CERRO SA','160526','Av. Club Golf Los Incas 498','','20337093826','','','','','2016-06-30','A'),(121194,'STP PERU SAC','170106','Av Peru mzD5 LOTE 7 Bocanegra','','20543770966','','','','','2016-07-15','A'),(121195,'CAO SHUSEN','160523','Av. Peru 2454','','15547127070','','','','','2016-07-19','A'),(121196,'RONG MANLING','160503','Av. Los Quechuas 1385 Dpto 101 ate','','15551845424','','','','','2016-07-23','A'),(121197,'EMPRESA LA PAGODA SAC','160521','AV. JAVIER PRADO NRO. 402 LIMA','CHIFA LA PAGODA','20601254116','','','','','2016-08-03','A'),(121261,'Corporacion de Antojos Peruanos SAC','160521','Av. Dos de mayo Nro 905','','20545265398','','','','','2017-01-16','A'),(121199,'ANICAMA CASTRO MARIA','160523','Jr: Rio Branco 2557','','10426061991','','','','','2016-08-12','A'),(121200,'Nuevo Mundo Lima Hotel SAC','160521','Av. Felipe Pardo y Aliaga 330','','20538129616','','','','','2016-08-18','A'),(121201,'Servicios de Call Center del Peru SA','160501','Jr Camana 678 3er piso','','20519395224','','','','','2016-08-19','A'),(121202,'Inversiones Liu Cam SAC','160512','Jr Libertad 1202','','20565659228','','','','','2016-08-20','A'),(121203,'ATG ANTICUCHOS EIRL','160507','Av. Matellini Ariosto 162','','20392926292','','','','','2016-08-25','A'),(121204,'EXITEC SAC','160537','Av. Antunez de Mayolo 900 Urb Mercurio','','20501618897','','','','','2016-08-26','A'),(121205,'Operador Nacional de Hoteles del Peru SAC','160513','Av. 28 de Julio N° 151','','20600873521','','','','','2016-09-07','A'),(121206,'Gran Marvel SAC','160527','Av Angamos Este 2482','','20557369369','','','','','2016-09-08','A'),(121216,'PATZY SAC','160536','Grupo 01 MZ C LOTE 12 SECTOR 08','','20600819705','','','','','2016-09-23','A'),(121207,'ASIA LA CIMA EIRL','160521','Calle Manuel Fuentes Nro 671','','20601832667','','','','','2016-09-09','A'),(121208,'EMPROCAR PERU SAC','160511','Mz T Lote 13 Urb. Los Claveles','','20601093635','','','','','2016-09-10','A'),(121209,'La Gran Republica SAC','160527','Av. Republica de Panamá 5415','','20600331460','','','','','2016-09-10','A'),(121210,'Inversiones y Negocios LO.RE. SAC','170101','Av. Oscar Benavides 3866 Urb. El Aguila','','20600611756','','','','','2016-09-12','A'),(121211,'David B. Rujel Tavara','160505','Av. Santo Domingo Mz G Lote 8','','10102507725','','','','','2016-09-12','A'),(121212,'Kuon Wha SAC','160529','','','20180099604','','','','','2016-09-12','A'),(121213,'UN SABOR DIFERENTE SAC','160501','Calle Manuel Del Pino 269','','20602997457','','','','','2016-09-15','A'),(121214,'DOBLE FELICIDAD SAC','160526','Av. Alfredo Benavides 4437 Urb Alborada','','20600608267','','','','','2016-09-15','A'),(121215,'L.L.SAC','160532','Jr Maximiliano Carranza 530 Urb San Jose','','20547018533','','','','','2016-09-19','A'),(121217,'CHARLOTTE PLAZA NORTE S.A.C','160530','Av. Alfredo Mendiola 1400 Dpto R111 Urb: Panamericana Norte','','20565581954','','','','','2016-09-28','A'),(121218,'Restaurante Chifa Buena Fortuna S.A.C','160526','Av. Benavides 5217','','20144400977','','','','','2016-09-30','A'),(121219,'CAO & CAO INVESTMENT SAC','160524','Av Rafael Escardo 303 Urb. Maranga','','20601412307','','','','','2016-10-04','A'),(121220,'Restaurante Chifa Continental','160510','Jr: Bernardo Alcedo 460','','10079153244','','','','','2016-10-04','A'),(121358,'Villasis Marichi Charles Armando','160508','Jr: Andahuaylas Nro 311','','10404627134','','','','','2018-02-20','A'),(121222,'VILLAFAMA ASCENCIO GABRIELA','160523','Av, Pacasmayo 3504','','10432011327','','','','','2016-10-18','A'),(121223,'Sal y Caramelo S.A.C','160521','Calle: Burgos N°310','','20556746550','','','','','2016-10-19','A'),(121225,'DISTRIBUIDORA BACHI EIRL','160101','Av. Jorge Chavez N°273','','20509530921','','','','','2016-10-20','A'),(121361,'RAM Industries sac','160501','Av, Colonial 1050','','20518634373','','','','','2018-03-07','A'),(121227,'LA IMPARCIAL S.A','160513','Av. Ricardo Palma N° 322','','20100999278','','','','','2016-10-24','A'),(121228,'Juan Ernesto Barbieri Mejia','160523','Jr : Ica N° 3631','','10415507327','','','','','2016-10-26','A'),(121229,'15418101901','160504','Jr Pomabamba NÃ�Â°135','','15418101901','','','','','2016-10-29','A'),(121230,'IDA ARANGUEZ FONSECA','160501','Jr: Ucayali NÃ�Â°649 Int. 28 Mercado Ramon Castilla','','10095144794','','','','','2016-10-29','A'),(121231,'SU JIANG KIN LAU','160521','Calle: Las Camelias NÂ° 860','','15118113290','','','','','2016-11-03','A'),(121232,'CHIFA KAM YUEN','160537','Av. Los Proceres 7784 urb Pro','','15126990186','','','','','2016-11-04','A'),(121233,'Chen Jun Qian','160513','Av. Larco 1145','','15253351982','','','','','2016-11-09','A'),(121234,'Inversiones PCH Corporation SAC','160509','Av. los Constructores  N° 169','','20552614314','','','','','2016-11-11','A'),(121235,'MANAY LANDA MAURICIO MARTIN','160505','Jr: 1 N° 351 Urb. Carabayllo','','10083908624','','','','','2016-11-11','A'),(121404,'Administracion de Alimentos y Servicios REI EIRL','160543','Calle Los Rubies Nro 1973','','20601298091','','','','','2018-10-16','A'),(121237,'Jimenez Soriano Ricardo Alfredo','160523','Jr: Thomas Cochrane 3617','','10098935466','','','','','2016-11-23','A'),(121238,'Corporacion de Alimentos Delta SAC','160512','Av. Juan de Aliaga 401','','20506576637','','','','','2016-11-24','A'),(121240,'CHIFA KONG SANG SRL','160535','Av. A. de la Rosa Toro N°1078','','20307801087','','','','','2016-11-25','A'),(121241,'Su Jiang Kin Lau','160521','Calle: Las Camelias N° 860','','15118113290','','','','','2016-11-25','A'),(121242,'YDA ARANGUEZ FONSECA','160501','Jr Ucayali 649 inte 28 Mercado Central','','10095144794','','','','','2016-11-25','A'),(121243,'Sociedad Suizo Peruana De Embutidos','160105','Cr. Panamericana Norte KM 84','','20136974697','','','','','2016-11-26','A'),(121244,'ADNECA INTERNACIONAL SAC','160535','Av. Aviacion 3144','','20511064237','','','','','2016-11-29','A'),(121245,'Inst. Nac. Enfer.Neoplasicas','160527','Av. Angamos Este 2520 Urb. Calera de la Merced','','20514964778','','','','','2016-12-01','A'),(121246,'Empresa He s SAC','160508','Av. 28 de julio N° 2170','','20537874873','','','','','2016-12-05','A'),(121247,'Produccion Integral y Gestion Gastronimica SAC','170106','Mza: N Lote 8 Urb: Santa Rosa','','20600979991','','','','','2016-12-05','A'),(121248,'OSSOSI SAC','160521','Calle: Las Camelias N° 790 Int. 505','','20600968948','','','','','2016-12-14','A'),(121249,'G.D.S DEL PERU SAC','160524','Calle Martin de Murua 150','','20508669632','','','','','2016-12-14','A'),(121362,'Grupo Alqamari S.A.C','160521','Av. Augusto Perez Aranibar Nro 1147','','20601954673','','','','','2018-03-17','A'),(121250,'CHEN ZHIXIONG','160524','Av. Rafael Escardo Nro 635 Urb.Maranga','','15512806527','','','','','2016-12-15','A'),(121252,'YEPYE SAC','160522','Av. Republica de Panamá N° 6606','','20553062811','','','','','2016-12-17','A'),(121253,'Zhong Zhaowang','160507','Jr. Emilio Sandoval N° 121','','15513730818','','','','','2016-12-29','A'),(121254,'Llacza Espiritu Nelson Eduardo','160523','Jr: Ica 3381','','10091502823','','','','','2016-12-31','A'),(121255,'MARDIGRAS SAC','160513','Av. Jose A. Larco N° 734','','20601331463','','','','','2017-01-05','A'),(121256,'XIE CHON SHAO YING','160510','Jr: Domingo Cueto N°115','','15206759850','','','','','2017-01-06','A'),(121257,'LEI HUANLAN','160504','Jr: Pomabamba N° 135','','15418101901','','','','','2017-01-06','A'),(121258,'FELIX RAUL LA TORRE VALLADARES','170106','Av, Los Insurgentes  N° 2061','','15333231589','','','','','2017-01-07','A'),(121259,'PAOLO PETER PIEDRA PADILLA','160537','Av. Alfa MzA LOTE 18','','10258362026','','','','','2017-01-07','A'),(121260,'INVERSIONES ERDAM SAC','160535','Av. San Luis N°1974','','20563325705','','','','','2017-01-10','A'),(121267,'EDWIN VELASQUEZ MONDRAGON','170106','Av. Villas de Oquendo Mz A Lote 21','','10806532628','','','','','2017-02-01','A'),(121270,'Inversiones & Asociados Jian Fu SAC','160507','Cal. Emilio sandoval carrion  121','','20601862451','','','','','2017-02-14','A'),(121271,'INVERSIONES CONCETI SAC','160524','Jr: Paititi N° 386 Urb. Maranga','','20557391020','','','','','2017-02-18','A'),(121272,'HUANG QIAOXIN','160507','Av. Huaylas N° 762','','15506313039','','','','','2017-02-21','A'),(121273,'LIN HUIHONG','160523','Av. 12 de octubre N°469','','15470658875','','','','','2017-02-21','A'),(121274,'GAN DE WONG HUI QUIONG','160501','Av. Argentina 344','','15501680181','','','','','2017-02-22','A'),(121275,'Cordova Donayre Teodoro','160523','Av, Perú N° 3250','','10255953929','','','','','2017-02-24','A'),(121276,'Empresa de Proyectos, Inversion, Servicicos y Consultorias SAC','160529','Calle: Natalio Sanchez N° 219','','20601546818','','','','','2017-03-09','A'),(121277,'MALASAÑA SAC','160513','Calle Manuel Bonilla N° 126','','20550380821','','','','','2017-03-14','A'),(121278,'Procesadora de Alimentos TI-CAY SRL','160543','Calle: 7 MZ j lote 3 Urb. Campoy','','20100171229','','','','','2017-03-16','A'),(121279,'BRAVO CABALLERO CYNTHIA MIREYA','160523','AV. Aguirre Soto 3575 Condevilla','','10446300801','','','','','2017-03-16','A'),(121280,'Solutions Logistics A&J EIRL','160523','Jr: Huancayo 316','','20566070058','','','','','2017-03-18','A'),(121281,'QUALITY BEEF SAC','160537','Calle; Huarmey MZ E LOTE 15C Urb. Covida','','20600858352','','','','','2017-03-22','A'),(121282,'Roberto Silva Herrera','160501','Av. Universitaria N° 1215','','10081585500','','','','','2017-03-29','A'),(121283,'LA CROSSARIOLE EIRL','160524','Av. Rafael Escardo NÃ�Â° 771','','20509778974','','','','','2017-04-07','A'),(121284,'MECANICA GENERAL DE VEHICULOS SAC','170106','Av. Los Dominicos Mz A Lote 32','','20548081271','','','','','2017-04-07','A'),(121285,'Boluarte Garcia Cesar Augusto','160523','Av. Mariano Ignacio Prado N° 3430','','10066824174','','','','','2017-04-08','A'),(121287,'LA CROSSARIOLE EIRL','160524','Av. Rafael Escardo N° 711','','20509778974','','','','','2017-04-11','A'),(121288,'Manuel Fernando Alva Gordillo','160101','Urb: Ponce Canessa Mz A Lote 13','','10159496860','','','','','2017-04-11','A'),(121289,'PASHA GLOBAL PERU SAC','160504','Av. Alfonso Ugarte N° 1226','','20601312094','','','','','2017-04-12','A'),(121290,'CATER PERU SAC','160521','Calle: Chinchon N°941','','20551935508','','','','','2017-04-13','A'),(121291,'TAFFYSTOP','160523','Jr: Chachapoyas N° 468 Alt. 34 Av Peru','','20554748423','','','','','2017-04-25','A'),(121292,'HUARIPATA VERGARA ROSA MARIA','160523','Av: Perú N° 2480 Int. A','','10420980316','','','','','2017-04-29','A'),(121293,'Construcciones Metalicas P.M SAC','160523','Jr: Camaná N° 755','','20555831537','','','','','2017-05-03','A'),(121294,'JI TIANJIN','160523','Av. Lima N°3510 URB Perú','','15478050744','','','','','2017-05-08','A'),(121295,'LAZO BARRIENTO MABEL DORIS','160523','Jr Moquegua 3677','','10105871100','','','','','2017-05-13','A'),(121296,'CESINAS Y AHUMADOS J.E. SAC','170105','Av. Central Lote 4 Sector 10','','20520609742','','','','','2017-05-18','A'),(121360,'Consermant SAC','160513','Av. Jorge Chavez Nro 194','','20546369545','','','','','2018-03-06','A'),(121359,'MIANGEL SOLUCIONES SRL','160523','Jr: Fortunato Herrera 3922','','20600264258','','','','','2018-03-05','A'),(121298,'Inversiones A. Umarol EIRL','160524','Av. Rafael Escardo N° 711','','20547254776','','','','','2017-05-25','A'),(121299,'HOSPITAL NACIONAL DOS DE MAYO','160501','Av. GRAU N° 1300','','20160388570','','','','','2017-05-31','A'),(121300,'HOI YI SAC','160535','Av. Aviacion 2576','','20601826926','','','','','2017-06-01','A'),(121301,'Pedro Casas Comercializadora SAC','160524','Pj: Cerro Azul Nro 110 Urb Luis German Astete','','20601776023','','','','','2017-06-01','A'),(121302,'LIU HE YAN ZHEN','160513','Av. El Ejercito Nro 852','','15269125478','','','','','2017-06-05','A'),(121303,'DOS ALONDRAS SAC','160529','Av. Gregorio Escobedo Nro 856','','20601677505','','','','','2017-06-06','A'),(121304,'RONG WEI SAC','160513','Calle : Dos de Mayo Nro 781','','20552991371','','','','','2017-06-07','A'),(121305,'EN MA WAL EIRL','170101','Calle: Omega 137 Parque, Inte. de Indistria y Come','','20602170544','','','','','2017-06-08','A'),(121306,'Julio E. Manrique Yujcre','160501','Av. Tingo Maria Nro 1292','','10060641931','','','','','2017-06-19','A'),(121307,'Universidad San Ignacio de Loyola S.A','160509','Av. La Fontana Urb; San Cesar','','20297868790','','','','','2017-06-19','A'),(121308,'KU IOK CHAN','160526','Calle: Mercaderes Nro: 322','','15341011911','','','','','2017-06-29','A'),(121309,'D Marias Promotora de Eventos SAC','160523','Av. Peru Nro 2817','','20601977983','','','','','2017-06-30','A'),(121310,'Nueva Era Cao EIRL','160524','Av. Rafael Escardo Nro 237 Urb: Maranga','','20601412145','','','','','2017-07-04','A'),(121311,'SAN WHA LEON JO SAC','160510','Av: Arenales Nro 2048','','20563125528','','','','','2017-07-04','A'),(121312,'KARIM Y NAYDU SAC','160527','Calle: Maria Dartnell  Nro: 153','','20520733834','','','','','2017-07-04','A'),(121313,'Inst. Nacional de Ciencias Neurologicas','160501','Jr: Ancash Nro: 1271','','20131380012','','','','','2017-07-07','A'),(121314,'Inversiones Latinoamericana Valentina SAC','160508','Prog: Huanuco Nro; 1707 Int. 900 Urb: El Porvenir','','20601698057','','','','','2017-07-07','A'),(121315,'THIENTHONG DE TORRES BANJERD','160510','Jr: Bernardo Alcedo Nro: 460','','10478785661','','','','','2017-07-07','A'),(121316,'EJIMEX SAC','160504','Calle: Manoa Nro: 455 urb: Chacra Colorada','','20549714944','','','','','2017-07-19','A'),(121317,'UNION GASTRO SAC','160535','Av. San Borja Nro 401','','20600426673','','','','','2017-07-22','A'),(121318,'BUPASI SAC','160504','Calle: Manoa Nro: 455 urb: Chacra Colorada','','20601381002','','','','','2017-07-27','A'),(121319,'Solis Granados  Yessica','160523','Jr: Juan Luis Hague Nro: 3624','','10406675713','','','','','2017-07-31','A'),(121320,'YOUBANG SAC','160523','Av. Peru Nro 2099','','20600777701','','','','','2017-08-03','A'),(121321,'HOSPITAL NACIONAL CAYETANO HEREDIA','160523','Av. Honorio Delgado Nro: 262','','20154528971','','','','','2017-08-03','A'),(121322,'Ferruzo Gavilano Perla Paola','170101','Av. San Jose Nro 232','','10257289601','','','','','2017-08-23','A'),(121323,'EN MA WAL EIRL','170106','Calle: Omega 137  Parque Internacional de Ind. y Comercio','','20602170544','','','','','2017-08-26','A'),(121324,'EN MA WAL EIRL','170106','Calle: Omega 137  Parque Internacional de Ind. y Comercio','','20602170544','','','','','2017-08-26','A'),(121325,'Inversiones AAQCH EIRL','160529','Av. Arenales Nro 798','','20600459628','','','','','2017-08-28','A'),(121326,'Villena Acuna Gloria Teodora','160523','Jr Diez Canseco Nro 3509','','10099122574','','','','','2017-09-02','A'),(121327,'Lopez Perez Luz Angelica','160523','Av Pacasmayo Nro 4093','','10008690567','','','','','2017-09-04','A'),(121328,'CHEF EN SU CASA PERU SRL','170106','Av: De los Insurgentes Nro 2061','','20602360297','','','','','2017-09-09','A'),(121329,'HOTEL EL PRINCIPE SAC','170106','Jr: Gustavo Pons Musso Nro: 128','','20600447417','','','','','2017-09-22','A'),(121330,'BOCUSE EIRL','160526','Calle:Marquez de Guadalcazar Nro 302','','20545390532','','','','','2017-09-25','A'),(121331,'INVERSIONES DVALLY SRL','160510','Calle: Los Jazmines Nro 465','','20601724121','','','','','2017-09-29','A'),(121332,'LE SHENG INVERSIONES SAC','160510','Av. Arenales Nro1798','','20514754293','','','','','2017-10-05','A'),(121333,'LI GUIQIU','160501','Av. Mariscal Oscar R. Benavides Nro 2353','','15510174639','','','','','2017-10-05','A'),(121334,'YAN FENG SU','160523','Av. Peru Nro 2157','','15519438302','','','','','2017-10-13','A'),(121335,'CINCO MILLAS SAC','160522','Av. Saenz Pena Nro 203','','20509076945','','','','','2017-10-27','A'),(121336,'OLIVERA CORREA KARLA FABIOLA','160523','Jr: Apurimac Nro 3515','','10412905160','','','','','2017-11-06','A'),(121337,'Papachos Restaurantes  SAC','160522','Av. Saenz Pena Nro 203','','20544622804','','','','','2017-11-06','A'),(121338,'Empresas.Trasp. de Carga y Servi. Cubillas SAC','160523','Calle: Clementre Palma Nro 257 Condevilla','','20565234642','','','','','2017-11-18','A'),(121340,'WEI  TAO','160537','Av. Av. Central MzG Lote 4','','15471227592','','','','','2017-11-30','A'),(121341,'SUPRA LICO SAC','160514','Calle: 4 Mza F Lote 142 Urb; Casa Blanca','','20468944139','','','','','2017-11-30','A'),(121342,'Hotelera El Bosque S.A.C','160521','Av. Paz Soldan Nro 190','','20507380515','','','','','2017-11-30','A'),(121343,'Inversiones EFCHC EIRL','160521','calle: Chinchon Nro 705','','20600451325','','','','','2017-12-15','A'),(121403,'Edwin Angelo Barrios Falcon','160523','Jr Ayacucho Nro 3001','','10209013776','','','','','2018-10-16','A'),(121345,'Nelson Llacza Espiritu','160523','Jr: Ica Nro 3381','','10091502833','','','','','2017-12-23','A'),(121346,'G.D.S del Peru SAC','160524','Calle: Martin de Murua Nro 150 of 801','','20508669632','','','','','2017-12-23','A'),(121347,'Caceres Guerrero Diana','160523','Jr Moquegua Nro 3772','','10446866830','','','','','2017-12-28','A'),(121348,'Buffet Urbano SAC','160510','Jr: Coronel Leon Velarde Nro 120 piso 2','','20602220177','','','','','2017-12-29','A'),(121349,'WYCH Inversiones SAC','160526','Calle. El Boulevard Nro 180 Int. 601','','20425476115','','','','','2018-01-05','A'),(121350,'Chifa Wong Corporation SAC','160526','Av. La Encalada Nro 531 Urb: Monterrico','','20602708382','','','','','2018-01-06','A'),(121351,'CESAR AUGUSTO BERNABE PEREZ','160523','AV. PERU 3337','','10096032311','','','','','2018-01-29','A'),(121352,'MAN YON KAM','160512','JR. LEONCIO PRADO CDRA 7 NRO. . INT. 266','','15600593193','','','','','2018-01-31','A'),(121353,'INVERSIONES YANINA QR E.I.R.L.','160505','AV. SANTO DOMINGO MZA. A LOTE. 12 APV. SAN FRANCISCO DE CARABAYLLO','','20602087191','','','','','2018-02-06','A'),(121354,'TAFFYSTOP S.A.C.','160523','JR. CHACHAPOYAS NRO. 468 URB. PERÚ','','20554748423','','','','','2018-02-10','A'),(121363,'Munive Dios Jhonatan Ely','160526','Calle: Fernando Castrat Nro 688','','10429729845','','','','','2018-03-20','A'),(121357,'WYCH INVERSIONES SAC','160526','CAL.EL BOULEVARD NRO. 180 INT. 601','','20425476115','','','','','2018-02-13','A'),(121364,'Provelino SRL','160537','Jr: 17 de Diciembre Nro 241 Urb Covida','','20101346766','','','','','2018-04-12','A'),(121365,'Grupo Huayta Wanka SAC','160508','Av. Javier Prado Este Nro 1405','','20507913785','','','','','2018-04-20','A'),(121366,'B&A TECNOLOGIA E INGENIERIA SAC','160523','Jr: Puno Nro 3156','','20563406535','','','','','2018-04-28','A'),(121367,'ALEJUANDRO MIGUEL LAM LI','160523','Jr: Huanuco Nro 3450','','10106219902','','','','','2018-04-30','A'),(121368,'Sebastian Campos Segundo','160523','Av. Lima Nro 3542 Pto 108','','10449603741','','','','','2018-05-08','A'),(121369,'Garcia Arizmendi Mercedes Hermilia','160523','Jr Apurimac Nro 3613','','10086396772','','','','','2018-05-12','A'),(121370,'Universidad Nacional Mayor de San Marcos','160501','Calle German Amezaga Nro 375','','20148092282','','','','','2018-05-17','A'),(121372,'ORIENTAL CONQUISTADORES SAC','160513','Calle: Lino Alarco Nro 204 Urb Chacarilla','','20600751230','','','','','2018-05-18','A'),(121373,'RETAIL SERVICE SAC','160521','Calle: Camelias Nro 790','','20536218999','','','','','2018-05-23','A'),(121374,'FATCOM SAC','160526','Av. Mariscal Castilla Nro 276','','20602356648','','','','','2018-05-26','A'),(121375,'Suat Fumigacion Ambiental SAC','160523','Jr: Iquitos Nro 757','','20551687920','','','','','2018-05-28','A'),(121376,'Inversiones M6 SAC','160535','Av. Javier Prado Este Nro 3510','','20538715931','','','','','2018-06-01','A'),(121377,'IMPETU ARCOIRIS SAC','160524','Calle:m Padre Urraca Nro 255 Urb. Maranga','','20600195906','','','','','2018-06-09','A'),(121378,'Servicios Hoteleros EIRL','160513','Av. Comandante Espinar Nro 523','','20213529774','','','','','2018-06-15','A'),(121379,'ARIAS CARAHUANCO SANDRA YULISSA','160529','Horacio Ortega 1599','la chinita','10740340463','','','','','2018-06-18','A'),(121380,'Chen Peihong EIRL','170106','Av. Alejandro Bertello Mz A Lote 10','','20602987958','','','','','2018-06-23','A'),(121381,'GRUPO A.N.B SAC','160512','Jr: Gerasimo Garcia Nro 220','','20601739667','','','','','2018-06-28','A'),(121382,'Pollos La Castellana SAC','160526','Av. Caminos del Inca MZ A D3 Lote 8-12','','20535963470','','','','','2018-07-03','A'),(121383,'Cuentas Eduardo Monica Elizabeth','160523','Jr: Huancavelica Nro 3413','','10077505577','','','','','2018-07-03','A'),(121384,'Nutripasion  SRL','160521','Parque Antequera Nro 871','','20554727345','','','','','2018-07-06','A'),(121385,'Pollos El Prado SAC','160509','Av. Javier Prado Este Mz B5 Lote 1-2','','20510830246','','','','','2018-07-11','A'),(121386,'Alimentos Wakke SAC','160524','Jr: Ayacucho Nro:923 Urb. Pando','','20603320442','','','','','2018-07-14','A'),(121387,'BARBACOA SERVICIOS SAC','160522','Av. Almirante Miguel Grau Nro: 1450','','20602996566','','','','','2018-07-16','A'),(121388,'Pollos El Acantilado S.A','160513','Malecon de la Reserva  Nro 610','','20430040180','','','','','2018-07-17','A'),(121389,'Operaciones Turisticas Peruanas SAC','160513','Calle: Colon Nro 115','','20552522207','','','','','2018-07-20','A'),(121390,'Centro Naval del Peru','160535','Av. Esq. Joaquin Rodrig/Beethov S/N','','20502707770','','','','','2018-07-25','A'),(121391,'INABIF','160515','Av. San Martin Nro 685','','20507920722','','','','','2018-08-14','A'),(121392,'ISIL SA','160509','Av. La Fontana Nro 955','','20100134455','','','','','2018-08-15','A'),(121393,'BARRA NIKKEY 28 SAC','160513','Av, Casimiro Ulloa Nro 125','','20603230168','','','','','2018-08-21','A'),(121394,'Inversiones Turisticas Candamo SAC','160510','Av. M. Candamo Nro 128','','20563796147','','','','','2018-08-22','A'),(121395,'Grupo Logar SAC','160507','Av. Ariosto Matelline Nro: 267 Int. 4B','','20600536843','','','','','2018-08-28','A'),(121396,'CORDOVA LEON HUMBERTO EDUARDO','160523','Jr Libertad Nro 3599','','10063411065','','','','','2018-09-02','A'),(121397,'Firma Rest SAC','160522','Av. Almirante Miguel Grau Nro 680','','20602208231','','','','','2018-09-03','A'),(121398,'Garcia Arizmendi Mercedes Hermilia','160523','JR. APURIMAC N°3613','','10086396772','','','','','2018-09-15','A'),(121399,'La Torre Perez Ruck Benildes','160523','Jr Libertad Nro 3923','','10068015044','','','','','2018-09-25','A'),(121400,'MICHIGAN SAC','160515','Jr: Daniel Hernandez Nro: 1315','','20600410530','','','','','2018-09-29','A'),(121401,'Espinola Leiva Yesenia Mary Cruz','170106','Mz G Lote 15 Urb. Aeropuerto','','10453004908','','','','','2018-09-29','A'),(121402,'Anticuchos del Peru SAC','160513','Calle. 2 de mayo Nro 298','','20514680401','','','','','2018-10-05','A'),(121405,'ARISA PERU TRADING S.A.C.','160526','AV. LA ENCALADA NRO. 1218 DPTO. A503 RES. LA RECOLETA','','20601266025','','','','','2018-10-18','A'),(121406,'Asociacion Cultural Deportiva Las Americas','160523','Jr: Filadelfia Nro 2954','','20548936129','','','','','2018-10-20','A'),(121407,'DONE WALTER SAC','160503','Calle: Jose Santos Chocano Nro 167 Urb. Santa Clara','','20492539822','','','','','2018-10-22','A'),(121408,'RODASA BUSINESS EIRL','160523','Jr Apurimac Nro 3648','','20603659911','','','','','2018-11-06','A'),(121409,'Clan Restobar SRL','160513','Calle Manuel Bonilla Nro 142','','20603234058','','','','','2018-11-07','A'),(121410,'Antigua Botica Inglesa SAC','160501','Jr Cailloma Nro 332','','20600774639','','','','','2018-11-12','A'),(121411,'Sukoon Internacional','160524','Av. Universitaria Nro 1027','','20601185211','','','','','2018-11-20','A'),(121412,'Dario Robles Romero','160537','Pedro Coronado Nro 131','','10102000850','','','','','2018-11-20','A'),(121413,'Pepa Entretenimientos SAC','160513','Av, Angamos Nro 1114','','20566515602','','','','','2018-11-24','A'),(121414,'NIKKEY SAC','160513','CALLE MANUEL BONILLA 112','SUSHIPOP','20603536151','','','','','2018-12-03','A'),(121415,'PARDOS CHIKEN SAC','160521','Av Dos De Mayo Nro 1002','','20511855366','','','','','2018-12-04','A'),(121416,'Inversiones Nacionales de Turismo S.A','160521','Calle Amador Merino Reyna Nro 551','','20114803228','','','','','2018-12-05','A'),(121417,'effinet','160501','Pasaje Marco Nicolini 265 of 301','Miguel Lopez','20547054335','7042404','','www.effinet.com.pe','info@effinet.com.pe','2018-12-07','A'),(121418,'Rolls Sushi SAC','160526','Av. Alfredo Benavides Nro 4862','','20601750571','','','','','2018-12-15','A'),(121419,'Cuatro Picos Peru SAC','160513','Calle Elias Aguirre Nro 179','','20543872882','','','','','2018-12-17','A'),(121420,'CACERES GUERRERO DIANA CAROLINA','160523','Jr Moquegua Nro 3772','','10446866830','','','','','2018-12-17','A'),(121421,'Manpower Professional Service S.A','160526','Calle: Monterosa Nro 233 Piso 11','','20329545459','','','','','2018-12-18','A'),(121422,'Gestion y Sistema de Calidad Electrica SAC','160504','Jr: Fulgencio Valdez Nro 222','','20502122461','','','','','2018-12-20','A'),(121423,'Alfredo Luis Ortega','160523','Jr: Chiclayo Nro 384','','10105668843','','','','','2018-12-22','A'),(121424,'Contraplagas e Incendios EIRL','160523','Av Proceres Nro 285','','20546272975','','','','','2018-12-24','A'),(121425,'Villa & Ardiles Transportes SRL','','MZ  A 25 Lote 5 Bocanegra','','20546818013','','','','','2018-12-24','A'),(121426,'ASIA MIS ORIGENES SAC','160521','Calle: Manuel Atanasio Fuente Nro 671','','20547434910','','','','','2018-12-31','A'),(121427,'ASIA MIS ORIGENES SAC','160521','Calle: Manuel Atanasio Fuente Nro 671','','20547434910','','','','','2018-12-31','A'),(121428,'WONG YUN TIM','160501','Av Argentina Nro 673 dpto B 022','','17149068350','','','','','2019-01-07','A'),(121429,'CHIFA YONG HONG SAC','160523','Av Peru Nro 4160','','20600561406','','','','','2019-01-08','A'),(121430,'La Cabrera El Polo SAC','160526','Jr: El Polo Nro 284','','20603479051','','','','','2019-01-15','A'),(121431,'Gabriel Lopez','160501','jr portugal 225 int 103','Gabriel','42833815','4444444','999999999','','','2019-01-25','A'),(121432,'GAVIDIA CRUZ LUCIA','','','','10462990443','','','','','2019-01-28','A');

/*Table structure for table `comprobpagos` */


CREATE TABLE `comprobpagos` (
  `id` int(5) NOT NULL auto_increment,
  `Nombre` varchar(20) default NULL COMMENT '0:factura, 1:guia de remision, 2:guia interna',
  PRIMARY KEY  (`id`)
) ENGINE=InnoDB AUTO_INCREMENT=3 DEFAULT CHARSET=latin1;

/*Data for the table `comprobpagos` */

insert  into `comprobpagos`(`id`,`Nombre`) values (0,'Factura'),(1,'Guia de Remision'),(2,'Guia Interna');

/*Table structure for table `cortes` */


CREATE TABLE `cortes` (
  `CodCorte` int(11) NOT NULL auto_increment,
  `CodCarne` int(11) NOT NULL,
  `NomCorte` char(50) collate latin1_spanish_ci NOT NULL,
  `NomDetCorte` char(200) collate latin1_spanish_ci default NULL,
  `PorcentCorte` decimal(7,2) NOT NULL default '0.00',
  `Costo` decimal(17,2) NOT NULL default '0.00',
  `cortesEstado` char(1) collate latin1_spanish_ci default 'A',
  PRIMARY KEY  (`CodCorte`),
  KEY `fk_cortes_carnes1_idx` (`CodCarne`)
) ENGINE=MyISAM AUTO_INCREMENT=1040 DEFAULT CHARSET=latin1 COLLATE=latin1_spanish_ci;

/*Data for the table `cortes` */

insert  into `cortes`(`CodCorte`,`CodCarne`,`NomCorte`,`NomDetCorte`,`PorcentCorte`,`Costo`,`cortesEstado`) values (305,6,'mitad','mitad','50.00','44.00','A'),(304,3,'pechuga','pechuga','50.00','100.00','A'),(309,14,'costilla s/p s/h','costilla s/p s/h','0.00','0.00','A'),(311,14,'costilla c/p s/h','costilla c/p s/h','0.00','0.00','A'),(312,14,'patitas','patitas','0.00','0.00','A'),(315,14,'grasa','grasa','0.00','0.00','A'),(314,14,'cabeza','cabeza','0.00','0.00','A'),(316,14,'pellejo','pellejo','0.00','0.00','A'),(318,14,'hueso de columna','hueso de columna','0.00','0.00','A'),(319,14,'hueso de chuleta','hueso de chuleta','0.00','0.00','A'),(320,14,'adobo','adobo','0.00','0.00','A'),(321,14,'barbacoa s/p','barbacoa s/p','0.00','0.00','A'),(322,14,'barbacoa c/p','barbacoa c/p','0.00','0.00','A'),(323,14,'codo c/h','codo c/h','0.00','0.00','A'),(324,14,'codo s/h','codo s/h','0.00','0.00','A'),(325,14,'lechon','lechon','0.00','0.00','A'),(426,14,'costilla','costilla','0.00','0.00','A'),(327,14,'papada','papada','0.00','0.00','A'),(328,14,'pierna s/p s/h','pierna s/p s/h','0.00','0.00','A'),(329,14,'pierna c/p c/h','pierna c/p c/h','0.00','0.00','A'),(330,14,'pierna s/p c/h','pierna s/p c/h','0.00','0.00','A'),(331,14,'pierna c/p s/h','pierna c/p s/h','0.00','0.00','A'),(332,14,'brazuelo s/p s/h','brazuelo s/p s/h','0.00','0.00','A'),(334,14,'costillas barbiquiu','costillas barbiquiu','0.00','0.00','A'),(335,41,'bola de lomo','bola de lomo','0.00','0.00','A'),(336,41,'sancochado c/h','sancochado c/h','0.00','0.00','A'),(337,41,'sancochado s/h','sancochado s/h','0.00','0.00','A'),(338,41,'asado pejerrey','asado pejerrey','0.00','0.00','A'),(339,41,'asado ruso','asado ruso','0.00','0.00','A'),(340,41,'lomo fino','lomo fino','0.00','0.00','A'),(341,40,'molida especial','molida especial','0.00','0.00','A'),(342,40,'molida economica','molida economica','0.00','0.00','A'),(343,19,'chorizo','chorizo','0.00','0.00','A'),(344,19,'mondongo','mondongo','0.00','0.00','A'),(345,19,'corazon','corazon','0.00','0.00','A'),(346,19,'rachi','rachi','0.00','0.00','A'),(347,14,'tocino s/p s/h','tocino s/p s/h','0.00','0.00','A'),(348,41,'hueso manzano','hueso manzano','0.00','0.00','A'),(349,14,'mondiola','mondiola','0.00','0.00','A'),(350,41,'bife','bife','0.00','0.00','A'),(351,41,'lomo picado','lomo picado','0.00','0.00','A'),(360,14,'chuleta','chuleta','0.00','0.00','A'),(354,35,'guiso','guiso de res','0.00','0.00','A'),(355,14,'molida','molida de cerdo','0.00','0.00','A'),(356,14,'lomo-','lomo-','0.00','0.00','A'),(357,41,'choclo','choclo','0.00','0.00','A'),(358,41,'bisteck','bisteck','0.00','0.00','A'),(359,35,'bisteck picado','bisteck picado','0.00','0.00','A'),(361,14,'panceta','panceta','0.00','0.00','A'),(362,14,'panceta c/p c/h','panceta c/p c/h','0.00','0.00','A'),(363,14,'panceta s/p s/h','panceta s/p s/h','0.00','0.00','A'),(364,14,'lomito fino','lomito fino','0.00','0.00','A'),(365,19,'bofe','bofe','0.00','0.00','A'),(366,41,'asado de tira','asado de tira','0.00','0.00','A'),(367,35,'paleta','paleta','0.00','0.00','A'),(368,40,'costillar','costillar de res','0.00','0.00','A'),(369,40,'pecho c/h','pecho c/h','0.00','0.00','A'),(370,35,'gaulan','gaulan','0.00','0.00','A'),(371,40,'osobuco','osobuco','0.00','0.00','A'),(372,40,'osobuco s/h','osobuco s/h','0.00','0.00','A'),(373,40,'churrasco','churrasco','0.00','0.00','A'),(374,14,'hueso de chuleta','hueso de chuleta','0.00','0.00','A'),(375,14,'TOCINO C/P C/H','TOCINO C/P C/H','0.00','0.00','A'),(376,14,'codo s/p s/h','codo s/p s/h','0.00','0.00','A'),(377,14,'costillas-paycua','costillas-paycua','0.00','0.00','A'),(378,14,'orejas','orejas','0.00','0.00','A'),(379,14,'pierna jamon','pierna jamon','0.00','0.00','A'),(430,14,'guiso-','guiso-','0.00','0.00','A'),(381,40,'malaya','malaya','0.00','0.00','A'),(382,32,'chorizo parrillero','chorizo parrillero','0.00','0.00','A'),(383,19,'tripa nacional','tripa nacional','0.00','0.00','A'),(384,19,'mondongo importado','mondongo importado','0.00','0.00','A'),(385,19,'bofe importado','bofe importado','0.00','0.00','A'),(386,5,'guiso','guiso de cerdo','0.00','0.00','A'),(387,19,'librillo','librillo','0.00','0.00','A'),(388,14,'costillar','costillar de cerdo','0.00','0.00','A'),(389,32,'chorizo pre cocido','chorizo pre cocido','0.00','0.00','A'),(390,40,'tapa','tapa','0.00','0.00','A'),(391,40,'higado','higado','0.00','0.00','A'),(392,40,'CARNE','asado cuadrado','0.00','0.00','A'),(393,6,'pata','pata','0.00','0.00','A'),(394,19,'cola','cola','0.00','0.00','A'),(584,40,'guiso x 130gr','guiso x 130gr','0.00','0.00','A'),(396,40,'TAPA','TAPA','0.00','0.00','A'),(397,41,'punta de pecho','punta de pecho','0.00','0.00','A'),(400,33,'pierna cordero','pierna cordero','0.00','0.00','A'),(399,33,'cordero trozado','cordero trozado','0.00','0.00','A'),(401,14,'panceta s/p c/h','panceta s/p c/h','0.00','0.00','A'),(409,6,'patita picada','patita picada','0.00','0.00','A'),(408,40,'tortuguita','tortuguita','0.00','0.00','A'),(404,41,'huachalomo','huachalomo','0.00','0.00','A'),(410,14,'lechon','lechon','0.00','0.00','A'),(411,14,'bote c/p','bote c/p','0.00','0.00','A'),(412,14,'bote s/p','bote s/p','0.00','0.00','A'),(413,14,'carne de cerdo y pavo','carne de cerdo y pavo','0.00','0.00','A'),(427,14,'costilla','costilla','0.00','0.00','A'),(415,14,'panceta c/p s/h','panceta c/p s/h','0.00','0.00','A'),(416,14,'brazuelo c/p s/h','brazuelo c/p s/h','0.00','0.00','A'),(417,14,'carne de cerdo','carne de cerdo','0.00','0.00','A'),(418,40,'molida','molida','0.00','0.00','A'),(419,34,'lengua','lengua','0.00','0.00','A'),(420,40,'churrasco c/h','churrasco c/h','0.00','0.00','A'),(421,14,'costilla pay','costilla pay','0.00','0.00','A'),(429,35,'carne','carne','0.00','0.00','A'),(428,14,'pulpa','pulpa','0.00','0.00','A'),(424,14,'hombro','hombro','0.00','0.00','A'),(425,14,'hombro','hombro','0.00','0.00','A'),(431,35,'bisteck 200 gr','bisteck 200 gr','0.00','0.00','A'),(432,41,'bisteck 110 gr','bisteck 110 gr','0.00','0.00','A'),(433,5,'pavita','pavita','0.00','0.00','A'),(434,36,'pulpa','pulpa','0.00','0.00','A'),(435,14,'chuleta de mondiola','chuleta de mondiola','0.00','0.00','A'),(436,5,'pechuga','pechuga','0.00','0.00','A'),(437,19,'pancita','pancita','0.00','0.00','A'),(438,35,'falda','falda','0.00','0.00','A'),(439,14,'falda-','falda','0.00','0.00','A'),(440,41,'churrasco 110 gr','churrasco 110 gr','0.00','0.00','A'),(441,41,'churrasco 100 gr','churrasco 100 gr','0.00','0.00','A'),(442,6,'patita pre cocida','patita pre cocida','0.00','0.00','A'),(443,6,'patita pre cocida','patita pre cocida','0.00','0.00','A'),(444,14,'cuello','cuello','0.00','0.00','A'),(445,36,'cordero entero','cordero entero','0.00','0.00','A'),(446,14,'salomillo','salomillo','0.00','0.00','A'),(447,14,'solomillo','solomillo','0.00','0.00','A'),(448,14,'PANZAS','PANZAS','0.00','0.00','A'),(449,38,'ENTERO','ENTERO','0.00','0.00','A'),(450,39,'ENTERO','ENTERO','0.00','0.00','A'),(451,38,'CABRITO ENTERO','CABRITO ENTERO','0.00','0.00','A'),(452,39,'CONEJO ENTERO','CONEJO ENTERO','0.00','0.00','A'),(453,14,'empeya','empeya','0.00','0.00','A'),(454,37,'medallon','medallon','0.00','0.00','A'),(455,14,'costilla c/p c/h','costilla c/p c/h','0.00','0.00','A'),(456,40,'cuadril','cuadril','0.00','0.00','A'),(457,35,'carne s/h','carne s/h','0.00','0.00','A'),(458,6,'piltrafa','piltrafa','0.00','0.00','A'),(459,6,'hueso churrasco','hueso churrasco','0.00','0.00','A'),(460,40,'churrasco 200 gr','churrasco 200 gr','0.00','0.00','A'),(461,14,'costilla especial','costilla especial','0.00','0.00','A'),(462,41,'asado redondo','asado redondo','0.00','0.00','A'),(463,6,'grasa dura','grasa dura','0.00','0.00','A'),(464,40,'cuello res','cuello res','0.00','0.00','A'),(465,35,'bisteck 100 gr','bisteck 100 gr','0.00','0.00','A'),(466,41,'CADERA ENTERA','CADERA ENTERA','0.00','0.00','A'),(467,41,'CADERA ENTERA','CADERA ENTERA','0.00','0.00','A'),(468,37,'alita','alita','0.00','0.00','A'),(583,41,'asado cuadrado','asado cuadrado','0.00','0.00','A'),(470,41,'churrasco 120 gr','churrasco 120 gr','0.00','0.00','A'),(471,19,'ubre','ubre','0.00','0.00','A'),(472,14,'chicharron','chicharron','0.00','0.00','A'),(473,14,'maruchas','maruchas','0.00','0.00','A'),(474,14,'manteca','manteca','0.00','0.00','A'),(475,41,'cadera','cadera','0.00','0.00','A'),(476,14,'chuleta de mondiola x 100 gr','chuleta de mondiola x 100 gr','0.00','0.00','A'),(477,40,'pecho s/h','pecho s/h','0.00','0.00','A'),(478,36,'pierna s/h','pierna s/h','0.00','0.00','A'),(479,19,'mondongo picado','mondongo picado','0.00','0.00','A'),(480,14,'bote','bote','0.00','0.00','A'),(481,35,'lomo fino--','lomo fino--','0.00','0.00','A'),(482,14,'CAJA CHINA','CAJA CHINA','0.00','0.00','A'),(483,14,'chuleta de mondiola x 200','chuleta de mondiola x 200','0.00','0.00','A'),(484,40,'churrasco x 100 gr','churrasco x 100 gr','0.00','0.00','A'),(485,40,'asado cuadrado','asado cuadrado','0.00','0.00','A'),(486,40,'asado de tira','asado de tira','0.00','0.00','A'),(487,40,'asado pejerrey','asado pejerrey','0.00','0.00','A'),(488,40,'asado redondo','asado redondo','0.00','0.00','A'),(489,40,'asado ruso','asado ruso','0.00','0.00','A'),(490,40,'bife','bife','0.00','0.00','A'),(491,40,'bisteck','bisteck','0.00','0.00','A'),(492,40,'bisteck 100 gr','bisteck 100 gr','0.00','0.00','A'),(493,40,'bisteck 110 gr','bisteck 110 gr','0.00','0.00','A'),(494,40,'bisteck 200 gr','bisteck 200 gr','0.00','0.00','A'),(495,40,'bisteck picado','bisteck picado','0.00','0.00','A'),(496,40,'bola de lomo','bola de lomo','0.00','0.00','A'),(497,40,'cadera','cadera','0.00','0.00','A'),(498,40,'cadera entera','cadera entera','0.00','0.00','A'),(499,40,'choclo','choclo','0.00','0.00','A'),(500,40,'churrasco','churrasco','0.00','0.00','A'),(501,40,'churrasco x 100 gr','churrasco x 100 gr','0.00','0.00','A'),(502,40,'churrasco 110 gr','churrasco 110 gr','0.00','0.00','A'),(503,40,'churrasco 120 gr','churrasco 120 gr','0.00','0.00','A'),(504,40,'churrasco 200 gr','churrasco 200 gr','0.00','0.00','A'),(505,40,'churrasco c/h','churrasco c/h','0.00','0.00','A'),(506,40,'cola','cola','0.00','0.00','A'),(537,14,'HIGADO -','HIGADO -','0.00','0.00','A'),(508,40,'costillar','costillar','0.00','0.00','A'),(509,40,'cuadril','cuadril','0.00','0.00','A'),(510,40,'falda','falda','0.00','0.00','A'),(511,40,'gaulan','gaulan','0.00','0.00','A'),(512,40,'grasa dura','grasa dura','0.00','0.00','A'),(513,40,'guiso-','guiso-','0.00','0.00','A'),(514,40,'huachalomo','huachalomo','0.00','0.00','A'),(515,40,'hueso churrasco','hueso churrasco','0.00','0.00','A'),(516,40,'hueso manzano','hueso manzano','0.00','0.00','A'),(517,40,'lomo fino','lomo fino','0.00','0.00','A'),(518,40,'lomo picado','lomo picado','0.00','0.00','A'),(519,40,'malaya','malaya','0.00','0.00','A'),(520,40,'molida','molida','0.00','0.00','A'),(521,40,'molida economica','molida economica','0.00','0.00','A'),(522,40,'molida especial','molida especial','0.00','0.00','A'),(523,40,'osobuco','osobuco','0.00','0.00','A'),(524,40,'osobuco s/h','osobuco s/h','0.00','0.00','A'),(525,40,'paleta','paleta','0.00','0.00','A'),(526,40,'pata','pata','0.00','0.00','A'),(527,40,'patita picada','patita picada','0.00','0.00','A'),(528,40,'patita pre-cocida','patita pre-cocida','0.00','0.00','A'),(529,40,'pecho c/h','pecho c/h','0.00','0.00','A'),(530,40,'pecho s/h','pecho s/h','0.00','0.00','A'),(531,40,'piltrafa','piltrafa','0.00','0.00','A'),(532,40,'sancochado c/h','sancochado c/h','0.00','0.00','A'),(533,40,'sancochado s/h','sancochado s/h','0.00','0.00','A'),(534,40,'tapa','tapa','0.00','0.00','A'),(535,40,'tortuguita','tortuguita','0.00','0.00','A'),(536,40,'punta de pecho','punta de pecho','0.00','0.00','A'),(538,14,'costilla c/p c/h','costilla c/p c/h','0.00','0.00','A'),(539,40,'bife angosto','17.80','0.00','0.00','A'),(540,40,'bife ancho','19.49','0.00','0.00','A'),(541,41,'molida','molida','0.00','0.00','A'),(542,41,'BISTECK X 100 GR','BISTECK X 100 GR','0.00','0.00','A'),(543,40,'guiso x 120 gr','guiso x 120 gr','0.00','0.00','A'),(544,41,'bola de lomo x 120 gr.','bola de lomo x 120 gr.','0.00','0.00','A'),(545,35,'bola de lomo x 100 gr','bola de lomo x 100 gr','0.00','0.00','A'),(546,41,'bola de lomo entera','bola de lomo entera','0.00','0.00','A'),(547,41,'bola de lomo','bola de lomo','0.00','0.00','A'),(548,33,'costillar','costillar','0.00','0.00','A'),(549,6,'guiso-','guiso-','0.00','0.00','A'),(550,40,'bola de lomo x 140 gr','bola de lomo x 140 gr','0.00','0.00','A'),(551,40,'bola de lomo trozos x 140 gr','bola de lomo trozos x 140 gr','0.00','0.00','A'),(552,41,'varios','varios','0.00','0.00','A'),(553,41,'varios','varios','0.00','0.00','A'),(554,40,'guiso','guiso','0.00','0.00','A'),(555,40,'GUISO X 100 GR','GUISO X 100 GR','0.00','0.00','A'),(556,14,'TOCINO AHUMADO','TOCINO AHUMADO','0.00','0.00','A'),(557,40,'churrasco x140 gr','churrasco x140 gr','0.00','0.00','A'),(558,40,'bola x 150 gr','bola x 150 gr','0.00','0.00','A'),(559,40,'guiso x 140 gr.','guiso x 140 gr.','0.00','0.00','A'),(560,14,'chuleta x 140 gr','chuleta x 140 gr','0.00','0.00','A'),(561,14,'chuleta x 140 gr','chuleta x 140 gr','0.00','0.00','A'),(562,19,'tripa nacional gruesa','tripa nacional gruesa','0.00','0.00','A'),(563,40,'hueso c/ carne','hueso c/ carne','0.00','0.00','A'),(564,41,'bola x 100 gr','bola x 100 gr','0.00','0.00','A'),(565,41,'GUISO X 100 GR','GUISO X 100 GR','0.00','0.00','A'),(566,19,'higado x 120','higado x 120','0.00','0.00','A'),(567,14,'matambre','matambre','0.00','0.00','A'),(568,14,'chuleta s/p','chuleta s/p','0.00','0.00','A'),(569,41,'HIGADO X 110','HIGADO X 110','0.00','0.00','A'),(570,14,'cerdo','cerdo','0.00','0.00','A'),(571,41,'lomo picado-bola de  lomo','lomo picado-bola de  lomo','0.00','0.00','A'),(572,41,'bola de lomo x 80 gr','bola de lomo x 80 gr','0.00','0.00','A'),(573,41,'RIÑON','RIÑON','0.00','0.00','A'),(574,14,'CREPIÑETA','CREPIÑETA','0.00','0.00','A'),(575,19,'molleja','molleja','0.00','0.00','A'),(576,6,'choncholi','choncholi','0.00','0.00','A'),(577,6,'choncholi','choncholi','0.00','0.00','A'),(578,6,'choncholi','choncholi','0.00','0.00','A'),(579,14,'costilla c/p c/h','costilla c/p c/h','0.00','0.00','A'),(580,14,'costilla c/p c/h','costilla c/p c/h','0.00','0.00','A'),(581,6,'LOM0','LOM0','0.00','0.00','A'),(582,14,'SALCHICHA','SALCHICHA','0.00','0.00','A'),(585,6,'bola de lomo x 130','bola de lomo x 130','0.00','0.00','A'),(586,41,'punta de pecho s/h','punta de pecho s/h','0.00','0.00','A'),(587,6,'bola de lomo x 180','bola de lomo x 180','0.00','0.00','A'),(588,41,'costillitas ribs','costillitas ribs','0.00','0.00','A'),(589,6,'bola de lomo x 170','bola de lomo x 170','0.00','0.00','A'),(590,6,'tocino c/p s/h','tocino c/p s/h','0.00','0.00','A'),(591,41,'costillitas ribs','costillitas ribs','0.00','0.00','A'),(592,41,'guiso especial','guiso especial','0.00','0.00','A'),(593,41,'MOLIDA-BISTECK','MOLIDA-BISTECK','0.00','0.00','A'),(594,41,'churrasco x 130','churrasco x 130','0.00','0.00','A'),(595,19,'higado x 140 gr','higado x 140 gr','0.00','0.00','A'),(596,36,'guiso picado','guiso picado','0.00','0.00','A'),(597,14,'PANCETA S/P','PANCETA S/P','0.00','0.00','A'),(598,41,'GUISO X150','GUISO X150','0.00','0.00','A'),(599,19,'higado x 100','higado x 100','0.00','0.00','A'),(600,41,'picanha','picanha','0.00','0.00','A'),(601,41,'entraña','entraña','0.00','0.00','A'),(602,19,'Mondongo nacional','Mondongo nacional','0.00','0.00','A'),(603,19,'higado x80 g','higado x80 g','0.00','0.00','A'),(604,14,'tocino s/p s/h','tocino s/p s/h','0.00','0.00','A'),(605,35,'MORRO','MORRO','0.00','0.00','A'),(606,41,'bola de lomo X 90','bola de lomo X 90','0.00','0.00','A'),(607,14,'Panceta s/p s/h','Panceta s/p s/h','0.00','0.00','A'),(608,41,'GUISO X70','GUISO X70','0.00','0.00','A'),(609,19,'sangre','sangre','0.00','0.00','A'),(610,6,'GUISO X 50','GUISO X 50','0.00','0.00','A'),(611,35,'guiso x 80','guiso x 80','0.00','0.00','A'),(612,41,'bola x 60','bola x 60','0.00','0.00','A'),(613,35,'BISTECKX120','BISTECKX120','0.00','0.00','A'),(614,41,'BISTECKX70','BISTECKX70','0.00','0.00','A'),(615,41,'COSTILLA S/P C/H','COSTILLA S/P C/H','0.00','0.00','A'),(616,14,'Punta de Costilla','Punta de Costilla','0.00','0.00','A'),(617,14,'shogayaqui c/p s/h','shogayaqui c/p s/h','0.00','0.00','A'),(618,14,'Mejillon','Mejillon','0.00','0.00','A'),(619,14,'tocino c/p s/h','tocino c/p s/h','0.00','0.00','A'),(620,36,'Tripa Carnero','Tripa Carnero','0.00','0.00','A'),(621,33,'Pata Cordero','Pata Cordero','0.00','0.00','A'),(622,6,'Lomo Fino c/cordon','Lomo Fino c/cordon','0.00','0.00','A'),(623,14,'Costillas ribs','Costillas ribs','0.00','0.00','A'),(624,40,'Pato','Pato','0.00','0.00','A'),(625,6,'HUESO TUETANO','HUESO TUETANO','0.00','0.00','A'),(626,6,'osobuco medallon','osobuco medallon','0.00','0.00','A'),(627,6,'Lomo Fino c/cordon','Lomo Fino c/cordon','0.00','0.00','A'),(628,6,'Lomo Fino s/cordon','Lomo Fino s/cordon','0.00','0.00','A'),(629,41,'pierna c/p','pierna c/p','0.00','0.00','A'),(630,41,'pierna s/p','pierna s/p','0.00','0.00','A'),(631,41,'chuleta c/p','chuleta c/p','0.00','0.00','A'),(632,41,'chuleta s/p s/h','chuleta s/p s/h','0.00','0.00','A'),(633,41,'chuleta entera','chuleta entera','0.00','0.00','A'),(634,41,'pierna de pavita','pierna de pavita','0.00','0.00','A'),(635,41,'pechuga de pavita','pechuga de pavita','0.00','0.00','A'),(636,41,'panceta c/p','panceta c/p','0.00','0.00','A'),(637,41,'carrillera','carrillera','0.00','0.00','A'),(638,41,'carrillera','carrillera','0.00','0.00','A'),(639,5,'MEDALLON','MEDALLON','0.00','0.00','A'),(640,35,'asado de tira parrillero','asado de tira parrillero','0.00','0.00','A'),(641,14,'costillitas c/h','costillitas c/h','0.00','0.00','A'),(642,41,'asado de pejerrey','asado de pejerrey','0.00','0.00','A'),(643,14,'tocino s/p c/h','tocino s/p c/h','0.00','0.00','A'),(644,19,'HIGADO X 150','HIGADO X 150','0.00','0.00','A'),(645,19,'HIGADO X 150','HIGADO X 150','0.00','0.00','A'),(646,3,'pechuga especial','pechuga especial','0.00','0.00','A'),(647,41,'BISTECK X80','BISTECK X80','0.00','0.00','A'),(648,5,'brazuelo','brazuelo','0.00','0.00','A'),(649,41,'Sancochado','Sancochado','0.00','0.00','A'),(650,6,'bola de lomo x 150','bola de lomo x 150','0.00','0.00','A'),(651,14,'bote c/p c/cuello','bote c/p c/cuello','0.00','0.00','A'),(652,14,'bote c/p s/cuello','bote c/p s/cuello','0.00','0.00','A'),(653,28,'CORAZON NACIONAL','CORAZON NACIONAL','0.00','0.00','A'),(654,36,'CABEZA DE CARNERO','CABEZA DE CARNERO','0.00','0.00','A'),(655,43,'gallina','gallina','0.00','0.00','A'),(656,35,'trpa madre','trpa madre','0.00','0.00','A'),(657,19,'trpa madre','trpa madre','0.00','0.00','A'),(658,19,'trpa madre','trpa madre','0.00','0.00','A'),(659,19,'tripa madre','tripa madre','0.00','0.00','A'),(660,19,'tripa madre','tripa madre','0.00','0.00','A'),(661,41,'guiso x 90','guiso x 90','0.00','0.00','A'),(662,14,'costilla s/p c/h','costilla s/p c/h','0.00','0.00','A'),(663,35,'jarrete de ternera','jarrete de ternera','0.00','0.00','A'),(664,41,'molida gruesa','molida gruesa','0.00','0.00','A'),(665,14,'chuleta','chuleta','0.00','0.00','A'),(666,35,'Picaña','Picaña','0.00','0.00','A'),(667,41,'Picaña','Picaña','0.00','0.00','A'),(668,41,'picaña','picaña','0.00','0.00','A'),(669,35,'Picaña','Picaña','0.00','0.00','A'),(670,41,'asado de tira s/h','asado de tira s/h','0.00','0.00','A'),(671,41,'TRIMMING','TRIMMING','0.00','0.00','A'),(672,41,'guiso x 60','guiso x 60','0.00','0.00','A'),(673,14,'Costilla San Lois','Costilla San Lois','0.00','0.00','A'),(674,14,'Costilla San Lois','Costilla San Lois','0.00','0.00','A'),(675,14,'costillas san lois','costillas san lois','0.00','0.00','A'),(676,41,'bola de lomo picado','bola de lomo picado','0.00','0.00','A'),(677,14,'Costilla Baby Back','Costilla Baby Back','0.00','0.00','A'),(678,14,'Costilla Baby Back','Costilla Baby Back','0.00','0.00','A'),(679,41,'guiso especial x120','guiso especial x120','0.00','0.00','A'),(680,41,'Picaña','Picaña','0.00','0.00','A'),(681,45,'cuy entero','cuy entero','0.00','0.00','A'),(682,3,'pellejo','pellejo','0.00','0.00','A'),(683,41,'guiso especial x 60','guiso especial x 60','0.00','0.00','A'),(684,41,'guiso especial x 80','guiso especial x 80','0.00','0.00','A'),(685,41,'guiso especial x 100','guiso especial x 100','0.00','0.00','A'),(686,41,'bisteck x 150','bisteck x 150','0.00','0.00','A'),(687,3,'higado','higado','0.00','0.00','A'),(688,3,'molleja','molleja','0.00','0.00','A'),(689,3,'higado','higado','0.00','0.00','A'),(690,41,'molida ternera','molida ternera','0.00','0.00','A'),(691,41,'bola de lomo trozos x 80','bola de lomo trozos x 80','0.00','0.00','A'),(692,41,'bola de lomo trozos x 80','bola de lomo trozos x 80','0.00','0.00','A'),(693,41,'bola de lomo trozos x 120','bola de lomo trozos x 120','0.00','0.00','A'),(694,41,'bola de lomo trozos x 120','bola de lomo trozos x 120','0.00','0.00','A'),(695,41,'bola de lomo trozos x 100','bola de lomo trozos x 100','0.00','0.00','A'),(696,41,'bola de lomo trozos x 60','bola de lomo trozos x 60','0.00','0.00','A'),(697,3,'hueso de pollo','hueso de pollo','0.00','0.00','A'),(698,41,'guiso especial','guiso especial','0.00','0.00','A'),(699,19,'rachi nacional','rachi nacional','0.00','0.00','A'),(700,36,'cordero c/h','cordero c/h','0.00','0.00','A'),(701,36,'cordero s/h','cordero s/h','0.00','0.00','A'),(702,35,'lomo fino','lomo fino','0.00','0.00','A'),(703,14,'corazon','corazon','0.00','0.00','A'),(704,41,'churrasco x150','churrasco x150','0.00','0.00','A'),(705,41,'churrascox70','churrascox70','0.00','0.00','A'),(706,14,'costilla s/p c/h','costilla s/p c/h','0.00','0.00','A'),(707,41,'costillas baby ribs','costillas baby ribs','0.00','0.00','A'),(708,41,'MORCILLA','MORCILLA','0.00','0.00','A'),(709,41,'GUISOX110','GUISOX110','0.00','0.00','A'),(710,41,'churrascox80','churrascox80','0.00','0.00','A'),(711,40,'cuajo','cuajo','0.00','0.00','A'),(712,3,'milanesa de pollo','milanesa de pollo','0.00','0.00','A'),(713,3,'HOT DOG','HOT DOG','0.00','0.00','A'),(714,35,'carne molida','carne molida','0.00','0.00','A'),(715,35,'carne molida','carne molida','0.00','0.00','A'),(716,14,'Costilla San Luis','Costilla San Luis','0.00','0.00','A'),(717,41,'churrasco x130','churrasco x130','0.00','0.00','A'),(718,14,'lomo enrollado','lomo enrollado','0.00','0.00','A'),(719,14,'bife de lomo','bife de lomo','0.00','0.00','A'),(720,41,'tendon de res','tendon de res','0.00','0.00','A'),(721,19,'Rachi Importado','Rachi Importado','0.00','0.00','A'),(722,14,'cecina','cecina','0.00','0.00','A'),(723,41,'bola trozo x180','bola trozo x180','0.00','0.00','A'),(724,41,'guiso especial x140','guiso especial x140','0.00','0.00','A'),(725,5,'pavo entero','pavo entero','0.00','0.00','A'),(726,14,'Lomo molido','Lomo molido','0.00','0.00','A'),(727,41,'bife molido','bife molido','0.00','0.00','A'),(728,41,'asado de tira molido','asado de tira molido','0.00','0.00','A'),(729,41,'Bisteck molido','Bisteck molido','0.00','0.00','A'),(730,41,'grasa molida','grasa molida','0.00','0.00','A'),(731,41,'Bife fileteado','Bife fileteado','0.00','0.00','A'),(732,41,'churrasco x 200','churrasco x 200','0.00','0.00','A'),(733,14,'chuleta mariposa','chuleta mariposa','0.00','0.00','A'),(734,14,'tocino','tocino','0.00','0.00','A'),(735,14,'molida cerdo','molida cerdo','0.00','0.00','A'),(736,41,'pecho c/h','pecho c/h','0.00','0.00','A'),(737,19,'grasa de res','grasa de res','0.00','0.00','A'),(738,14,'lomo c/cuello','lomo c/cuello','0.00','0.00','A'),(739,14,'chuleta mariposa de lomo','chuleta mariposa de lomo','0.00','0.00','A'),(740,36,'cordero lechal','cordero lechal','0.00','0.00','A'),(741,14,'CUELLO LIMPIO','CUELLO LIMPIO','0.00','0.00','A'),(742,14,'lengua de cerdo','lengua de cerdo','0.00','0.00','A'),(743,37,'pavita deshuesada medallon','pavita deshuesada medallon','0.00','0.00','A'),(744,41,'GUISO SIMPLE','GUISO SIMPLE','0.00','0.00','A'),(745,41,'GUISO ESPECIAL','GUISO ESPECIAL','0.00','0.00','A'),(746,41,'guiso aguja','guiso aguja','0.00','0.00','A'),(747,41,'guiso aguja','guiso aguja','0.00','0.00','A'),(748,41,'bisteck paleta','bisteck paleta','0.00','0.00','A'),(749,41,'sancochado de costilla','sancochado de costilla','0.00','0.00','A'),(750,41,'sancochado de ternera','sancochado de ternera','0.00','0.00','A'),(751,41,'asado de tira c/hueso','asado de tira c/hueso','0.00','0.00','A'),(752,41,'asado de aguja','asado de aguja','0.00','0.00','A'),(753,41,'bisteck cuadril','bisteck cuadril','0.00','0.00','A'),(754,41,'picaña','picaña','0.00','0.00','A'),(755,37,'Medallon de pavita','Medallon de pavita','0.00','0.00','A'),(756,35,'churrasco x180','churrasco x180','0.00','0.00','A'),(757,41,'guiso churrasco','guiso churrasco','0.00','0.00','A'),(758,14,'CARNE CERDO','CARNE CERDO','0.00','0.00','A'),(759,41,'bisteck x180','bisteck x180','0.00','0.00','A'),(760,41,'bisteck x 160','bisteck x 160','0.00','0.00','A'),(761,14,'hueso cerdo','hueso cerdo','0.00','0.00','A'),(762,41,'GUISO X90','GUISO X90','0.00','0.00','A'),(763,41,'guiso x 110','guiso x 110','0.00','0.00','A'),(764,41,'GUISO TROZOS X120','GUISO TROZOS X120','0.00','0.00','A'),(765,41,'guiso x100','guiso x100','0.00','0.00','A'),(766,3,'hueso de pollo','hueso de pollo','0.00','0.00','A'),(767,41,'hueso de pecho de costilla c/c','hueso de pecho de costilla c/c','0.00','0.00','A'),(768,41,'churrasco x160','churrasco x160','0.00','0.00','A'),(769,41,'bisteck x90','bisteck x90','0.00','0.00','A'),(770,14,'chuleta x 100','chuleta x 100','0.00','0.00','A'),(771,41,'guiso economico','guiso economico','0.00','0.00','A'),(772,41,'guiso economico','guiso economico','0.00','0.00','A'),(773,14,'LOMO CERDO X 160G','LOMO CERDO X 160G','0.00','0.00','A'),(774,41,'guiso x 170','guiso x 170','0.00','0.00','A'),(775,46,'pollo entero','pollo entero','0.00','0.00','A'),(776,19,'tripa para chorizo','tripa para chorizo','0.00','0.00','A'),(777,14,'chuleta x 200','chuleta x 200','0.00','0.00','A'),(778,14,'pulpa x 50','pulpa x 50','0.00','0.00','A'),(779,14,'chocholi de cerdo','chocholi de cerdo','0.00','0.00','A'),(780,5,'pechuga de pavo','pechuga de pavo','0.00','0.00','A'),(781,5,'pechuga de pavo','pechuga de pavo','0.00','0.00','A'),(782,5,'pechuga de pavo','pechuga de pavo','0.00','0.00','A'),(783,14,'chuleta x 130','chuleta x 130','0.00','0.00','A'),(784,14,'pulpa x 70','pulpa x 70','0.00','0.00','A'),(785,14,'pulpa x 70','pulpa x 70','0.00','0.00','A'),(786,35,'guiso x 50','guiso x 50','0.00','0.00','A'),(787,41,'arrachera','arrachera','0.00','0.00','A'),(788,14,'bote entero','bote entero','0.00','0.00','A'),(789,41,'guiso x100','guiso x100','0.00','0.00','A'),(790,3,'alitas de pollo','alitas de pollo','0.00','0.00','A'),(791,14,'chuleta x 120','chuleta x 120','0.00','0.00','A'),(792,41,'bola de lomo x 300g','bola de lomo x 300g','0.00','0.00','A'),(793,19,'higado x 70','higado x 70','0.00','0.00','A'),(794,41,'tapa x 110','tapa x 110','0.00','0.00','A'),(795,41,'cadera x 110','cadera x 110','0.00','0.00','A'),(796,41,'bola de lomo x 110','bola de lomo x 110','0.00','0.00','A'),(797,41,'BOLA DE LOMO X150G','BOLA DE LOMO X150G','0.00','0.00','A'),(798,14,'chuleta x 300','chuleta x 300','0.00','0.00','A'),(799,41,'bola de lomo x180','bola de lomo x180','0.00','0.00','A'),(800,41,'guiso x 180','guiso x 180','0.00','0.00','A'),(801,41,'BISTECK X 104','BISTECK X 104','0.00','0.00','A'),(802,14,'chuleta x 70','chuleta x 70','0.00','0.00','A'),(803,41,'tapa x 120','tapa x 120','0.00','0.00','A'),(804,41,'tapa x 150','tapa x 150','0.00','0.00','A'),(805,41,'guiso x 104','guiso x 104','0.00','0.00','A'),(806,41,'garron x 30','garron x 30','0.00','0.00','A'),(807,41,'guiso trozos x 180','guiso trozos x 180','0.00','0.00','A'),(808,41,'guiso trozos x 100','guiso trozos x 100','0.00','0.00','A'),(809,41,'GUISO TROZO X 80','GUISO TROZO X 80','0.00','0.00','A'),(810,14,'RECORTE','RECORTE','0.00','0.00','A'),(811,41,'churrasco x 170','churrasco x 170','0.00','0.00','A'),(812,41,'guiso x124.80','guiso x124.80','0.00','0.00','A'),(813,41,'carne para saltado','carne para saltado','0.00','0.00','A'),(814,41,'guiso trozo x 160','guiso trozo x 160','0.00','0.00','A'),(815,19,'higado x 160','higado x 160','0.00','0.00','A'),(816,41,'bola x 160','bola x 160','0.00','0.00','A'),(817,41,'bisteck x130','bisteck x130','0.00','0.00','A'),(818,3,'pechuga de pollo','pechuga de pollo','0.00','0.00','A'),(819,14,'chuleta x 250','chuleta x 250','0.00','0.00','A'),(820,41,'GUISO PICADO','GUISO PICADO','0.00','0.00','A'),(821,41,'guiso x 160g','guiso x 160g','0.00','0.00','A'),(822,19,'librillo nacional','librillo nacional','0.00','0.00','A'),(823,41,'garron','garron','0.00','0.00','A'),(824,14,'chuleta x 180','chuleta x 180','0.00','0.00','A'),(825,41,'guiso trozo x 160','guiso trozo x 160','0.00','0.00','A'),(826,41,'guiso x 40g','guiso x 40g','0.00','0.00','A'),(827,19,'higado nacional','higado nacional','0.00','0.00','A'),(828,6,'bisteck x 135.2','bisteck x 135.2','0.00','0.00','A'),(829,14,'Molida de cerdo','Molida de cerdo','0.00','0.00','A'),(830,41,'Bola de lomo Saltado','Bola de lomo Saltado','0.00','0.00','A'),(831,41,'Bola de lomo Saltado','Bola de lomo Saltado','0.00','0.00','A'),(832,19,'baso','baso','0.00','0.00','A'),(833,19,'baso','baso','0.00','0.00','A'),(834,40,'Relleno','Relleno','0.00','0.00','A'),(835,14,'Panceta Premium','Panceta Premium','0.00','0.00','A'),(836,14,'Panceta Laminada','Panceta Laminada','0.00','0.00','A'),(837,36,'Costillar de cordero','Costillar de cordero','0.00','0.00','A'),(838,14,'colita de  cerdo','colita de  cerdo','0.00','0.00','A'),(839,41,'Pollo con encuentro','Pollo con encuentro','0.00','0.00','A'),(840,3,'pierna con encuentro','pierna con encuentro','0.00','0.00','A'),(841,41,'HUESO DE PECHO','HUESO DE PECHO','0.00','0.00','A'),(842,41,'ala de pollo','ala de pollo','0.00','0.00','A'),(843,14,'Brazuelo c/p c/h','Brazuelo c/p c/h','0.00','0.00','A'),(844,3,'Pejerrey Pollo','Pejerrey Pollo','0.00','0.00','A'),(845,14,'PIERNA MOLIDA','PIERNA MOLIDA','0.00','0.00','A'),(846,14,'CHULETA X 80','CHULETA X 80','0.00','0.00','A'),(847,14,'pulpa x80','pulpa x80','0.00','0.00','A'),(848,14,'Asado de Cerdo','Asado de Cerdo','0.00','0.00','A'),(849,14,'Cerdo entero','Cerdo entero','0.00','0.00','A'),(850,14,'Chorizo Cocktel','Chorizo Cocktel','0.00','0.00','A'),(851,14,'Chuleta c/p c/h','Chuleta c/p c/h','0.00','0.00','A'),(852,6,'carne picada','carne picada','0.00','0.00','A'),(853,6,'Paleta','Paleta','0.00','0.00','A'),(854,41,'CHURRASCO X 150','CHURRASCO X 150','0.00','0.00','A'),(855,41,'CHURRASCO X 150','CHURRASCO X 150','0.00','0.00','A'),(856,41,'CHINGOLO','CHINGOLO','0.00','0.00','A'),(857,32,'Chorizo finas hierbas','Chorizo finas hierbas','0.00','0.00','A'),(858,32,'Chorizo finas hierbas','Chorizo finas hierbas','0.00','0.00','A'),(859,6,'Molida de tapa','Molida de tapa','0.00','0.00','A'),(860,14,'Chuleta x 150 Gr','Chuleta x 150 Gr','0.00','0.00','A'),(861,41,'churrasco-guiso','churrasco-guiso','0.00','0.00','A'),(862,14,'Hueso de Costilla','Hueso de Costilla','0.00','0.00','A'),(863,14,'Pierna c/h x 110','Pierna c/h x 110','0.00','0.00','A'),(864,38,'Cabrito s/h','Cabrito s/h','0.00','0.00','A'),(865,14,'Molida de cerdo','Molida de cerdo','0.00','0.00','A'),(866,41,'bisteck x 140g','bisteck x 140g','0.00','0.00','A'),(867,14,'Panceta Caja China','Panceta Caja China','0.00','0.00','A'),(868,41,'LOMITO BISTECK','LOMITO BISTECK','0.00','0.00','A'),(869,19,'higado x 200','higado x 200','0.00','0.00','A'),(870,14,'Chuleta x 150 Gr','Chuleta x 150 Gr','0.00','0.00','A'),(871,14,'Patita de Cerdo','Patita de Cerdo','0.00','0.00','A'),(872,5,'PIERNA DE PAVO','PIERNA DE PAVO','0.00','0.00','A'),(873,35,'PANZA COMPLETA','PANZA COMPLETA','0.00','0.00','A'),(874,6,'colita de cuadril','colita de cuadril','0.00','0.00','A'),(875,14,'PANCETA C/P SIN PAYCUA','PANCETA C/P SIN PAYCUA','0.00','0.00','A'),(876,14,'PANCETA C/P SIN PAYCUA','PANCETA C/P SIN PAYCUA','0.00','0.00','A'),(877,14,'PANCETA S/P SIN PAYCUA','PANCETA S/P SIN PAYCUA','0.00','0.00','A'),(878,41,'HUACHALOMO SALTADO','HUACHALOMO SALTADO','0.00','0.00','A'),(879,41,'HUACHALOMO TROZO X100','HUACHALOMO TROZO X100','0.00','0.00','A'),(880,41,'HUACHALOMO TROZO X100','HUACHALOMO TROZO X100','0.00','0.00','A'),(881,41,'HUACHALOMO X 100','HUACHALOMO X 100','0.00','0.00','A'),(882,41,'asado de tira churrasco','asado de tira churrasco','0.00','0.00','A'),(883,41,'TAPA X 180','TAPA X 180','0.00','0.00','A'),(884,41,'Asado Ruso Dados','Asado Ruso Dados','0.00','0.00','A'),(885,41,'FILETE DE POLLO','FILETE DE POLLO','0.00','0.00','A'),(886,41,'Churrasco x 120','Churrasco x 120','0.00','0.00','A'),(887,14,'PIERNA C/H X 100','PIERNA C/H X 100','0.00','0.00','A'),(888,41,'Huachalomo x110','Huachalomo x110','0.00','0.00','A'),(889,41,'GUISO TROZO X 150','GUISO TROZO X 150','0.00','0.00','A'),(890,41,'Guiso de pavo','Guiso de pavo','0.00','0.00','A'),(891,41,'cadera -tapa especial','cadera -tapa especial','0.00','0.00','A'),(892,41,'tripa cerdo','tripa cerdo','0.00','0.00','A'),(893,14,'Chuleta x 160','Chuleta x 160','0.00','0.00','A'),(894,41,'Carne de res desh. tipo pera','Carne de res desh. tipo pera','0.00','0.00','A'),(895,41,'Bife angosto x 250','Bife angosto x 250','0.00','0.00','A'),(896,41,'Bife angosto x 300','Bife angosto x 300','0.00','0.00','A'),(897,41,'Cuadril x 250','Cuadril x 250','0.00','0.00','A'),(898,41,'Cuadril x 300','Cuadril x 300','0.00','0.00','A'),(899,41,'Bife ancho x  350','Bife ancho x  350','0.00','0.00','A'),(900,41,'Bife ancho x  300','Bife ancho x  300','0.00','0.00','A'),(901,41,'Bisteck x 180','Bisteck x 180','0.00','0.00','A'),(902,14,'Costilla de tocino','Costilla de tocino','0.00','0.00','A'),(903,35,'asado de tira churrasco','asado de tira churrasco','0.00','0.00','A'),(904,41,'PERNIL','PERNIL','0.00','0.00','A'),(905,41,'Carne de res Tapa','Carne de res Tapa','0.00','0.00','A'),(906,37,'Medallon de muslo','Medallon de muslo','0.00','0.00','A'),(907,14,'Chuleta s/p x 180','Chuleta s/p x 180','0.00','0.00','A'),(908,41,'POLLO MOLIDO','POLLO MOLIDO','0.00','0.00','A'),(909,41,'carne de res corte cuadrado','carne de res corte cuadrado','0.00','0.00','A'),(910,14,'Costilla s/p c/h','Costilla s/p c/h','0.00','0.00','A'),(911,14,'PULMON','PULMON','0.00','0.00','A'),(912,14,'Chuleta Corte Carre','Chuleta Corte Carre','0.00','0.00','A'),(913,14,'Chuleta Corte Carre','Chuleta Corte Carre','0.00','0.00','A'),(914,41,'asado ruso x 100','asado ruso x 100','0.00','0.00','A'),(915,41,'CADERA X 120','CADERA X 120','0.00','0.00','A'),(916,3,'PIERNA DE POLLO PARA PARRILLA','PIERNA DE POLLO PARA PARRILLA','0.00','0.00','A'),(917,41,'CHURRASCOX 250','CHURRASCOX 250','0.00','0.00','A'),(918,41,'cadera x 180','cadera x 180','0.00','0.00','A'),(919,14,'Chuleta de Brazuelo','Chuleta de Brazuelo','0.00','0.00','A'),(920,41,'Criadilla','Criadilla','0.00','0.00','A'),(921,41,'Bola de lomo x 60','Bola de lomo x 60','0.00','0.00','A'),(922,41,'Hodot Frankfort','Hodot Frankfort','0.00','0.00','A'),(923,41,'Molida Huachalomo','Molida Huachalomo','0.00','0.00','A'),(924,41,'Bife ancho x 250','Bife ancho x 250','0.00','0.00','A'),(925,41,'Cuadril x180','Cuadril x180','0.00','0.00','A'),(926,41,'Molida Premium','Molida Premium','0.00','0.00','A'),(927,41,'Bola de lomo x 150/present. kg','Bola de lomo x 150/present. kg','0.00','0.00','A'),(928,41,'PULPA X 120','PULPA X 120','0.00','0.00','A'),(929,41,'Encuentro de pollo','Encuentro de pollo','0.00','0.00','A'),(930,14,'PULPA X 100','PULPA X 100','0.00','0.00','A'),(931,14,'hueso pierna','hueso pierna','0.00','0.00','A'),(932,14,'PULPA X 40','PULPA X 40','0.00','0.00','A'),(933,41,'Carne Molida','Carne Molida','0.00','0.00','A'),(934,41,'Osobuco x 500g','Osobuco x 500g','0.00','0.00','A'),(935,41,'Osobuco x 350g','Osobuco x 350g','0.00','0.00','A'),(936,41,'Molida Personal','Molida Personal','0.00','0.00','A'),(937,41,'Huachalomo x 120','Huachalomo x 120','0.00','0.00','A'),(938,41,'Huachalomo x 120','Huachalomo x 120','0.00','0.00','A'),(939,41,'Hueso con Carne','Hueso con Carne','0.00','0.00','A'),(940,14,'Chuleta Corona Entrecote','Chuleta Corona Entrecote','0.00','0.00','A'),(941,14,'Costillas Planas S/extenxiones','Costillas Planas S/extenxiones','0.00','0.00','A'),(942,41,'CUADRIL MOLIDO','CUADRIL MOLIDO','0.00','0.00','A'),(943,41,'Bisteck x 60','Bisteck x 60','0.00','0.00','A'),(944,46,'piel de pollo','piel de pollo','0.00','0.00','A'),(945,41,'Asado Tira/Punta Pecho Molido','Asado Tira/Punta Pecho Molido','0.00','0.00','A'),(946,41,'Falda deshuesada','Falda deshuesada','0.00','0.00','A'),(947,41,'Huachalomo x 150','Huachalomo x 150','0.00','0.00','A'),(948,41,'Carne para Molida','Carne para Molida','0.00','0.00','A'),(949,14,'Mondiola','Mondiola','0.00','0.00','A'),(950,6,'CUADRIL X 110','CUADRIL X 110','0.00','0.00','A'),(951,6,'CUADRIL X 200','CUADRIL X 200','0.00','0.00','A'),(952,41,'Venta de productos carnicos','Venta de productos carnicos','0.00','0.00','A'),(953,14,'Panceta en plancha','Panceta en plancha','0.00','0.00','A'),(954,14,'panceta con grasa','panceta con grasa','0.00','0.00','A'),(955,14,'Panceta para el palo','Panceta para el palo','0.00','0.00','A'),(956,41,'Churrasco x 90','Churrasco x 90','0.00','0.00','A'),(957,41,'Osobuco x 150g','Osobuco x 150g','0.00','0.00','A'),(958,41,'Osobuco x 300g','Osobuco x 300g','0.00','0.00','A'),(959,14,'panceta molida','panceta molida','0.00','0.00','A'),(960,41,'Huachalomo picante','Huachalomo picante','0.00','0.00','A'),(961,14,'Tocino Molido','Tocino Molido','0.00','0.00','A'),(962,41,'TAPA X 100','TAPA X 100','0.00','0.00','A'),(963,41,'mano ternera','mano ternera','0.00','0.00','A'),(964,41,'churrasco x 280','churrasco x 280','0.00','0.00','A'),(965,41,'churrasco x 280','churrasco x 280','0.00','0.00','A'),(966,41,'churrasco x 280','churrasco x 280','0.00','0.00','A'),(967,41,'churrasco x 280','churrasco x 280','0.00','0.00','A'),(968,41,'Venta de productos carnicos','Venta de productos carnicos','0.00','0.00','A'),(969,41,'BIFE X 200','BIFE X 200','0.00','0.00','A'),(970,19,'Bofe Nacional','Bofe Nacional','0.00','0.00','A'),(971,14,'PANCETA S/P C/H TIRAS','PANCETA S/P C/H TIRAS','0.00','0.00','A'),(972,14,'Pierna s/p s/h x 200g','Pierna s/p s/h x 200g','0.00','0.00','A'),(973,38,'COLA DE CADERA','COLA DE CADERA','0.00','0.00','A'),(974,3,'Filete de Pechuga de Pollo','Filete de Pechuga de Pollo','0.00','0.00','A'),(975,3,'higado de pollo','higado de pollo','0.00','0.00','A'),(976,14,'cuello sin hueso sin piel','cuello sin hueso sin piel','0.00','0.00','A'),(977,41,'punta de cadera','punta de cadera','0.00','0.00','A'),(978,41,'Huachalomo x 150','Huachalomo x 150','0.00','0.00','A'),(979,41,'Huachalomo Trozo x 150g','Huachalomo Trozo x 150g','0.00','0.00','A'),(980,14,'Mondiola s/p c/h x220g','Mondiola s/p c/h x220g','0.00','0.00','A'),(981,41,'churrasco x 220 g','churrasco x 220 g','0.00','0.00','A'),(982,41,'Pato c/ menudencia','Pato c/ menudencia','0.00','0.00','A'),(983,14,'Chuleta x 170gr','Chuleta x 170gr','0.00','0.00','A'),(984,41,'Bisteck x 170gr','Bisteck x 170gr','0.00','0.00','A'),(985,14,'pulpa fileteada','pulpa fileteada','0.00','0.00','A'),(986,41,'guiso fileteado','guiso fileteado','0.00','0.00','A'),(987,41,'Ojo de Bife','Ojo de Bife','0.00','0.00','A'),(988,41,'costillar de res s/h','costillar de res s/h','0.00','0.00','A'),(989,41,'Bola de Lomo x 200gr','Bola de Lomo x 200gr','0.00','0.00','A'),(990,41,'asado ruso x 120gr','asado ruso x 120gr','0.00','0.00','A'),(991,41,'Huachalomo x 130gr','Huachalomo x 130gr','0.00','0.00','A'),(992,41,'malaya picada','malaya picada','0.00','0.00','A'),(993,41,'sancochado c/h picado','sancochado c/h picado','0.00','0.00','A'),(994,41,'huachalomo x 60gr','huachalomo x 60gr','0.00','0.00','A'),(995,41,'mondiola molida','mondiola molida','0.00','0.00','A'),(996,41,'grasa molida','grasa molida','0.00','0.00','A'),(997,41,'asado de tira corte especial','asado de tira corte especial','0.00','0.00','A'),(998,19,'higado de res','higado de res','0.00','0.00','A'),(999,41,'bisteck x 130','bisteck x 130','0.00','0.00','A'),(1000,41,'bife ancho x 200','bife ancho x 200','0.00','0.00','A'),(1001,41,'bife x 400gr','bife x 400gr','0.00','0.00','A'),(1002,41,'bife x 500gr','bife x 500gr','0.00','0.00','A'),(1003,41,'bife x 800gr','bife x 800gr','0.00','0.00','A'),(1004,41,'Asado de tira premium','Asado de tira premium','0.00','0.00','A'),(1005,41,'Bife c/h','Bife c/h','0.00','0.00','A'),(1006,41,'Lomo Fino medallon x 250gr','Lomo Fino medallon x 250gr','0.00','0.00','A'),(1007,41,'Lomo Fino medallon x 200gr','Lomo Fino medallon x 200gr','0.00','0.00','A'),(1008,41,'Lomo Fino Saltado','Lomo Fino Saltado','0.00','0.00','A'),(1009,41,'bisteck x 170gr','bisteck x 170gr','0.00','0.00','A'),(1010,14,'mondiola s/p c/h x 260gr','mondiola s/p c/h x 260gr','0.00','0.00','A'),(1011,41,'CARNE DE RES PECHO','CARNE DE RES PECHO','0.00','0.00','A'),(1012,14,'PULPA X 130','PULPA X 130','0.00','0.00','A'),(1013,41,'CARNE DE RES CABEZA DE LOMO','CARNE DE RES CABEZA DE LOMO','0.00','0.00','A'),(1014,14,'JAMON DE PAIS','JAMON DE PAIS','0.00','0.00','A'),(1015,14,'panceta c/p s/h cuadrado','panceta c/p s/h cuadrado','0.00','0.00','A'),(1016,35,'CANILLA','CANILLA','0.00','0.00','A'),(1017,14,'paycua c/p','paycua c/p','0.00','0.00','A'),(1018,3,'Pierna de Pollo con Encuentro','Pierna de Pollo con Encuentro','0.00','0.00','A'),(1019,41,'entraña','entraña','0.00','0.00','A'),(1020,41,'entrana','entrana','0.00','0.00','A'),(1021,41,'entrana','entrana','0.00','0.00','A'),(1022,41,'Bola de Lomo Picada','Bola de Lomo Picada','0.00','0.00','A'),(1023,41,'guiso','guiso','0.00','0.00','A'),(1024,14,'mondiola s/ c/h x 250','mondiola s/ c/h x 250','0.00','0.00','A'),(1025,14,'mondiola s/ c/h x 300','mondiola s/ c/h x 300','0.00','0.00','A'),(1026,14,'mondiola s/ c/h x 300','mondiola s/ c/h x 300','0.00','0.00','A'),(1027,14,'Pierna de Cerdo Deshuesado','Pierna de Cerdo Deshuesado','0.00','0.00','A'),(1028,41,'cadera molida','cadera molida','0.00','0.00','A'),(1029,14,'mondiola c/p s/h','mondiola c/p s/h','0.00','0.00','A'),(1030,5,'Pechuga trozada de pavo','Pechuga trozada de pavo','0.00','0.00','A'),(1031,14,'riñon','riñon','0.00','0.00','A'),(1032,14,'rinon','rinon','0.00','0.00','A'),(1033,41,'osobuco x 12 cm','osobuco x 12 cm','0.00','0.00','A'),(1034,14,'bife x 160','bife x 160','0.00','0.00','A'),(1035,41,'Lomo fino (enrrolado)','Lomo fino (enrrolado)','0.00','0.00','A'),(1036,41,'lomo fino ( wellington)','lomo fino ( wellington)','0.00','0.00','A'),(1037,35,'Pierna de Cerdo Deshuesado','Pierna de Cerdo Deshuesado','0.00','0.00','A'),(1038,41,'guiso x 70','guiso x 70','0.00','0.00','A'),(1039,41,'guiso x 75','guiso x 75','0.00','0.00','A');

/*Table structure for table `cuentacorriente` */


CREATE TABLE `cuentacorriente` (
  `codcredito` int(11) NOT NULL auto_increment,
  `coddeuda` char(8) collate latin1_spanish_ci NOT NULL,
  `codcliente` int(11) default NULL,
  `capital` decimal(13,2) default '0.00',
  `pagostot` decimal(13,2) default '0.00',
  `fecha` datetime NOT NULL,
  `Cancelado` char(1) collate latin1_spanish_ci default '0' COMMENT '1 = si, 0 = no',
  `clienteotienda` int(2) default NULL,
  `concepto` varchar(255) collate latin1_spanish_ci default NULL,
  PRIMARY KEY  (`codcredito`,`coddeuda`)
) ENGINE=InnoDB AUTO_INCREMENT=82782 DEFAULT CHARSET=latin1 COLLATE=latin1_spanish_ci;

/*Data for the table `cuentacorriente` */

insert  into `cuentacorriente`(`codcredito`,`coddeuda`,`codcliente`,`capital`,`pagostot`,`fecha`,`Cancelado`,`clienteotienda`,`concepto`) values (82780,'6',121417,'2.36','0.00','2019-01-29 00:00:00','0',2,'FACTURA'),(82781,'57005',121139,'2.36','0.00','2021-10-07 00:00:00','0',2,'FACTURA');

/*Table structure for table `cuentactefactcompra` */


CREATE TABLE `cuentactefactcompra` (
  `NumCtaCte` int(11) NOT NULL auto_increment,
  `idFactura` varchar(45) collate latin1_spanish_ci NOT NULL,
  `DiasPago` int(11) NOT NULL,
  `TotPago` char(1) collate latin1_spanish_ci NOT NULL,
  `FechPago` date NOT NULL,
  `Deuda` decimal(17,2) NOT NULL,
  `Estado` char(1) collate latin1_spanish_ci NOT NULL,
  PRIMARY KEY  (`NumCtaCte`),
  KEY `fk_CuentaCteFactCompra_facturacompracab1_idx` (`idFactura`)
) ENGINE=MyISAM DEFAULT CHARSET=latin1 COLLATE=latin1_spanish_ci;

/*Data for the table `cuentactefactcompra` */

/*Table structure for table `departamentos` */


CREATE TABLE `departamentos` (
  `Id` char(2) collate latin1_spanish_ci NOT NULL,
  `Nombre` varchar(50) collate latin1_spanish_ci NOT NULL,
  PRIMARY KEY  (`Id`)
) ENGINE=MyISAM DEFAULT CHARSET=latin1 COLLATE=latin1_spanish_ci;

/*Data for the table `departamentos` */

insert  into `departamentos`(`Id`,`Nombre`) values ('01','APURIMAC'),('02','AREQUIPA'),('03','CAJAMARCA'),('04','CUSCO'),('05','HUANCAVELICA'),('06','HUANUCO'),('07','ICA'),('08','MADRE DE DIOS'),('09','PASCO'),('10','PIURA'),('11','TACNA'),('12','TUMBES'),('13','JUNIN'),('14','LA LIBERTAD'),('15','LAMBAYEQUE'),('16','LIMA'),('17','CALLAO'),('18','UCAYALI'),('19','AYACUCHO'),('20','AMAZONAS'),('21','ANCASH'),('22','LORETO'),('23','MOQUEGUA'),('24','PUNO'),('25','SAN MARTIN');

/*Table structure for table `distritos` */


CREATE TABLE `distritos` (
  `Id` char(6) collate latin1_spanish_ci NOT NULL,
  `Nombre` varchar(50) collate latin1_spanish_ci NOT NULL,
  `ProvId` char(4) collate latin1_spanish_ci NOT NULL,
  PRIMARY KEY  (`Id`)
) ENGINE=MyISAM DEFAULT CHARSET=latin1 COLLATE=latin1_spanish_ci;

/*Data for the table `distritos` */

insert  into `distritos`(`Id`,`Nombre`,`ProvId`) values ('010101','TAMBOBAMBA\r\n','0101'),('010102','COYLLURQUI\r\n','0101'),('010103','HAQUIRA\r\n','0101'),('010104','MARA\r\n','0101'),('010105','COTABAMBAS\r\n','0101'),('010106','CHALLHUAHUACHO\r\n','0101'),('010201','CHALHUANCA\r\n','0102'),('010202','CARAYBAMBA\r\n','0102'),('010203','COLCABAMBA\r\n','0102'),('010204','COTARUSE\r\n','0102'),('010205','CHAPIMARCA\r\n','0102'),('010206','IHUAYLLO\r\n','0102'),('010207','LUCRE\r\n','0102'),('010208','SAÑAYCA\r\n','0102'),('010209','SORAYA\r\n','0102'),('010210','TAPAIRIHUA\r\n','0102'),('010211','TINTAY\r\n','0102'),('010212','TORAYA\r\n','0102'),('010213','YANACA\r\n','0102'),('010214','SAN JUAN DE CHACÑA\r\n','0102'),('010215','CAPAYA\r\n','0102'),('010216','POCOHUANCA\r\n','0102'),('010217','JUSTO APU SAHUARAURA\r\n','0102'),('010301','CHINCHEROS\r\n','0103'),('010302','ONGOY\r\n','0103'),('010303','OCOBAMBA\r\n','0103'),('010304','COCHARCAS\r\n','0103'),('010305','ANCO HUALLO\r\n','0103'),('010306','HUACCANA\r\n','0103'),('010307','RANRACANCHA\r\n','0103'),('010308','URANMARCA\r\n','0103'),('010401','CHUQUIBAMBILLA\r\n','0104'),('010402','CURPAHUASI\r\n','0104'),('010403','HUAYLLATI\r\n','0104'),('010404','MAMARA\r\n','0104'),('010405','MICAELA BASTIDAS\r\n','0104'),('010406','PROGRESO\r\n','0104'),('010407','PATAYPAMPA\r\n','0104'),('010408','SAN ANTONIO\r\n','0104'),('010409','TURPAY\r\n','0104'),('010410','VILCABAMBA\r\n','0104'),('010411','VIRUNDO\r\n','0104'),('010412','SANTA ROSA\r\n','0104'),('010413','MARISCAL GAMARRA\r\n','0104'),('010414','CURASCO\r\n','0104'),('010501','ANTABAMBA\r\n','0105'),('010502','EL ORO\r\n','0105'),('010503','HUAQUIRCA\r\n','0105'),('010504','JUAN ESPINOZA MEDRANO\r\n','0105'),('010505','OROPESA\r\n','0105'),('010506','PACHACONAS\r\n','0105'),('010507','SABAINO\r\n','0105'),('010601','ANDAHUAYLAS\r\n','0106'),('010602','ANDARAPA\r\n','0106'),('010603','CHIARA\r\n','0106'),('010604','HUANCARAMA\r\n','0106'),('010605','HUANCARAY\r\n','0106'),('010606','KISHUARA\r\n','0106'),('010607','PACOBAMBA\r\n','0106'),('010608','PAMPACHIRI\r\n','0106'),('010609','SAN JERONIMO\r\n','0106'),('010610','TALAVERA\r\n','0106'),('010611','TURPO\r\n','0106'),('010612','PACUCHA\r\n','0106'),('010613','POMACOCHA\r\n','0106'),('010614','SANTA MARIA DE CHICMO\r\n','0106'),('010615','TUMAY HUARACA\r\n','0106'),('010616','HUAYANA\r\n','0106'),('010617','KAQUIABAMBA\r\n','0106'),('010618','SAN ANTONIO DE CACHI\r\n','0106'),('010619','SAN MIGUEL DE CHACCRAMPA\r\n','0106'),('010701','ABANCAY\r\n','0107'),('010702','CIRCA\r\n','0107'),('010703','CURAHUASI\r\n','0107'),('010704','HUANIPACA\r\n','0107'),('010705','LAMBRAMA\r\n','0107'),('010706','PICHIRHUA\r\n','0107'),('010707','SAN PEDRO DE CACHORA\r\n','0107'),('010708','TAMBURCO\r\n','0107'),('010709','CHACOCHE\r\n','0107'),('020101','MOLLENDO\r\n','0201'),('020102','DEAN VALDIVIA\r\n','0201'),('020103','ISLAY\r\n','0201'),('020104','MEJIA\r\n','0201'),('020105','PUNTA DE BOMBON\r\n','0201'),('020106','COCACHACRA\r\n','0201'),('020201','AREQUIPA\r\n','0202'),('020202','CAYMA\r\n','0202'),('020203','CERRO COLORADO\r\n','0202'),('020204','CHARACATO\r\n','0202'),('020205','CHIGUATA\r\n','0202'),('020206','MIRAFLORES\r\n','0202'),('020207','MOLLEBAYA\r\n','0202'),('020208','PAUCARPATA\r\n','0202'),('020209','POCSI\r\n','0202'),('020210','POLOBAYA\r\n','0202'),('020211','QUEQUEÑA\r\n','0202'),('020212','SACHACA\r\n','0202'),('020213','SAN JUAN DE SIGUAS\r\n','0202'),('020214','SAN JUAN DE TARUCANI\r\n','0202'),('020215','SANTA ISABEL DE SIGUAS\r\n','0202'),('020216','SANTA RITA DE SIHUAS\r\n','0202'),('020217','SOCABAYA\r\n','0202'),('020218','UCHUMAYO\r\n','0202'),('020219','VITOR\r\n','0202'),('020220','YANAHUARA\r\n','0202'),('020221','YARABAMBA\r\n','0202'),('020222','YURA\r\n','0202'),('020223','MARIANO MELGAR\r\n','0202'),('020224','ALTO SELVA ALEGRE\r\n','0202'),('020225','JOSE LUIS BUSTAMANTE Y RIVERO\r\n','0202'),('020226','LA JOYA\r\n','0202'),('020227','SABANDIA\r\n','0202'),('020228','TIABAYA\r\n','0202'),('020229','JACOBO HUNTER\r\n','0202'),('020301','COTAHUASI\r\n','0203'),('020302','ALCA\r\n','0203'),('020303','CHARCANA\r\n','0203'),('020304','PAMPAMARCA\r\n','0203'),('020305','PUYCA\r\n','0203'),('020306','QUECHUALLA\r\n','0203'),('020307','SAYLA\r\n','0203'),('020308','TAURIA\r\n','0203'),('020309','TOMEPAMPA\r\n','0203'),('020310','HUAYNACOTAS\r\n','0203'),('020311','TORO\r\n','0203'),('020401','CHUQUIBAMBA\r\n','0204'),('020402','ANDARAY\r\n','0204'),('020403','CHICHAS\r\n','0204'),('020404','IRAY\r\n','0204'),('020405','SALAMANCA\r\n','0204'),('020406','YANAQUIHUA\r\n','0204'),('020407','RIO GRANDE\r\n','0204'),('020408','CAYARANI\r\n','0204'),('020501','APLAO\r\n','0205'),('020502','ANDAGUA\r\n','0205'),('020503','CHACHAS\r\n','0205'),('020504','CHILCAYMARCA\r\n','0205'),('020505','CHOCO\r\n','0205'),('020506','HUANCARQUI\r\n','0205'),('020507','MACHAGUAY\r\n','0205'),('020508','ORCOPAMPA\r\n','0205'),('020509','TIPAN\r\n','0205'),('020510','URACA\r\n','0205'),('020511','UÑON\r\n','0205'),('020512','VIRACO\r\n','0205'),('020513','AYO\r\n','0205'),('020514','PAMPACOLCA\r\n','0205'),('020601','CARAVELI\r\n','0206'),('020602','ACARI\r\n','0206'),('020603','ATIQUIPA\r\n','0206'),('020604','BELLA UNION\r\n','0206'),('020605','CAHUACHO\r\n','0206'),('020606','CHALA\r\n','0206'),('020607','CHAPARRA\r\n','0206'),('020608','HUANUHUANU\r\n','0206'),('020609','LOMAS\r\n','0206'),('020610','QUICACHA\r\n','0206'),('020611','YAUCA\r\n','0206'),('020612','ATICO\r\n','0206'),('020613','JAQUI\r\n','0206'),('020701','CAMANA\r\n','0207'),('020702','MARISCAL CACERES\r\n','0207'),('020703','NICOLAS DE PIEROLA\r\n','0207'),('020704','OCOÑA\r\n','0207'),('020705','QUILCA\r\n','0207'),('020706','SAMUEL PASTOR\r\n','0207'),('020707','JOSE MARIA QUIMPER\r\n','0207'),('020708','MARIANO NICOLAS VALCARCEL\r\n','0207'),('020801','CHIVAY\r\n','0208'),('020802','ACHOMA\r\n','0208'),('020803','CABANACONDE\r\n','0208'),('020804','CAYLLOMA\r\n','0208'),('020805','CALLALLI\r\n','0208'),('020806','HUAMBO\r\n','0208'),('020807','HUANCA\r\n','0208'),('020808','ICHUPAMPA\r\n','0208'),('020809','LARI\r\n','0208'),('020810','LLUTA\r\n','0208'),('020811','MACA\r\n','0208'),('020812','SAN ANTONIO DE CHUCA\r\n','0208'),('020813','SIBAYO\r\n','0208'),('020814','TAPAY\r\n','0208'),('020815','TUTI\r\n','0208'),('020816','YANQUE\r\n','0208'),('020817','MAJES\r\n','0208'),('020818','COPORAQUE\r\n','0208'),('020819','MADRIGAL\r\n','0208'),('020820','TISCO\r\n','0208'),('030101','SAN BERNARDINO\r\n','0301'),('030102','SAN LUIS\r\n','0301'),('030103','TUMBADEN\r\n','0301'),('030104','SAN PABLO\r\n','0301'),('030201','SAN MIGUEL\r\n','0302'),('030202','CALQUIS\r\n','0302'),('030203','LA FLORIDA\r\n','0302'),('030204','LLAPA\r\n','0302'),('030205','NIEPOS\r\n','0302'),('030206','SAN GREGORIO\r\n','0302'),('030207','SAN SILVESTRE DE COCHAN\r\n','0302'),('030208','EL PRADO\r\n','0302'),('030209','UNION AGUA BLANCA\r\n','0302'),('030210','TONGOD\r\n','0302'),('030211','BOLIVAR\r\n','0302'),('030212','NANCHOC\r\n','0302'),('030213','CATILLUC\r\n','0302'),('030301','CONTUMAZA\r\n','0303'),('030302','CHILETE\r\n','0303'),('030303','GUZMANGO\r\n','0303'),('030304','SAN BENITO\r\n','0303'),('030305','TANTARICA\r\n','0303'),('030306','YONAN\r\n','0303'),('030307','SANTA CRUZ DE TOLED\r\n','0303'),('030308','CUPISNIQUE\r\n','0303'),('030401','CAJAMARCA\r\n','0304'),('030402','ASUNCION\r\n','0304'),('030403','COSPAN\r\n','0304'),('030404','ENCAÑADA\r\n','0304'),('030405','JESUS\r\n','0304'),('030406','LOS BAÑOS DEL INCA\r\n','0304'),('030407','LLACANORA\r\n','0304'),('030408','MAGDALENA\r\n','0304'),('030409','MATARA\r\n','0304'),('030410','SAN JUAN\r\n','0304'),('030411','CHETILLA\r\n','0304'),('030412','NAMORA\r\n','0304'),('030501','PEDRO GALVEZ\r\n','0305'),('030502','ICHOCAN\r\n','0305'),('030503','GREGORIO PITA\r\n','0305'),('030504','JOSE MANUEL QUIROZ\r\n','0305'),('030505','EDUARDO VILLANUEVA\r\n','0305'),('030506','JOSE SABOGAL\r\n','0305'),('030507','CHANCAY\r\n','0305'),('030601','SAN IGNACIO\r\n','0306'),('030602','CHIRINOS\r\n','0306'),('030603','HUARANGO\r\n','0306'),('030604','NAMBALLE\r\n','0306'),('030605','LA COIPA\r\n','0306'),('030606','TABACONAS\r\n','0306'),('030607','SAN JOSE DE LOURDES\r\n','0306'),('030701','CATACHE\r\n','0307'),('030702','CHANCAYBAÑOS\r\n','0307'),('030703','LA ESPERANZA\r\n','0307'),('030704','NINABAMBA\r\n','0307'),('030705','PULAN\r\n','0307'),('030706','SEXI\r\n','0307'),('030707','YAUYUCAN\r\n','0307'),('030708','ANDABAMBA\r\n','0307'),('030709','SAUCEPAMPA\r\n','0307'),('030710','SANTA CRUZ\r\n','0307'),('030711','UTICYACU\r\n','0307'),('030801','JAEN\r\n','0308'),('030802','BELLAVISTA\r\n','0308'),('030803','COLASAY\r\n','0308'),('030804','CHONTALI\r\n','0308'),('030805','POMAHUACA\r\n','0308'),('030806','SALLIQUE\r\n','0308'),('030807','SAN FELIPE\r\n','0308'),('030808','SAN JOSE DEL ALTO\r\n','0308'),('030809','SANTA ROSA\r\n','0308'),('030810','LAS PIRIAS\r\n','0308'),('030811','HUABAL\r\n','0308'),('030812','PUCARA\r\n','0308'),('030901','CHUGUR\r\n','0309'),('030902','HUALGAYOC\r\n','0309'),('030903','BAMBAMARCA\r\n','0309'),('031001','CHOTA\r\n','0310'),('031002','ANGUIA\r\n','0310'),('031003','COCHABAMBA\r\n','0310'),('031004','CHADIN\r\n','0310'),('031005','CHIGUIRIP\r\n','0310'),('031006','CHIMBAN\r\n','0310'),('031007','HUAMBOS\r\n','0310'),('031008','LLAMA\r\n','0310'),('031009','MIRACOSTA\r\n','0310'),('031010','PION\r\n','0310'),('031011','QUEROCOTO\r\n','0310'),('031012','TOCMOCHE\r\n','0310'),('031013','SAN JUAN DE LICUPIS\r\n','0310'),('031014','CHOROPAMPA\r\n','0310'),('031015','CHALAMARCA\r\n','0310'),('031016','CONCHAN\r\n','0310'),('031017','PACCHA\r\n','0310'),('031018','LAJAS\r\n','0310'),('031019','TACABAMBA\r\n','0310'),('031101','CUTERVO\r\n','0311'),('031102','CALLAYUC\r\n','0311'),('031103','CUJILLO\r\n','0311'),('031104','LA RAMADA\r\n','0311'),('031105','PIMPINGOS\r\n','0311'),('031106','QUEROCOTILLO\r\n','0311'),('031107','SAN ANDRES DE CUTERVO\r\n','0311'),('031108','SAN JUAN DE CUTERVO\r\n','0311'),('031109','SAN LUIS DE LUCMA\r\n','0311'),('031110','SANTO DOMINGO DE LA CAPILLA\r\n','0311'),('031111','SANTO TOMAS\r\n','0311'),('031112','SOCOTA\r\n','0311'),('031113','TORIBIO CASANOVA\r\n','0311'),('031114','CHOROS\r\n','0311'),('031115','SANTA CRUZ\r\n','0311'),('031201','CELENDIN\r\n','0312'),('031202','CHUMUCH\r\n','0312'),('031203','HUASMIN\r\n','0312'),('031204','JORGE CHAVEZ\r\n','0312'),('031205','JOSE GALVEZ\r\n','0312'),('031206','MIGUEL IGLESIAS\r\n','0312'),('031207','OXAMARCA\r\n','0312'),('031208','SUCRE\r\n','0312'),('031209','UTCO\r\n','0312'),('031210','LA LIBERTAD DE PALLAN\r\n','0312'),('031211','CORTEGANA\r\n','0312'),('031212','SOROCHUCO\r\n','0312'),('031301','CAJABAMBA\r\n','0313'),('031302','CACHACHI\r\n','0313'),('031303','CONDEBAMBA\r\n','0313'),('031304','SITACOCHA\r\n','0313'),('040101','URUBAMBA\r\n','0401'),('040102','CHINCHERO\r\n','0401'),('040103','HUAYLLABAMBA\r\n','0401'),('040104','MARAS\r\n','0401'),('040105','OLLANTAYTAMBO\r\n','0401'),('040106','YUCAY\r\n','0401'),('040107','MACHUPICCHU\r\n','0401'),('040201','ANDAHUAYLILLAS\r\n','0402'),('040202','CCARHUAYO\r\n','0402'),('040203','CCATCA\r\n','0402'),('040204','CUSIPATA\r\n','0402'),('040205','HUARO\r\n','0402'),('040206','LUCRE\r\n','0402'),('040207','OCONGATE\r\n','0402'),('040208','OROPESA\r\n','0402'),('040209','QUIQUIJANA\r\n','0402'),('040210','CAMANTI\r\n','0402'),('040211','MARCAPATA\r\n','0402'),('040212','URCOS\r\n','0402'),('040301','ACCHA\r\n','0403'),('040302','CCAPI\r\n','0403'),('040303','COLCHA\r\n','0403'),('040304','HUANOQUITE\r\n','0403'),('040305','OMACHA\r\n','0403'),('040306','YAURISQUE\r\n','0403'),('040307','PARURO\r\n','0403'),('040308','PACCARITAMBO\r\n','0403'),('040309','PILLPINTO\r\n','0403'),('040401','SANTO TOMAS\r\n','0404'),('040402','CAPACMARCA\r\n','0404'),('040403','COLQUEMARCA\r\n','0404'),('040404','CHAMACA\r\n','0404'),('040405','LLUSCO\r\n','0404'),('040406','QUIÑOTA\r\n','0404'),('040407','VELILLE\r\n','0404'),('040408','LIVITACA\r\n','0404'),('040501','ACOMAYO\r\n','0405'),('040502','ACOPIA\r\n','0405'),('040503','ACOS\r\n','0405'),('040504','POMACANCHI\r\n','0405'),('040505','MOSOC LLACTA\r\n','0405'),('040506','SANGARARA\r\n','0405'),('040507','RONDOCAN\r\n','0405'),('040601','PAUCARTAMBO\r\n','0406'),('040602','CAICAY\r\n','0406'),('040603','COLQUEPATA\r\n','0406'),('040604','CHALLABAMBA\r\n','0406'),('040605','KOSÑIPATA\r\n','0406'),('040606','HUANCARANI\r\n','0406'),('040701','SANTA ANA\r\n','0407'),('040702','ECHARATI\r\n','0407'),('040703','HUAYOPATA\r\n','0407'),('040704','OCOBAMBA\r\n','0407'),('040705','SANTA TERESA\r\n','0407'),('040706','VILCABAMBA\r\n','0407'),('040707','QUELLOUNO\r\n','0407'),('040708','KIMBIRI\r\n','0407'),('040709','PICHARI\r\n','0407'),('040710','MARANURA\r\n','0407'),('040801','ESPINAR\r\n','0408'),('040802','CONDOROMA\r\n','0408'),('040803','COPORAQUE\r\n','0408'),('040804','OCORURO\r\n','0408'),('040805','PICHIGUA\r\n','0408'),('040806','SUYCKUTAMBO\r\n','0408'),('040807','ALTO PICHIGUA\r\n','0408'),('040808','PALLPATA\r\n','0408'),('040901','SICUANI\r\n','0409'),('040902','COMBAPATA\r\n','0409'),('040903','CHECACUPE\r\n','0409'),('040904','MARANGANI\r\n','0409'),('040905','PITUMARCA\r\n','0409'),('040906','SAN PEDRO\r\n','0409'),('040907','TINTA\r\n','0409'),('040908','SAN PABLO\r\n','0409'),('041001','YANAOCA\r\n','0410'),('041002','CHECCA\r\n','0410'),('041003','KUNTURKANKI\r\n','0410'),('041004','LANGUI\r\n','0410'),('041005','LAYO\r\n','0410'),('041006','PAMPAMARCA\r\n','0410'),('041007','TUPAC AMARU\r\n','0410'),('041008','QUEHUE\r\n','0410'),('041101','COYA\r\n','0411'),('041102','LAMAY\r\n','0411'),('041103','LARES\r\n','0411'),('041104','PISAC\r\n','0411'),('041105','SAN SALVADOR\r\n','0411'),('041106','TARAY\r\n','0411'),('041107','CALCA\r\n','0411'),('041108','YANATILE\r\n','0411'),('041201','ANTA\r\n','0412'),('041202','CHINCHAYPUJIO\r\n','0412'),('041203','LIMATAMBO\r\n','0412'),('041204','MOLLEPATA\r\n','0412'),('041205','PUCYURA\r\n','0412'),('041206','ZURITE\r\n','0412'),('041207','CACHIMAYO\r\n','0412'),('041208','ANCAHUASI\r\n','0412'),('041209','HUAROCONDO\r\n','0412'),('041301','CUSCO\r\n','0413'),('041302','CCORCA\r\n','0413'),('041303','POROY\r\n','0413'),('041304','SAN SEBASTIAN\r\n','0413'),('041305','SANTIAGO\r\n','0413'),('041306','WANCHAQ\r\n','0413'),('041307','SAN JERONIMO\r\n','0413'),('041308','SAYLLA\r\n','0413'),('050101','CASTROVIRREYNA\r\n','0501'),('050102','AURAHUA\r\n','0501'),('050103','CAPILLAS\r\n','0501'),('050104','COCAS\r\n','0501'),('050105','CHUPAMARCA\r\n','0501'),('050106','HUACHOS\r\n','0501'),('050107','HUAMATAMBO\r\n','0501'),('050108','SAN JUAN\r\n','0501'),('050109','TANTARA\r\n','0501'),('050110','TICRAPO\r\n','0501'),('050111','SANTA ANA\r\n','0501'),('050112','ARMA\r\n','0501'),('050113','MOLLEPAMPA\r\n','0501'),('050201','ACOBAMBA\r\n','0502'),('050202','ANTA\r\n','0502'),('050203','ANDABAMBA\r\n','0502'),('050204','CAJA\r\n','0502'),('050205','MARCAS\r\n','0502'),('050206','PAUCARA\r\n','0502'),('050207','ROSARIO\r\n','0502'),('050208','POMACOCHA\r\n','0502'),('050301','CHURCAMPA\r\n','0503'),('050302','ANCO\r\n','0503'),('050303','CHINCHIHUASI\r\n','0503'),('050304','EL CARMEN\r\n','0503'),('050305','LA MERCED\r\n','0503'),('050306','PAUCARBAMBA\r\n','0503'),('050307','SAN MIGUEL DE MAYOCC\r\n','0503'),('050308','SAN PEDRO DE CORIS\r\n','0503'),('050309','PACHAMARCA\r\n','0503'),('050310','LOCROJA\r\n','0503'),('050401','AYAVI\r\n','0504'),('050402','CORDOVA\r\n','0504'),('050403','HUAYACUNDO ARMA\r\n','0504'),('050404','HUAYTARA\r\n','0504'),('050405','LARAMARCA\r\n','0504'),('050406','PILPICHACA\r\n','0504'),('050407','QUERCO\r\n','0504'),('050408','QUITO ARMA\r\n','0504'),('050409','SAN ANTONIO DE CUSICANCHA\r\n','0504'),('050410','SAN FRANCISCO DE SANGAYAICO\r\n','0504'),('050411','SAN ISIDRO\r\n','0504'),('050412','SANTIAGO DE QUIRAHUARA\r\n','0504'),('050413','SANTO DOMINGO DE CAPILLAS\r\n','0504'),('050414','TAMBO\r\n','0504'),('050415','OCOYO\r\n','0504'),('050416','SANTIAGO DE CHOCORVOS\r\n','0504'),('050501','PAMPAS\r\n','0505'),('050502','ACOSTAMBO\r\n','0505'),('050503','COLCABAMBA\r\n','0505'),('050504','DANIEL HERNANDEZ\r\n','0505'),('050505','HUACHOCOLPA\r\n','0505'),('050506','HUARIBAMBA\r\n','0505'),('050507','ÑAHUIMPUQUIO\r\n','0505'),('050508','QUISHUAR\r\n','0505'),('050509','SALCABAMBA\r\n','0505'),('050510','SURCABAMBA\r\n','0505'),('050511','TINTAY PUNCU\r\n','0505'),('050512','SALCAHUASI\r\n','0505'),('050513','ACRAQUIA\r\n','0505'),('050514','SAN MARCOS DE ROCCHAC\r\n','0505'),('050515','AHUAYCHA\r\n','0505'),('050516','PAZOS\r\n','0505'),('050601','LIRCAY\r\n','0506'),('050602','ANCHONGA\r\n','0506'),('050603','CALLANMARCA\r\n','0506'),('050604','CONGALLA\r\n','0506'),('050605','CHINCHO\r\n','0506'),('050606','HUANCA-HUANCA\r\n','0506'),('050607','JULCAMARCA\r\n','0506'),('050608','SAN ANTONIO DE ANTAPARCO\r\n','0506'),('050609','SANTO TOMAS DE PATA\r\n','0506'),('050610','SECCLLA\r\n','0506'),('050611','CCOCHACCASA\r\n','0506'),('050612','HUALLAY-GRANDE\r\n','0506'),('050701','HUANCAVELICA\r\n','0507'),('050702','ACOBAMBILLA\r\n','0507'),('050703','ACORIA\r\n','0507'),('050704','CONAYCA\r\n','0507'),('050705','HUACHOCOLPA\r\n','0507'),('050706','HUAYLLAHUARA\r\n','0507'),('050707','IZCUCHACA\r\n','0507'),('050708','LARIA\r\n','0507'),('050709','MANTA\r\n','0507'),('050710','MARISCAL CACERES\r\n','0507'),('050711','NUEVO OCCORO\r\n','0507'),('050712','PALCA\r\n','0507'),('050713','PILCHACA\r\n','0507'),('050714','VILCA\r\n','0507'),('050715','YAULI\r\n','0507'),('050716','HUANDO\r\n','0507'),('050717','CUENCA\r\n','0507'),('050718','MOYA\r\n','0507'),('050719','ASCENSION\r\n','0507'),('060101','JESUS\r\n','0601'),('060102','BAÑOS\r\n','0601'),('060103','QUEROPALCA\r\n','0601'),('060104','SAN MIGUEL DE CAURI\r\n','0601'),('060105','RONDOS\r\n','0601'),('060106','JIVIA\r\n','0601'),('060107','SAN FRANCISCO DE ASIS\r\n','0601'),('060201','LLATA\r\n','0602'),('060202','ARANCAY\r\n','0602'),('060203','CHAVIN DE PARIARCA\r\n','0602'),('060204','JACAS GRANDE\r\n','0602'),('060205','JIRCAN\r\n','0602'),('060206','MONZON\r\n','0602'),('060207','PUNCHAO\r\n','0602'),('060208','PUÑOS\r\n','0602'),('060209','SINGA\r\n','0602'),('060210','MIRAFLORES\r\n','0602'),('060211','TANTAMAYO\r\n','0602'),('060301','AMBO\r\n','0603'),('060302','CAYNA\r\n','0603'),('060303','COLPAS\r\n','0603'),('060304','CONCHAMARCA\r\n','0603'),('060305','HUACAR\r\n','0603'),('060306','SAN FRANCISCO\r\n','0603'),('060307','SAN RAFAEL\r\n','0603'),('060308','TOMAY-KICHWA\r\n','0603'),('060401','CHAVINILLO\r\n','0604'),('060402','APARICIO POMARES\r\n','0604'),('060403','CAHUAC\r\n','0604'),('060404','CHACABAMBA\r\n','0604'),('060405','OBAS\r\n','0604'),('060406','PAMPAMARCA\r\n','0604'),('060407','CHORAS\r\n','0604'),('060408','JACAS CHICO\r\n','0604'),('060501','HUACAYBAMBA\r\n','0605'),('060502','PINRA\r\n','0605'),('060503','CANCHABAMBA\r\n','0605'),('060504','COCHABAMBA\r\n','0605'),('060601','HONORIA\r\n','0606'),('060602','PUERTO INCA\r\n','0606'),('060603','CODO DEL POZUZO\r\n','0606'),('060604','TOURNAVISTA\r\n','0606'),('060605','YUYAPICHIS\r\n','0606'),('060701','PANAO\r\n','0607'),('060702','CHAGLLA\r\n','0607'),('060703','MOLINO\r\n','0607'),('060704','UMARI\r\n','0607'),('060801','RUPA-RUPA\r\n','0608'),('060802','DANIEL ALOMIA ROBLES\r\n','0608'),('060803','HERMILIO VALDIZAN\r\n','0608'),('060804','LUYANDO\r\n','0608'),('060805','JOSE CRESPO Y CASTILLO\r\n','0608'),('060806','MARIANO DAMASO BERAUN\r\n','0608'),('060901','HUACRACHUCO\r\n','0609'),('060902','CHOLON\r\n','0609'),('060903','SAN BUENAVENTURA\r\n','0609'),('061001','LA UNION\r\n','0610'),('061002','CHUQUIS\r\n','0610'),('061003','MARIAS\r\n','0610'),('061004','PACHAS\r\n','0610'),('061005','QUIVILLA\r\n','0610'),('061006','RIPAN\r\n','0610'),('061007','SHUNQUI\r\n','0610'),('061008','YANAS\r\n','0610'),('061009','SILLAPATA\r\n','0610'),('061101','HUANUCO\r\n','0611'),('061102','CHINCHAO\r\n','0611'),('061103','MARGOS\r\n','0611'),('061104','QUISQUI\r\n','0611'),('061105','SAN FRANCISCO DE CAYRAN\r\n','0611'),('061106','SAN PEDRO DE CHAULAN\r\n','0611'),('061107','SANTA MARIA DEL VALLE\r\n','0611'),('061108','YARUMAYO\r\n','0611'),('061109','AMARILIS\r\n','0611'),('061110','CHURUBAMBA\r\n','0611'),('061111','PILLCO MARCA\r\n','0611'),('070101','LLIPATA\r\n','0701'),('070102','PALPA\r\n','0701'),('070103','SANTA CRUZ\r\n','0701'),('070104','TIBILLO\r\n','0701'),('070105','RIO GRANDE\r\n','0701'),('070201','NAZCA\r\n','0702'),('070202','CHANGUILLO\r\n','0702'),('070203','EL INGENIO\r\n','0702'),('070204','MARCONA\r\n','0702'),('070205','VISTA ALEGRE\r\n','0702'),('070301','ICA\r\n','0703'),('070302','LA TINGUIÑA\r\n','0703'),('070303','LOS AQUIJES\r\n','0703'),('070304','PARCONA\r\n','0703'),('070305','SALAS\r\n','0703'),('070306','SAN JOSE DE LOS MOLINOS\r\n','0703'),('070307','SAN JUAN BAUTISTA\r\n','0703'),('070308','SANTIAGO\r\n','0703'),('070309','SUBTANJALLA\r\n','0703'),('070310','YAUCA DEL ROSARIO\r\n','0703'),('070311','TATE\r\n','0703'),('070312','OCUCAJE\r\n','0703'),('070313','PUEBLO NUEVO\r\n','0703'),('070314','PACHACUTEC\r\n','0703'),('070401','PISCO\r\n','0704'),('070402','HUANCANO\r\n','0704'),('070403','HUMAY\r\n','0704'),('070404','INDEPENDENCIA\r\n','0704'),('070405','PARACAS\r\n','0704'),('070406','SAN ANDRES\r\n','0704'),('070407','TUPAC AMARU INCA\r\n','0704'),('070408','SAN CLEMENTE\r\n','0704'),('070501','CHINCHA ALTA\r\n','0705'),('070502','CHAVIN\r\n','0705'),('070503','CHINCHA BAJA\r\n','0705'),('070504','EL CARMEN\r\n','0705'),('070505','GROCIO PRADO\r\n','0705'),('070506','SUNAMPE\r\n','0705'),('070507','TAMBO DE MORA\r\n','0705'),('070508','ALTO LARAN\r\n','0705'),('070509','PUEBLO NUEVO\r\n','0705'),('070510','SAN JUAN DE YANAC\r\n','0705'),('070511','SAN PEDRO DE HUACARPANA\r\n','0705'),('080101','TAMBOPATA\r\n','0801'),('080102','INAMBARI\r\n','0801'),('080103','LABERINTO\r\n','0801'),('080104','LAS PIEDRAS\r\n','0801'),('080201','IÑAPARI\r\n','0802'),('080202','TAHUAMANU\r\n','0802'),('080203','IBERIA\r\n','0802'),('080301','MANU\r\n','0803'),('080302','FITZCARRALD\r\n','0803'),('080303','MADRE DE DIOS\r\n','0803'),('080304','HUEPETUHE\r\n','0803'),('090101','OXAPAMPA\r\n','0901'),('090102','HUANCABAMBA\r\n','0901'),('090103','PUERTO BERMUDEZ\r\n','0901'),('090104','VILLA RICA\r\n','0901'),('090105','POZUZO\r\n','0901'),('090106','PALCAZU\r\n','0901'),('090107','CHONTABAMBA\r\n','0901'),('090201','HUACHON\r\n','0902'),('090202','HUARIACA\r\n','0902'),('090203','HUAYLLAY\r\n','0902'),('090204','NINACACA\r\n','0902'),('090205','PALLANCHACRA\r\n','0902'),('090206','PAUCARTAMBO\r\n','0902'),('090207','SAN FRANCISCO DE ASIS DE YARUSYACAN\r\n','0902'),('090208','TICLACAYAN\r\n','0902'),('090209','TINYAHUARCO\r\n','0902'),('090210','VICCO\r\n','0902'),('090211','YANACANCHA\r\n','0902'),('090212','CHAUPIMARCA\r\n','0902'),('090213','SIMON BOLIVAR\r\n','0902'),('090301','YANAHUANCA\r\n','0903'),('090302','CHACAYAN\r\n','0903'),('090303','GOYLLARISQUIZGA\r\n','0903'),('090304','SAN PEDRO DE PILLAO\r\n','0903'),('090305','SANTA ANA DE TUSI\r\n','0903'),('090306','TAPUC\r\n','0903'),('090307','VILCABAMBA\r\n','0903'),('090308','PAUCAR\r\n','0903'),('100101','SULLANA\r\n','1001'),('100102','LANCONES\r\n','1001'),('100103','MARCAVELICA\r\n','1001'),('100104','MIGUEL CHECA\r\n','1001'),('100105','QUERECOTILLO\r\n','1001'),('100106','SALITRAL\r\n','1001'),('100107','IGNACIO ESCUDERO\r\n','1001'),('100108','BELLAVISTA\r\n','1001'),('100201','HUANCABAMBA\r\n','1002'),('100202','CANCHAQUE\r\n','1002'),('100203','HUARMACA\r\n','1002'),('100204','SONDOR\r\n','1002'),('100205','EL CARMEN DE LA FRONTERA\r\n','1002'),('100206','SAN MIGUEL DE EL FAIQUE\r\n','1002'),('100207','LALAQUIZ\r\n','1002'),('100208','SONDORILLO\r\n','1002'),('100301','SECHURA\r\n','1003'),('100302','VICE\r\n','1003'),('100303','BELLAVISTA DE LA UNION\r\n','1003'),('100304','CRISTO NOS VALGA\r\n','1003'),('100305','RINCONADA-LLICUAR\r\n','1003'),('100306','BERNAL\r\n','1003'),('100401','PARIÑAS\r\n','1004'),('100402','LA BREA\r\n','1004'),('100403','LOBITOS\r\n','1004'),('100404','MANCORA\r\n','1004'),('100405','LOS ORGANOS\r\n','1004'),('100406','EL ALTO\r\n','1004'),('100501','PAITA\r\n','1005'),('100502','ARENAL\r\n','1005'),('100503','LA HUACA\r\n','1005'),('100504','COLAN\r\n','1005'),('100505','TAMARINDO\r\n','1005'),('100506','VICHAYAL\r\n','1005'),('100507','AMOTAPE\r\n','1005'),('100601','CHULUCANAS\r\n','1006'),('100602','BUENOS AIRES\r\n','1006'),('100603','CHALACO\r\n','1006'),('100604','MORROPON\r\n','1006'),('100605','SANTA CATALINA DE MOSSA\r\n','1006'),('100606','SANTO DOMINGO\r\n','1006'),('100607','LA MATANZA\r\n','1006'),('100608','YAMANGO\r\n','1006'),('100609','SAN JUAN DE BIGOTE\r\n','1006'),('100610','SALITRAL\r\n','1006'),('100701','FRIAS\r\n','1007'),('100702','LAGUNAS\r\n','1007'),('100703','MONTERO\r\n','1007'),('100704','PACAIPAMPA\r\n','1007'),('100705','SAPILLICA\r\n','1007'),('100706','SICCHEZ\r\n','1007'),('100707','SUYO\r\n','1007'),('100708','PAIMAS\r\n','1007'),('100709','AYABACA\r\n','1007'),('100710','JILILI\r\n','1007'),('100801','PIURA\r\n','1008'),('100802','CASTILLA\r\n','1008'),('100803','LA ARENA\r\n','1008'),('100804','LA UNION\r\n','1008'),('100805','LAS LOMAS\r\n','1008'),('100806','TAMBO GRANDE\r\n','1008'),('100807','CURA MORI\r\n','1008'),('100808','EL TALLAN\r\n','1008'),('100809','CATACAOS\r\n','1008'),('110101','LOCUMBA\r\n','1101'),('110102','ITE\r\n','1101'),('110103','ILABAYA\r\n','1101'),('110201','TACNA\r\n','1102'),('110202','CALANA\r\n','1102'),('110203','INCLAN\r\n','1102'),('110204','PACHIA\r\n','1102'),('110205','POCOLLAY\r\n','1102'),('110206','SAMA\r\n','1102'),('110207','ALTO DE LA ALIANZA\r\n','1102'),('110208','CIUDAD NUEVA\r\n','1102'),('110209','CORONEL GREGORIO ALBARRACIN LANCHIPA\r\n','1102'),('110210','PALCA\r\n','1102'),('110301','CANDARAVE\r\n','1103'),('110302','CAIRANI\r\n','1103'),('110303','CURIBAYA\r\n','1103'),('110304','QUILAHUANI\r\n','1103'),('110305','CAMILACA\r\n','1103'),('110306','HUANUARA\r\n','1103'),('110401','HEROES ALBARRACIN\r\n','1104'),('110402','ESTIQUE\r\n','1104'),('110403','ESTIQUE PAMPA\r\n','1104'),('110404','SITAJARA\r\n','1104'),('110405','SUSAPAYA\r\n','1104'),('110406','TARUCACHI\r\n','1104'),('110407','TARATA\r\n','1104'),('110408','TICACO\r\n','1104'),('120101','TUMBES\r\n','1201'),('120102','CORRALES\r\n','1201'),('120103','LA CRUZ\r\n','1201'),('120104','PAMPAS DE HOSPITAL\r\n','1201'),('120105','SAN JUAN DE LA VIRGEN\r\n','1201'),('120106','SAN JACINTO\r\n','1201'),('120201','ZARUMILLA\r\n','1202'),('120202','MATAPALO\r\n','1202'),('120203','PAPAYAL\r\n','1202'),('120204','AGUAS VERDES\r\n','1202'),('120301','ZORRITOS\r\n','1203'),('120302','CASITAS\r\n','1203'),('120303','CANOAS DE PUNTA SAL\r\n','1203'),('130101','CHANCHAMAYO\r\n','1301'),('130102','SAN RAMON\r\n','1301'),('130103','VITOC\r\n','1301'),('130104','SAN LUIS DE SHUARO\r\n','1301'),('130105','PICHANAQUI\r\n','1301'),('130106','PERENE\r\n','1301'),('130201','LA OROYA\r\n','1302'),('130202','CHACAPALPA\r\n','1302'),('130203','HUAY HUAY\r\n','1302'),('130204','MARCAPOMACOCHA\r\n','1302'),('130205','MOROCOCHA\r\n','1302'),('130206','PACCHA\r\n','1302'),('130207','SUITUCANCHA\r\n','1302'),('130208','YAULI\r\n','1302'),('130209','SANTA ROSA DE SACCO\r\n','1302'),('130210','SANTA BARBARA DE CARHUACAYAN\r\n','1302'),('130301','PACCHA\r\n','1303'),('130302','SAN PEDRO DE CHUNAN\r\n','1303'),('130303','JAUJA\r\n','1303'),('130304','ACOLLA\r\n','1303'),('130305','APATA\r\n','1303'),('130306','ATAURA\r\n','1303'),('130307','EL MANTARO\r\n','1303'),('130308','HUAMALI\r\n','1303'),('130309','HUARIPAMPA\r\n','1303'),('130310','HUERTAS\r\n','1303'),('130311','JANJAILLO\r\n','1303'),('130312','JULCAN\r\n','1303'),('130313','LEONOR ORDOÑEZ\r\n','1303'),('130314','MARCO\r\n','1303'),('130315','MASMA\r\n','1303'),('130316','MOLINOS\r\n','1303'),('130317','MONOBAMBA\r\n','1303'),('130318','MUQUI\r\n','1303'),('130319','MUQUIYAUYO\r\n','1303'),('130320','PANCAN\r\n','1303'),('130321','PARCO\r\n','1303'),('130322','POMACANCHA\r\n','1303'),('130323','RICRAN\r\n','1303'),('130324','SAN LORENZO\r\n','1303'),('130325','SINCOS\r\n','1303'),('130326','YAULI\r\n','1303'),('130327','CURICACA\r\n','1303'),('130328','MASMA CHICCHE\r\n','1303'),('130329','SAUSA\r\n','1303'),('130330','YAUYOS\r\n','1303'),('130331','CANCHAYLLO\r\n','1303'),('130332','LLOCLLAPAMPA\r\n','1303'),('130333','PACA\r\n','1303'),('130334','TUNAN MARCA\r\n','1303'),('130401','HUANCAYO\r\n','1304'),('130402','CARHUACALLANGA\r\n','1304'),('130403','COLCA\r\n','1304'),('130404','CULLHUAS\r\n','1304'),('130405','CHACAPAMPA\r\n','1304'),('130406','CHILCA\r\n','1304'),('130407','CHONGOS ALTO\r\n','1304'),('130408','CHUPURO\r\n','1304'),('130409','EL TAMBO\r\n','1304'),('130410','HUACRAPUQUIO\r\n','1304'),('130411','HUALHUAS\r\n','1304'),('130412','HUASICANCHA\r\n','1304'),('130413','HUAYUCACHI\r\n','1304'),('130414','INGENIO\r\n','1304'),('130415','PARIAHUANCA\r\n','1304'),('130416','PILCOMAYO\r\n','1304'),('130417','PUCARA\r\n','1304'),('130418','QUILCAS\r\n','1304'),('130419','SAN AGUSTIN\r\n','1304'),('130420','SAN JERONIMO DE TUNAN\r\n','1304'),('130421','SANTO DOMINGO DE ACOBAMBA\r\n','1304'),('130422','SAÑO\r\n','1304'),('130423','SAPALLANGA\r\n','1304'),('130424','VIQUES\r\n','1304'),('130425','CHICCHE\r\n','1304'),('130426','HUANCAN\r\n','1304'),('130427','QUICHUAY\r\n','1304'),('130428','SICAYA\r\n','1304'),('130501','AHUAC\r\n','1305'),('130502','CHONGOS BAJO\r\n','1305'),('130503','HUACHAC\r\n','1305'),('130504','HUAMANCACA CHICO\r\n','1305'),('130505','SAN JUAN DE YSCOS\r\n','1305'),('130506','SAN JUAN DE JARPA\r\n','1305'),('130507','YANACANCHA\r\n','1305'),('130508','CHUPACA\r\n','1305'),('130509','TRES DE DICIEMBRE\r\n','1305'),('130601','SATIPO\r\n','1306'),('130602','COVIRIALI\r\n','1306'),('130603','LLAYLLA\r\n','1306'),('130604','MAZAMARI\r\n','1306'),('130605','PAMPA HERMOSA\r\n','1306'),('130606','PANGOA\r\n','1306'),('130607','RIO TAMBO\r\n','1306'),('130608','RIO NEGRO\r\n','1306'),('130701','TARMA\r\n','1307'),('130702','HUARICOLCA\r\n','1307'),('130703','HUASAHUASI\r\n','1307'),('130704','LA UNION\r\n','1307'),('130705','PALCA\r\n','1307'),('130706','PALCAMAYO\r\n','1307'),('130707','SAN PEDRO DE CAJAS\r\n','1307'),('130708','ACOBAMBA\r\n','1307'),('130709','TAPO\r\n','1307'),('130801','JUNIN\r\n','1308'),('130802','CARHUAMAYO\r\n','1308'),('130803','ONDORES\r\n','1308'),('130804','ULCUMAYO\r\n','1308'),('130901','CONCEPCION\r\n','1309'),('130902','ACO\r\n','1309'),('130903','ANDAMARCA\r\n','1309'),('130904','COMAS\r\n','1309'),('130905','COCHAS\r\n','1309'),('130906','HEROINAS TOLEDO\r\n','1309'),('130907','MANZANARES\r\n','1309'),('130908','MARISCAL CASTILLA\r\n','1309'),('130909','MATAHUASI\r\n','1309'),('130910','MITO\r\n','1309'),('130911','NUEVE DE JULIO\r\n','1309'),('130912','SANTA ROSA DE OCOPA\r\n','1309'),('130913','SAN JOSE DE QUERO\r\n','1309'),('130914','CHAMBARA\r\n','1309'),('130915','ORCOTUNA\r\n','1309'),('140101','CASCAS\r\n','1401'),('140102','LUCMA\r\n','1401'),('140103','MARMOT\r\n','1401'),('140104','SAYAPULLO\r\n','1401'),('140201','CHEPEN\r\n','1402'),('140202','PACANGA\r\n','1402'),('140203','PUEBLO NUEVO\r\n','1402'),('140301','HUARANCHAL\r\n','1403'),('140302','OTUZCO\r\n','1403'),('140303','AGALLPAMPA\r\n','1403'),('140304','CHARAT\r\n','1403'),('140305','LA CUESTA\r\n','1403'),('140306','PARANDAY\r\n','1403'),('140307','SALPO\r\n','1403'),('140308','SINSICAP\r\n','1403'),('140309','USQUIL\r\n','1403'),('140310','MACHE\r\n','1403'),('140401','TRUJILLO\r\n','1404'),('140402','HUANCHACO\r\n','1404'),('140403','LAREDO\r\n','1404'),('140404','MOCHE\r\n','1404'),('140405','SALAVERRY\r\n','1404'),('140406','SIMBAL\r\n','1404'),('140407','VICTOR LARCO HERRERA\r\n','1404'),('140408','EL PORVENIR\r\n','1404'),('140409','LA ESPERANZA\r\n','1404'),('140410','FLORENCIA DE MORA\r\n','1404'),('140411','POROTO\r\n','1404'),('140501','VIRU\r\n','1405'),('140502','GUADALUPITO\r\n','1405'),('140503','CHAO\r\n','1405'),('140601','JULCAN\r\n','1406'),('140602','CARABAMBA\r\n','1406'),('140603','HUASO\r\n','1406'),('140604','CALAMARCA\r\n','1406'),('140701','ASCOPE\r\n','1407'),('140702','CHICAMA\r\n','1407'),('140703','CHOCOPE\r\n','1407'),('140704','SANTIAGO DE CAO\r\n','1407'),('140705','MAGDALENA DE CAO\r\n','1407'),('140706','PAIJAN\r\n','1407'),('140707','CASA GRANDE\r\n','1407'),('140708','RAZURI\r\n','1407'),('140801','SANTIAGO DE CHUCO\r\n','1408'),('140802','CACHICADAN\r\n','1408'),('140803','MOLLEBAMBA\r\n','1408'),('140804','MOLLEPATA\r\n','1408'),('140805','QUIRUVILCA\r\n','1408'),('140806','SITABAMBA\r\n','1408'),('140807','ANGASMARCA\r\n','1408'),('140808','SANTA CRUZ DE CHUCA\r\n','1408'),('140901','TAYABAMBA\r\n','1409'),('140902','BULDIBUYO\r\n','1409'),('140903','CHILLIA\r\n','1409'),('140904','HUAYLILLAS\r\n','1409'),('140905','HUAYO\r\n','1409'),('140906','ONGON\r\n','1409'),('140907','PARCOY\r\n','1409'),('140908','PATAZ\r\n','1409'),('140909','PIAS\r\n','1409'),('140910','TAURIJA\r\n','1409'),('140911','SANTIAGO DE CHALLAS\r\n','1409'),('140912','HUANCASPATA\r\n','1409'),('140913','URPAY\r\n','1409'),('141001','GUADALUPE\r\n','1410'),('141002','JEQUETEPEQUE\r\n','1410'),('141003','PACASMAYO\r\n','1410'),('141004','SAN JOSE\r\n','1410'),('141005','SAN PEDRO DE LLOC\r\n','1410'),('141101','MARCABAL\r\n','1411'),('141102','HUAMACHUCO\r\n','1411'),('141103','COCHORCO\r\n','1411'),('141104','CURGOS\r\n','1411'),('141105','CHUGAY\r\n','1411'),('141106','SARIN\r\n','1411'),('141107','SARTIMBAMBA\r\n','1411'),('141108','SANAGORAN\r\n','1411'),('141201','BOLIVAR\r\n','1412'),('141202','BAMBAMARCA\r\n','1412'),('141203','LONGOTEA\r\n','1412'),('141204','UCUNCHA\r\n','1412'),('141205','UCHUMARCA\r\n','1412'),('141206','CONDORMARCA\r\n','1412'),('150101','PATAPO\r\n','1501'),('150102','CHICLAYO\r\n','1501'),('150103','CHONGOYAPE\r\n','1501'),('150104','ETEN\r\n','1501'),('150105','ETEN PUERTO\r\n','1501'),('150106','LAGUNAS\r\n','1501'),('150107','NUEVA ARICA\r\n','1501'),('150108','OYOTUN\r\n','1501'),('150109','PICSI\r\n','1501'),('150110','PIMENTEL\r\n','1501'),('150111','REQUE\r\n','1501'),('150112','JOSE LEONARDO ORTIZ\r\n','1501'),('150113','SAÑA\r\n','1501'),('150114','LA VICTORIA\r\n','1501'),('150115','CAYALTI\r\n','1501'),('150116','POMALCA\r\n','1501'),('150117','PUCALA\r\n','1501'),('150118','TUMAN\r\n','1501'),('150119','MONSEFU\r\n','1501'),('150120','SANTA ROSA\r\n','1501'),('150201','LAMBAYEQUE\r\n','1502'),('150202','CHOCHOPE\r\n','1502'),('150203','ILLIMO\r\n','1502'),('150204','MOCHUMI\r\n','1502'),('150205','MORROPE\r\n','1502'),('150206','MOTUPE\r\n','1502'),('150207','OLMOS\r\n','1502'),('150208','PACORA\r\n','1502'),('150209','SALAS\r\n','1502'),('150210','TUCUME\r\n','1502'),('150211','JAYANCA\r\n','1502'),('150212','SAN JOSE\r\n','1502'),('150301','INCAHUASI\r\n','1503'),('150302','PITIPO\r\n','1503'),('150303','PUEBLO NUEVO\r\n','1503'),('150304','MANUEL ANTONIO MESONES MURO\r\n','1503'),('150305','FERREÑAFE\r\n','1503'),('150306','CAÑARIS\r\n','1503'),('160101','HUARAL\r\n','1601'),('160102','ATAVILLOS ALTO\r\n','1601'),('160103','ATAVILLOS BAJO\r\n','1601'),('160104','AUCALLAMA\r\n','1601'),('160105','CHANCAY\r\n','1601'),('160106','IHUARI\r\n','1601'),('160107','LAMPIAN\r\n','1601'),('160108','SAN MIGUEL DE ACOS\r\n','1601'),('160109','VEINTISIETE DE NOVIEMBRE\r\n','1601'),('160110','SANTA CRUZ DE ANDAMARCA\r\n','1601'),('160111','SUMBILCA\r\n','1601'),('160112','PACARAOS\r\n','1601'),('160201','SAN BUENAVENTURA\r\n','1602'),('160202','CANTA\r\n','1602'),('160203','ARAHUAY\r\n','1602'),('160204','HUAMANTANGA\r\n','1602'),('160205','HUAROS\r\n','1602'),('160206','SANTA ROSA DE QUIVES\r\n','1602'),('160207','LACHAQUI\r\n','1602'),('160301','MALA\r\n','1603'),('160302','NUEVO IMPERIAL\r\n','1603'),('160303','PACARAN\r\n','1603'),('160304','QUILMANA\r\n','1603'),('160305','SAN ANTONIO\r\n','1603'),('160306','SAN LUIS\r\n','1603'),('160307','ZUÑIGA\r\n','1603'),('160308','ASIA\r\n','1603'),('160309','SAN VICENTE DE CAÑETE\r\n','1603'),('160310','CALANGO\r\n','1603'),('160311','CERRO AZUL\r\n','1603'),('160312','COAYLLO\r\n','1603'),('160313','CHILCA\r\n','1603'),('160314','LUNAHUANA\r\n','1603'),('160315','SANTA CRUZ DE FLORES\r\n','1603'),('160316','IMPERIAL\r\n','1603'),('160401','CAJATAMBO\r\n','1604'),('160402','COPA\r\n','1604'),('160403','HUANCAPON\r\n','1604'),('160404','MANAS\r\n','1604'),('160405','GORGOR\r\n','1604'),('160501','LIMA\r\n','1605'),('160502','ANCON\r\n','1605'),('160503','ATE\r\n','1605'),('160504','BREÑA\r\n','1605'),('160505','CARABAYLLO\r\n','1605'),('160506','CHACLACAYO\r\n','1605'),('160507','CHORRILLOS\r\n','1605'),('160508','LA VICTORIA\r\n','1605'),('160509','LA MOLINA\r\n','1605'),('160510','LINCE\r\n','1605'),('160511','LURIN\r\n','1605'),('160512','MAGDALENA DEL MAR\r\n','1605'),('160513','MIRAFLORES\r\n','1605'),('160514','PACHACAMAC\r\n','1605'),('160515','PUEBLO LIBRE\r\n','1605'),('160516','PUCUSANA\r\n','1605'),('160517','PUENTE PIEDRA\r\n','1605'),('160518','PUNTA NEGRA\r\n','1605'),('160519','RIMAC\r\n','1605'),('160520','SAN BARTOLO\r\n','1605'),('160521','SAN ISIDRO\r\n','1605'),('160522','BARRANCO\r\n','1605'),('160523','S.M.P.','1605'),('160524','SAN MIGUEL\r\n','1605'),('160525','SANTA ROSA\r\n','1605'),('160526','SANTIAGO DE SURCO\r\n','1605'),('160527','SURQUILLO\r\n','1605'),('160528','V.M.T.\r\n','1605'),('160529','JESUS MARIA\r\n','1605'),('160530','INDEPENDENCIA\r\n','1605'),('160531','EL AGUSTINO\r\n','1605'),('160532','S.J.M.\r\n','1605'),('160533','SAN LUIS\r\n','1605'),('160534','CIENEGUILLA\r\n','1605'),('160535','SAN BORJA\r\n','1605'),('160536','VILLA EL SALVADOR\r\n','1605'),('160537','LOS OLIVOS\r\n','1605'),('160538','SANTA ANITA\r\n','1605'),('160539','COMAS\r\n','1605'),('160540','LURIGANCHO\r\n','1605'),('160541','PUNTA HERMOSA\r\n','1605'),('160542','SANTA MARIA DEL MAR\r\n','1605'),('160543','S.J.L.\r\n','1605'),('160601','OYON\r\n','1606'),('160602','NAVAN\r\n','1606'),('160603','CAUJUL\r\n','1606'),('160604','ANDAJES\r\n','1606'),('160605','COCHAMARCA\r\n','1606'),('160606','PACHANGARA\r\n','1606'),('160701','BARRANCA\r\n','1607'),('160702','PARAMONGA\r\n','1607'),('160703','SUPE\r\n','1607'),('160704','SUPE PUERTO\r\n','1607'),('160705','PATIVILCA\r\n','1607'),('160801','ALIS\r\n','1608'),('160802','AYAUCA\r\n','1608'),('160803','AYAVIRI\r\n','1608'),('160804','AZANGARO\r\n','1608'),('160805','CACRA\r\n','1608'),('160806','CARANIA\r\n','1608'),('160807','COLONIA\r\n','1608'),('160808','CHOCOS\r\n','1608'),('160809','HUAMPARA\r\n','1608'),('160810','HUANCAYA\r\n','1608'),('160811','HUANTAN\r\n','1608'),('160812','HUAÑEC\r\n','1608'),('160813','LINCHA\r\n','1608'),('160814','MIRAFLORES\r\n','1608'),('160815','OMAS\r\n','1608'),('160816','QUINOCAY\r\n','1608'),('160817','SAN JOAQUIN\r\n','1608'),('160818','SAN PEDRO DE PILAS\r\n','1608'),('160819','TAURIPAMPA\r\n','1608'),('160820','TUPE\r\n','1608'),('160821','VIÑAC\r\n','1608'),('160822','VITIS\r\n','1608'),('160823','HONGOS\r\n','1608'),('160824','MADEAN\r\n','1608'),('160825','PUTINZA\r\n','1608'),('160826','HUANGASCAR\r\n','1608'),('160827','QUINCHES\r\n','1608'),('160828','YAUYOS\r\n','1608'),('160829','COCHAS\r\n','1608'),('160830','LARAOS\r\n','1608'),('160831','TANTA\r\n','1608'),('160832','TOMAS\r\n','1608'),('160833','CATAHUASI\r\n','1608'),('160901','MATUCANA\r\n','1609'),('160902','ANTIOQUIA\r\n','1609'),('160903','CARAMPOMA\r\n','1609'),('160904','SAN PEDRO DE CASTA\r\n','1609'),('160905','CUENCA\r\n','1609'),('160906','CHICLA\r\n','1609'),('160907','HUANZA\r\n','1609'),('160908','HUAROCHIRI\r\n','1609'),('160909','LAHUAYTAMBO\r\n','1609'),('160910','MARIATANA\r\n','1609'),('160911','RICARDO PALMA\r\n','1609'),('160912','SAN ANDRES DE TUPICOCHA\r\n','1609'),('160913','SAN ANTONIO\r\n','1609'),('160914','SAN BARTOLOME\r\n','1609'),('160915','SAN DAMIAN\r\n','1609'),('160916','SAN JUAN DE TANTARANCHE\r\n','1609'),('160917','SAN LORENZO DE QUINTI\r\n','1609'),('160918','SAN MATEO\r\n','1609'),('160919','SAN MATEO DE OTAO\r\n','1609'),('160920','SAN PEDRO DE HUANCAYRE\r\n','1609'),('160921','SANTA CRUZ DE COCACHACRA\r\n','1609'),('160922','SANTIAGO DE ANCHUCAYA\r\n','1609'),('160923','SANTIAGO DE TUNA\r\n','1609'),('160924','SANTO DOMINGO DE LOS OLLEROS\r\n','1609'),('160925','SURCO\r\n','1609'),('160926','HUACHUPAMPA\r\n','1609'),('160927','LARAOS\r\n','1609'),('160928','SAN JUAN DE IRIS\r\n','1609'),('160929','CALLAHUANCA\r\n','1609'),('160930','LANGA\r\n','1609'),('160931','SANGALLAYA\r\n','1609'),('160932','SANTA EULALIA\r\n','1609'),('161001','HUACHO\r\n','1610'),('161002','AMBAR\r\n','1610'),('161003','CALETA DE CARQUIN\r\n','1610'),('161004','CHECRAS\r\n','1610'),('161005','HUALMAY\r\n','1610'),('161006','HUAURA\r\n','1610'),('161007','PACCHO\r\n','1610'),('161008','SANTA LEONOR\r\n','1610'),('161009','SANTA MARIA\r\n','1610'),('161010','SAYAN\r\n','1610'),('161011','VEGUETA\r\n','1610'),('161012','LEONCIO PRADO\r\n','1610'),('170101','BELLAVISTA\r\n','1701'),('170102','LA PUNTA\r\n','1701'),('170103','CARMEN DE LA LEGUA-REYNOSO\r\n','1701'),('170104','LA PERLA\r\n','1701'),('170105','VENTANILLA\r\n','1701'),('170106','CALLAO\r\n','1701'),('180101','RAIMONDI\r\n','1801'),('180102','TAHUANIA\r\n','1801'),('180103','YURUA\r\n','1801'),('180104','SEPAHUA\r\n','1801'),('180201','PURUS\r\n','1802'),('180301','IRAZOLA\r\n','1803'),('180302','CURIMANA\r\n','1803'),('180303','PADRE ABAD\r\n','1803'),('180401','CALLERIA\r\n','1804'),('180402','MASISEA\r\n','1804'),('180403','CAMPOVERDE\r\n','1804'),('180404','IPARIA\r\n','1804'),('180405','NUEVA REQUENA\r\n','1804'),('180406','MANANTAY\r\n','1804'),('180407','YARINACOCHA\r\n','1804'),('190101','QUEROBAMBA\r\n','1901'),('190102','BELEN\r\n','1901'),('190103','CHALCOS\r\n','1901'),('190104','SAN SALVADOR DE QUIJE\r\n','1901'),('190105','PAICO\r\n','1901'),('190106','SAN PEDRO DE LARCAY\r\n','1901'),('190107','SORAS\r\n','1901'),('190108','HUACAÑA\r\n','1901'),('190109','CHILCAYOC\r\n','1901'),('190110','MORCOLLA\r\n','1901'),('190111','SANTIAGO DE PAUCARAY\r\n','1901'),('190201','HUANCAPI\r\n','1902'),('190202','ALCAMENCA\r\n','1902'),('190203','CANARIA\r\n','1902'),('190204','CAYARA\r\n','1902'),('190205','COLCA\r\n','1902'),('190206','HUAYA\r\n','1902'),('190207','HUAMANQUIQUIA\r\n','1902'),('190208','HUANCARAYLLA\r\n','1902'),('190209','VILCANCHOS\r\n','1902'),('190210','ASQUIPATA\r\n','1902'),('190211','APONGO\r\n','1902'),('190212','SARHUA\r\n','1902'),('190301','HUANTA\r\n','1903'),('190302','HUAMANGUILLA\r\n','1903'),('190303','LURICOCHA\r\n','1903'),('190304','SIVIA\r\n','1903'),('190305','LLOCHEGUA\r\n','1903'),('190306','IGUAIN\r\n','1903'),('190307','SANTILLANA\r\n','1903'),('190308','AYAHUANCO\r\n','1903'),('190401','COLTA\r\n','1904'),('190402','CORCULLA\r\n','1904'),('190403','LAMPA\r\n','1904'),('190404','MARCABAMBA\r\n','1904'),('190405','OYOLO\r\n','1904'),('190406','SAN JAVIER DE ALPABAMBA\r\n','1904'),('190407','SARA SARA\r\n','1904'),('190408','PAUSA\r\n','1904'),('190409','SAN JOSE DE USHUA\r\n','1904'),('190410','PARARCA\r\n','1904'),('190501','VISCHONGO\r\n','1905'),('190502','ACCOMARCA\r\n','1905'),('190503','CARHUANCA\r\n','1905'),('190504','CONCEPCION\r\n','1905'),('190505','HUAMBALPA\r\n','1905'),('190506','SAURAMA\r\n','1905'),('190507','INDEPENDENCIA\r\n','1905'),('190508','VILCAS HUAMAN\r\n','1905'),('190601','SANCOS\r\n','1906'),('190602','SACSAMARCA\r\n','1906'),('190603','SANTIAGO DE LUCANAMARCA\r\n','1906'),('190604','CARAPO\r\n','1906'),('190701','CORACORA\r\n','1907'),('190702','CORONEL CASTAÑEDA\r\n','1907'),('190703','CHUMPI\r\n','1907'),('190704','PACAPAUSA\r\n','1907'),('190705','PUYUSCA\r\n','1907'),('190706','SAN FRANCISCO DE RAVACAYCO\r\n','1907'),('190707','UPAHUACHO\r\n','1907'),('190708','PULLO\r\n','1907'),('190801','PUQUIO\r\n','1908'),('190802','AUCARA\r\n','1908'),('190803','CABANA\r\n','1908'),('190804','CHAVIÑA\r\n','1908'),('190805','CHIPAO\r\n','1908'),('190806','HUAC-HUAS\r\n','1908'),('190807','LARAMATE\r\n','1908'),('190808','LEONCIO PRADO\r\n','1908'),('190809','LUCANAS\r\n','1908'),('190810','LLAUTA\r\n','1908'),('190811','OTOCA\r\n','1908'),('190812','SANCOS\r\n','1908'),('190813','SAN JUAN\r\n','1908'),('190814','SAN PEDRO\r\n','1908'),('190815','SANTA ANA DE HUAYCAHUACHO\r\n','1908'),('190816','SANTA LUCIA\r\n','1908'),('190817','SAN PEDRO DE PALCO\r\n','1908'),('190818','SAN CRISTOBAL\r\n','1908'),('190819','CARMEN SALCEDO\r\n','1908'),('190820','OCAÑA\r\n','1908'),('190821','SAISA\r\n','1908'),('190901','SAN MIGUEL\r\n','1909'),('190902','ANCO\r\n','1909'),('190903','AYNA\r\n','1909'),('190904','CHILCAS\r\n','1909'),('190905','TAMBO\r\n','1909'),('190906','LUIS CARRANZA\r\n','1909'),('190907','SANTA ROSA\r\n','1909'),('190908','CHUNGUI\r\n','1909'),('191001','CANGALLO\r\n','1910'),('191002','LOS MOROCHUCOS\r\n','1910'),('191003','PARAS\r\n','1910'),('191004','TOTOS\r\n','1910'),('191005','MARIA PARADO DE BELLIDO\r\n','1910'),('191006','CHUSCHI\r\n','1910'),('191101','AYACUCHO\r\n','1911'),('191102','ACOS VINCHOS\r\n','1911'),('191103','CARMEN ALTO\r\n','1911'),('191104','CHIARA\r\n','1911'),('191105','QUINUA\r\n','1911'),('191106','SAN JOSE DE TICLLAS\r\n','1911'),('191107','SANTIAGO DE PISCHA\r\n','1911'),('191108','VINCHOS\r\n','1911'),('191109','TAMBILLO\r\n','1911'),('191110','ACOCRO\r\n','1911'),('191111','SOCOS\r\n','1911'),('191112','OCROS\r\n','1911'),('191113','PACAYCASA\r\n','1911'),('191114','SAN JUAN BAUTISTA\r\n','1911'),('191115','JESUS NAZARENO\r\n','1911'),('200101','SAN NICOLAS\r\n','2001'),('200102','COCHAMAL\r\n','2001'),('200103','CHIRIMOTO\r\n','2001'),('200104','HUAMBO\r\n','2001'),('200105','LONGAR\r\n','2001'),('200106','MARISCAL BENAVIDES\r\n','2001'),('200107','OMIA\r\n','2001'),('200108','SANTA ROSA\r\n','2001'),('200109','TOTORA\r\n','2001'),('200110','VISTA ALEGRE\r\n','2001'),('200111','LIMABAMBA\r\n','2001'),('200112','MILPUCC\r\n','2001'),('200201','BAGUA GRANDE\r\n','2002'),('200202','CAJARURO\r\n','2002'),('200203','CUMBA\r\n','2002'),('200204','EL MILAGRO\r\n','2002'),('200205','JAMALCA\r\n','2002'),('200206','YAMON\r\n','2002'),('200207','LONYA GRANDE\r\n','2002'),('200301','EL CENEPA\r\n','2003'),('200302','RIO SANTIAGO\r\n','2003'),('200303','NIEVA\r\n','2003'),('200401','LAMUD\r\n','2004'),('200402','CAMPORREDONDO\r\n','2004'),('200403','COCABAMBA\r\n','2004'),('200404','COLCAMAR\r\n','2004'),('200405','CONILA\r\n','2004'),('200406','INGUILPATA\r\n','2004'),('200407','LONYA CHICO\r\n','2004'),('200408','LUYA\r\n','2004'),('200409','LUYA VIEJO\r\n','2004'),('200410','MARIA\r\n','2004'),('200411','OCALLI\r\n','2004'),('200412','OCUMAL\r\n','2004'),('200413','SAN CRISTOBAL\r\n','2004'),('200414','SAN FRANCISCO DE YESO\r\n','2004'),('200415','SAN JERONIMO\r\n','2004'),('200416','SAN JUAN DE LOPECANCHA\r\n','2004'),('200417','SANTA CATALINA\r\n','2004'),('200418','SANTO TOMAS\r\n','2004'),('200419','TRITA\r\n','2004'),('200420','PROVIDENCIA\r\n','2004'),('200421','LONGUITA\r\n','2004'),('200422','PISUQUIA\r\n','2004'),('200423','TINGO\r\n','2004'),('200501','JUMBILLA\r\n','2005'),('200502','COROSHA\r\n','2005'),('200503','CUISPES\r\n','2005'),('200504','CHISQUILLA\r\n','2005'),('200505','FLORIDA\r\n','2005'),('200506','RECTA\r\n','2005'),('200507','SAN CARLOS\r\n','2005'),('200508','SHIPASBAMBA\r\n','2005'),('200509','VALERA\r\n','2005'),('200510','YAMBRASBAMBA\r\n','2005'),('200511','CHURUJA\r\n','2005'),('200512','JAZAN\r\n','2005'),('200601','LA PECA\r\n','2006'),('200602','ARAMANGO\r\n','2006'),('200603','EL PARCO\r\n','2006'),('200604','IMAZA\r\n','2006'),('200605','COPALLIN\r\n','2006'),('200701','CHACHAPOYAS\r\n','2007'),('200702','ASUNCION\r\n','2007'),('200703','CHETO\r\n','2007'),('200704','CHILIQUIN\r\n','2007'),('200705','CHUQUIBAMBA\r\n','2007'),('200706','GRANADA\r\n','2007'),('200707','HUANCAS\r\n','2007'),('200708','LEYMEBAMBA\r\n','2007'),('200709','LEVANTO\r\n','2007'),('200710','MAGDALENA\r\n','2007'),('200711','MARISCAL CASTILLA\r\n','2007'),('200712','MOLINOPAMPA\r\n','2007'),('200713','MONTEVIDEO\r\n','2007'),('200714','OLLEROS\r\n','2007'),('200715','SAN FRANCISCO DE DAGUAS\r\n','2007'),('200716','SAN ISIDRO DE MAINO\r\n','2007'),('200717','SOLOCO\r\n','2007'),('200718','SONCHE\r\n','2007'),('200719','BALSAS\r\n','2007'),('200720','LA JALCA\r\n','2007'),('200721','QUINJALCA\r\n','2007'),('210101','PAUCAS\r\n','2101'),('210102','PONTO\r\n','2101'),('210103','RAHUAPAMPA\r\n','2101'),('210104','RAPAYAN\r\n','2101'),('210105','SAN PEDRO DE CHANA\r\n','2101'),('210106','UCO\r\n','2101'),('210107','ANRA\r\n','2101'),('210108','CHAVIN DE HUANTAR\r\n','2101'),('210109','HUACACHI\r\n','2101'),('210110','HUACHIS\r\n','2101'),('210111','HUACCHIS\r\n','2101'),('210112','MASIN\r\n','2101'),('210113','CAJAY\r\n','2101'),('210114','HUANTAR\r\n','2101'),('210115','SAN MARCOS\r\n','2101'),('210116','HUARI\r\n','2101'),('210201','CORONGO\r\n','2102'),('210202','ACO\r\n','2102'),('210203','BAMBAS\r\n','2102'),('210204','LA PAMPA\r\n','2102'),('210205','YANAC\r\n','2102'),('210206','YUPAN\r\n','2102'),('210207','CUSCA\r\n','2102'),('210301','CHIQUIAN\r\n','2103'),('210302','ABELARDO PARDO LEZAMETA\r\n','2103'),('210303','AQUIA\r\n','2103'),('210304','CAJACAY\r\n','2103'),('210305','HUASTA\r\n','2103'),('210306','MANGAS\r\n','2103'),('210307','PACLLON\r\n','2103'),('210308','SAN MIGUEL DE CORPANQUI\r\n','2103'),('210309','TICLLOS\r\n','2103'),('210310','ANTONIO RAIMONDI\r\n','2103'),('210311','CANIS\r\n','2103'),('210312','LA PRIMAVERA\r\n','2103'),('210313','HUALLANCA\r\n','2103'),('210314','HUAYLLACAYAN\r\n','2103'),('210315','COLQUIOC\r\n','2103'),('210401','CHACAS\r\n','2104'),('210402','ACOCHACA\r\n','2104'),('210501','LLAMELLIN\r\n','2105'),('210502','CHACCHO\r\n','2105'),('210503','CHINGAS\r\n','2105'),('210504','SAN JUAN DE RONTOY\r\n','2105'),('210505','ACZO\r\n','2105'),('210506','MIRGAS\r\n','2105'),('210601','CHIMBOTE\r\n','2106'),('210602','CACERES DEL PERU\r\n','2106'),('210603','MORO\r\n','2106'),('210604','NEPEÑA\r\n','2106'),('210605','SAMANCO\r\n','2106'),('210606','SANTA\r\n','2106'),('210607','COISHCO\r\n','2106'),('210608','NUEVO CHIMBOTE\r\n','2106'),('210609','MACATE\r\n','2106'),('210701','POMABAMBA\r\n','2107'),('210702','PAROBAMBA\r\n','2107'),('210703','QUINUABAMBA\r\n','2107'),('210704','HUAYLLAN\r\n','2107'),('210801','CARAZ\r\n','2108'),('210802','HUALLANCA\r\n','2108'),('210803','HUATA\r\n','2108'),('210804','MATO\r\n','2108'),('210805','PAMPAROMAS\r\n','2108'),('210806','PUEBLO LIBRE\r\n','2108'),('210807','SANTA CRUZ\r\n','2108'),('210808','YURACMARCA\r\n','2108'),('210809','SANTO TORIBIO\r\n','2108'),('210810','HUAYLAS\r\n','2108'),('210901','BUENA VISTA ALTA\r\n','2109'),('210902','COMANDANTE NOEL\r\n','2109'),('210903','YAUTAN\r\n','2109'),('210904','CASMA\r\n','2109'),('211001','CARHUAZ\r\n','2110'),('211002','ACOPAMPA\r\n','2110'),('211003','AMASHCA\r\n','2110'),('211004','ANTA\r\n','2110'),('211005','MARCARA\r\n','2110'),('211006','PARIAHUANCA\r\n','2110'),('211007','SAN MIGUEL DE ACO\r\n','2110'),('211008','SHILLA\r\n','2110'),('211009','TINCO\r\n','2110'),('211010','YUNGAR\r\n','2110'),('211011','ATAQUERO\r\n','2110'),('211101','AIJA\r\n','2111'),('211102','CORIS\r\n','2111'),('211103','LA MERCED\r\n','2111'),('211104','SUCCHA\r\n','2111'),('211105','HUACLLAN\r\n','2111'),('211201','HUARAZ\r\n','2112'),('211202','INDEPENDENCIA\r\n','2112'),('211203','COCHABAMBA\r\n','2112'),('211204','COLCABAMBA\r\n','2112'),('211205','HUANCHAY\r\n','2112'),('211206','JANGAS\r\n','2112'),('211207','OLLEROS\r\n','2112'),('211208','PAMPAS\r\n','2112'),('211209','PARIACOTO\r\n','2112'),('211210','PIRA\r\n','2112'),('211211','TARICA\r\n','2112'),('211212','LA LIBERTAD\r\n','2112'),('211301','ACAS\r\n','2113'),('211302','CAJAMARQUILLA\r\n','2113'),('211303','CARHUAPAMPA\r\n','2113'),('211304','COCHAS\r\n','2113'),('211305','CONGAS\r\n','2113'),('211306','LLIPA\r\n','2113'),('211307','SAN CRISTOBAL DE RAJAN\r\n','2113'),('211308','SAN PEDRO\r\n','2113'),('211309','SANTIAGO DE CHILCAS\r\n','2113'),('211310','OCROS\r\n','2113'),('211401','HUARMEY\r\n','2114'),('211402','COCHAPETI\r\n','2114'),('211403','HUAYAN\r\n','2114'),('211404','MALVAS\r\n','2114'),('211405','CULEBRAS\r\n','2114'),('211501','YAUYA\r\n','2115'),('211502','SAN NICOLAS\r\n','2115'),('211503','SAN LUIS\r\n','2115'),('211601','YUNGAY\r\n','2116'),('211602','CASCAPARA\r\n','2116'),('211603','MANCOS\r\n','2116'),('211604','MATACOTO\r\n','2116'),('211605','RANRAHIRCA\r\n','2116'),('211606','SHUPLUY\r\n','2116'),('211607','YANAMA\r\n','2116'),('211608','QUILLO\r\n','2116'),('211701','ALFONSO UGARTE\r\n','2117'),('211702','CHINGALPO\r\n','2117'),('211703','HUAYLLABAMBA\r\n','2117'),('211704','QUICHES\r\n','2117'),('211705','SICSIBAMBA\r\n','2117'),('211706','ACOBAMBA\r\n','2117'),('211707','RAGASH\r\n','2117'),('211708','SAN JUAN\r\n','2117'),('211709','SIHUAS\r\n','2117'),('211710','CASHAPAMPA\r\n','2117'),('211801','RECUAY\r\n','2118'),('211802','COTAPARACO\r\n','2118'),('211803','HUAYLLAPAMPA\r\n','2118'),('211804','MARCA\r\n','2118'),('211805','PARARIN\r\n','2118'),('211806','TAPACOCHA\r\n','2118'),('211807','TICAPAMPA\r\n','2118'),('211808','LLACLLIN\r\n','2118'),('211809','CATAC\r\n','2118'),('211810','PAMPAS CHICO\r\n','2118'),('211901','CABANA\r\n','2119'),('211902','BOLOGNESI\r\n','2119'),('211903','CONCHUCOS\r\n','2119'),('211904','HUACASCHUQUE\r\n','2119'),('211905','LACABAMBA\r\n','2119'),('211906','LLAPO\r\n','2119'),('211907','PALLASCA\r\n','2119'),('211908','PAMPAS\r\n','2119'),('211909','SANTA ROSA\r\n','2119'),('211910','TAUCA\r\n','2119'),('211911','HUANDOVAL\r\n','2119'),('212001','PISCOBAMBA\r\n','2120'),('212002','CASCA\r\n','2120'),('212003','LUCMA\r\n','2120'),('212004','LLAMA\r\n','2120'),('212005','LLUMPA\r\n','2120'),('212006','MUSGA\r\n','2120'),('212007','ELEAZAR GUZMAN BARRON\r\n','2120'),('212008','FIDEL OLIVAS ESCUDERO\r\n','2120'),('220101','RAMON CASTILLA\r\n','2201'),('220102','PEBAS\r\n','2201'),('220103','YAVARI\r\n','2201'),('220104','SAN PABLO\r\n','2201'),('220201','BALSAPUERTO\r\n','2202'),('220202','JEBEROS\r\n','2202'),('220203','LAGUNAS\r\n','2202'),('220204','SANTA CRUZ\r\n','2202'),('220205','TENIENTE CESAR LOPEZ ROJAS\r\n','2202'),('220206','YURIMAGUAS\r\n','2202'),('220301','ANDOAS\r\n','2203'),('220302','CAHUAPANAS\r\n','2203'),('220303','MANSERICHE\r\n','2203'),('220304','MORONA\r\n','2203'),('220305','PASTAZA\r\n','2203'),('220306','BARRANCA\r\n','2203'),('220401','CONTAMANA\r\n','2204'),('220402','PADRE MARQUEZ\r\n','2204'),('220403','PAMPA HERMOSA\r\n','2204'),('220404','INAHUAYA\r\n','2204'),('220405','SARAYACU\r\n','2204'),('220406','VARGAS GUERRA\r\n','2204'),('220501','REQUENA\r\n','2205'),('220502','ALTO TAPICHE\r\n','2205'),('220503','CAPELO\r\n','2205'),('220504','MAQUIA\r\n','2205'),('220505','PUINAHUA\r\n','2205'),('220506','SAQUENA\r\n','2205'),('220507','SOPLIN\r\n','2205'),('220508','TAPICHE\r\n','2205'),('220509','JENARO HERRERA\r\n','2205'),('220510','YAQUERANA\r\n','2205'),('220511','EMILIO SAN MARTIN\r\n','2205'),('220601','NAUTA\r\n','2206'),('220602','PARINARI\r\n','2206'),('220603','URARINAS\r\n','2206'),('220604','TROMPETEROS\r\n','2206'),('220605','TIGRE\r\n','2206'),('220701','IQUITOS\r\n','2207'),('220702','ALTO NANAY\r\n','2207'),('220703','FERNANDO LORES\r\n','2207'),('220704','LAS AMAZONAS\r\n','2207'),('220705','MAZAN\r\n','2207'),('220706','NAPO\r\n','2207'),('220707','TORRES CAUSANA\r\n','2207'),('220708','INDIANA\r\n','2207'),('220709','PUNCHANA\r\n','2207'),('220710','BELEN\r\n','2207'),('220711','SAN JUAN BAUTISTA\r\n','2207'),('220712','TNTE MANUEL CLAVERO\r\n','2207'),('220713','PUTUMAYO\r\n','2207'),('230101','ILO\r\n','2301'),('230102','EL ALGARROBAL\r\n','2301'),('230103','PACOCHA\r\n','2301'),('230201','OMATE\r\n','2302'),('230202','COALAQUE\r\n','2302'),('230203','CHOJATA\r\n','2302'),('230204','ICHUÑA\r\n','2302'),('230205','LA CAPILLA\r\n','2302'),('230206','LLOQUE\r\n','2302'),('230207','PUQUINA\r\n','2302'),('230208','QUINISTAQUILLAS\r\n','2302'),('230209','UBINAS\r\n','2302'),('230210','YUNGA\r\n','2302'),('230211','MATALAQUE\r\n','2302'),('230301','MOQUEGUA\r\n','2303'),('230302','CARUMAS\r\n','2303'),('230303','CUCHUMBAYA\r\n','2303'),('230304','SAN CRISTOBAL\r\n','2303'),('230305','TORATA\r\n','2303'),('230306','SAMEGUA\r\n','2303'),('240101','YUNGUYO\r\n','2401'),('240102','UNICACHI\r\n','2401'),('240103','ANAPIA\r\n','2401'),('240104','OLLARAYA\r\n','2401'),('240105','TINICACHI\r\n','2401'),('240106','COPANI\r\n','2401'),('240107','CUTURAPI\r\n','2401'),('240201','SANDIA\r\n','2402'),('240202','LIMBANI\r\n','2402'),('240203','PHARA\r\n','2402'),('240204','PATAMBUCO\r\n','2402'),('240205','QUIACA\r\n','2402'),('240206','SAN JUAN DEL ORO\r\n','2402'),('240207','YANAHUAYA\r\n','2402'),('240208','SAN PEDRO DE PUTINA PUNCO\r\n','2402'),('240209','CUYOCUYO\r\n','2402'),('240210','ALTO INAMBARI\r\n','2402'),('240301','LAMPA\r\n','2403'),('240302','CABANILLA\r\n','2403'),('240303','CALAPUJA\r\n','2403'),('240304','NICASIO\r\n','2403'),('240305','OCUVIRI\r\n','2403'),('240306','PALCA\r\n','2403'),('240307','PARATIA\r\n','2403'),('240308','SANTA LUCIA\r\n','2403'),('240309','VILAVILA\r\n','2403'),('240310','PUCARA\r\n','2403'),('240401','ACHAYA\r\n','2404'),('240402','ARAPA\r\n','2404'),('240403','ASILLO\r\n','2404'),('240404','CHUPA\r\n','2404'),('240405','JOSE DOMINGO CHOQUEHUANCA\r\n','2404'),('240406','MUÑANI\r\n','2404'),('240407','POTONI\r\n','2404'),('240408','SAMAN\r\n','2404'),('240409','SAN ANTON\r\n','2404'),('240410','SAN JUAN DE SALINAS\r\n','2404'),('240411','SANTIAGO DE PUPUJA\r\n','2404'),('240412','TIRAPATA\r\n','2404'),('240413','AZANGARO\r\n','2404'),('240414','CAMINACA\r\n','2404'),('240415','SAN JOSE\r\n','2404'),('240501','MOHO\r\n','2405'),('240502','TILALI\r\n','2405'),('240503','HUAYRAPATA\r\n','2405'),('240504','CONIMA\r\n','2405'),('240601','ILAVE\r\n','2406'),('240602','PILCUYO\r\n','2406'),('240603','SANTA ROSA\r\n','2406'),('240604','CAPASO\r\n','2406'),('240605','CONDURIRI\r\n','2406'),('240701','PUTINA\r\n','2407'),('240702','PEDRO VILCA APAZA\r\n','2407'),('240703','QUILCAPUNCU\r\n','2407'),('240704','ANANEA\r\n','2407'),('240705','SINA\r\n','2407'),('240801','JULIACA\r\n','2408'),('240802','CABANILLAS\r\n','2408'),('240803','CARACOTO\r\n','2408'),('240804','CABANA\r\n','2408'),('240901','AYAVIRI\r\n','2409'),('240902','ANTAUTA\r\n','2409'),('240903','CUPI\r\n','2409'),('240904','MACARI\r\n','2409'),('240905','NUÑOA\r\n','2409'),('240906','ORURILLO\r\n','2409'),('240907','SANTA ROSA\r\n','2409'),('240908','UMACHIRI\r\n','2409'),('240909','LLALLI\r\n','2409'),('241001','COJATA\r\n','2410'),('241002','INCHUPALLA\r\n','2410'),('241003','PUSI\r\n','2410'),('241004','ROSASPATA\r\n','2410'),('241005','TARACO\r\n','2410'),('241006','VILQUE CHICO\r\n','2410'),('241007','HUANCANE\r\n','2410'),('241008','HUATASANI\r\n','2410'),('241101','DESAGUADERO\r\n','2411'),('241102','HUACULLANI\r\n','2411'),('241103','PISACOMA\r\n','2411'),('241104','POMATA\r\n','2411'),('241105','ZEPITA\r\n','2411'),('241106','KELLUYO\r\n','2411'),('241107','JULI\r\n','2411'),('241201','MACUSANI\r\n','2412'),('241202','AJOYANI\r\n','2412'),('241203','AYAPATA\r\n','2412'),('241204','CORANI\r\n','2412'),('241205','CRUCERO\r\n','2412'),('241206','ITUATA\r\n','2412'),('241207','OLLACHEA\r\n','2412'),('241208','SAN GABAN\r\n','2412'),('241209','USICAYOS\r\n','2412'),('241210','COASA\r\n','2412'),('241301','PUNO\r\n','2413'),('241302','ACORA\r\n','2413'),('241303','CAPACHICA\r\n','2413'),('241304','COATA\r\n','2413'),('241305','CHUCUITO\r\n','2413'),('241306','HUATA\r\n','2413'),('241307','MAÑAZO\r\n','2413'),('241308','PICHACANI\r\n','2413'),('241309','SAN ANTONIO\r\n','2413'),('241310','VILQUE\r\n','2413'),('241311','PLATERIA\r\n','2413'),('241312','AMANTANI\r\n','2413'),('241313','PAUCARCOLLA\r\n','2413'),('241314','ATUNCOLLA\r\n','2413'),('241315','TIQUILLACA\r\n','2413'),('250101','BELLAVISTA\r\n','2501'),('250102','SAN RAFAEL\r\n','2501'),('250103','ALTO BIAVO\r\n','2501'),('250104','HUALLAGA\r\n','2501'),('250105','SAN PABLO\r\n','2501'),('250106','BAJO BIAVO\r\n','2501'),('250201','RIOJA\r\n','2502'),('250202','POSIC\r\n','2502'),('250203','YORONGOS\r\n','2502'),('250204','YURACYACU\r\n','2502'),('250205','ELIAS SOPLIN\r\n','2502'),('250206','SAN FERNANDO\r\n','2502'),('250207','PARDO MIGUEL\r\n','2502'),('250208','AWAJUN\r\n','2502'),('250209','NUEVA CAJAMARCA\r\n','2502'),('250301','LAMAS\r\n','2503'),('250302','BARRANQUITA\r\n','2503'),('250303','CAYNARACHI\r\n','2503'),('250304','CUÑUMBUQUI\r\n','2503'),('250305','PINTO RECODO\r\n','2503'),('250306','RUMISAPA\r\n','2503'),('250307','TABALOSOS\r\n','2503'),('250308','ZAPATERO\r\n','2503'),('250309','ALONSO DE ALVARADO\r\n','2503'),('250310','SAN ROQUE DE CUMBAZA\r\n','2503'),('250311','SHANAO\r\n','2503'),('250401','PICOTA\r\n','2504'),('250402','BUENOS AIRES\r\n','2504'),('250403','PILLUANA\r\n','2504'),('250404','PUCACACA\r\n','2504'),('250405','SAN CRISTOBAL\r\n','2504'),('250406','SAN HILARION\r\n','2504'),('250407','TINGO DE PONASA\r\n','2504'),('250408','TRES UNIDOS\r\n','2504'),('250409','SHAMBOYACU\r\n','2504'),('250410','CASPIZAPA\r\n','2504'),('250501','AGUA BLANCA\r\n','2505'),('250502','SHATOJA\r\n','2505'),('250503','SAN MARTIN\r\n','2505'),('250504','SANTA ROSA\r\n','2505'),('250505','SAN JOSE DE SISA\r\n','2505'),('250601','TOCACHE\r\n','2506'),('250602','NUEVO PROGRESO\r\n','2506'),('250603','SHUNTE\r\n','2506'),('250604','UCHIZA\r\n','2506'),('250605','POLVORA\r\n','2506'),('250701','TARAPOTO\r\n','2507'),('250702','ALBERTO LEVEAU\r\n','2507'),('250703','CACATACHI\r\n','2507'),('250704','CHAZUTA\r\n','2507'),('250705','EL PORVENIR\r\n','2507'),('250706','HUIMBAYOC\r\n','2507'),('250707','JUAN GUERRA\r\n','2507'),('250708','MORALES\r\n','2507'),('250709','PAPAPLAYA\r\n','2507'),('250710','SAN ANTONIO\r\n','2507'),('250711','SHAPAJA\r\n','2507'),('250712','LA BANDA DE SHILCAYO\r\n','2507'),('250713','CHIPURANA\r\n','2507'),('250714','SAUCE\r\n','2507'),('250801','JUANJUI\r\n','2508'),('250802','CAMPANILLA\r\n','2508'),('250803','PACHIZA\r\n','2508'),('250804','PAJARILLO\r\n','2508'),('250805','HUICUNGO\r\n','2508'),('250901','SAPOSOA\r\n','2509'),('250902','PISCOYACU\r\n','2509'),('250903','SACANCHE\r\n','2509'),('250904','TINGO DE SAPOSOA\r\n','2509'),('250905','ALTO SAPOSOA\r\n','2509'),('250906','EL ESLABON\r\n','2509'),('251001','MOYOBAMBA\r\n','2510'),('251002','CALZADA\r\n','2510'),('251003','HABANA\r\n','2510'),('251004','JEPELACIO\r\n','2510'),('251005','YANTALO\r\n','2510'),('251006','SORITOR\r\n','2510');

/*Table structure for table `entregado` */


CREATE TABLE `entregado` (
  `Codigo` char(1) NOT NULL,
  `Detelles` char(50) NOT NULL,
  PRIMARY KEY  (`Codigo`)
) ENGINE=InnoDB DEFAULT CHARSET=latin1;

/*Data for the table `entregado` */

/*Table structure for table `estados` */


CREATE TABLE `estados` (
  `Codigo` char(1) character set latin1 collate latin1_spanish_ci NOT NULL,
  `Descripcion` varchar(50) NOT NULL,
  PRIMARY KEY  (`Codigo`)
) ENGINE=InnoDB DEFAULT CHARSET=latin1;

/*Data for the table `estados` */

insert  into `estados`(`Codigo`,`Descripcion`) values ('A','En Camal'),('P','Salida Parcial'),('S','Salio del Camal');

/*Table structure for table `estadosenvios` */


CREATE TABLE `estadosenvios` (
  `Codigo` char(1) character set latin1 collate latin1_spanish_ci NOT NULL,
  `Descripcion` char(50) NOT NULL,
  PRIMARY KEY  (`Codigo`)
) ENGINE=InnoDB DEFAULT CHARSET=latin1;

/*Data for the table `estadosenvios` */

insert  into `estadosenvios`(`Codigo`,`Descripcion`) values ('A','Sin Entregar'),('P','Entrega Parcial'),('T','Entrega Total');

/*Table structure for table `facturacab` */


CREATE TABLE `facturacab` (
  `facturaCabId` int(11) NOT NULL auto_increment,
  `Numero` char(8) collate latin1_spanish_ci NOT NULL,
  `Serie` char(5) collate latin1_spanish_ci NOT NULL default '1',
  `FechEmision` date default NULL,
  `clientes_Codigo` int(11) NOT NULL,
  `CodMoneda` int(6) default NULL,
  `tipoCambio` decimal(17,2) NOT NULL default '0.00',
  `SubTotal` decimal(17,2) NOT NULL default '0.00',
  `IGV` decimal(17,2) NOT NULL default '0.00',
  `Total` decimal(17,2) NOT NULL default '0.00',
  `credito` char(1) collate latin1_spanish_ci default '0',
  `Guiaremision` char(8) collate latin1_spanish_ci default '000000',
  `Codtransporte` char(2) collate latin1_spanish_ci default NULL,
  `traslado` date default NULL,
  `facturaCabEstado` char(1) collate latin1_spanish_ci default 'G' COMMENT 'G -- Generada / P -- Pagado / E -- Emitida / B -- Baja o Anulado / C -- Pagada parcial o a cuenta',
  PRIMARY KEY  (`facturaCabId`),
  KEY `fk_facturaCab_clientes1_idx` (`clientes_Codigo`),
  KEY `fk_facturaCab_moneda1_idx` (`CodMoneda`)
) ENGINE=MyISAM AUTO_INCREMENT=57006 DEFAULT CHARSET=latin1 COLLATE=latin1_spanish_ci;

/*Data for the table `facturacab` */

insert  into `facturacab`(`facturaCabId`,`Numero`,`Serie`,`FechEmision`,`clientes_Codigo`,`CodMoneda`,`tipoCambio`,`SubTotal`,`IGV`,`Total`,`credito`,`Guiaremision`,`Codtransporte`,`traslado`,`facturaCabEstado`) values (57005,'000001','001','2021-10-07',121139,NULL,'0.00','2.00','0.36','2.36','1','','','0000-00-00','G');

/*Table structure for table `facturacompracab` */


CREATE TABLE `facturacompracab` (
  `idFactura` int(11) NOT NULL auto_increment,
  `NumFactura` char(10) collate latin1_spanish_ci NOT NULL,
  `FechaComp` date default NULL,
  `FechaFactura` date default NULL,
  `Totfactu` decimal(17,2) NOT NULL default '0.00',
  `pagostot` decimal(17,2) default '0.00',
  `credito` char(1) collate latin1_spanish_ci default NULL,
  `Pagado` char(1) collate latin1_spanish_ci NOT NULL,
  `NumOrden` char(7) collate latin1_spanish_ci default NULL,
  `CodProveedor` int(11) NOT NULL,
  `Estado` char(1) collate latin1_spanish_ci NOT NULL,
  PRIMARY KEY  (`idFactura`),
  KEY `fk_facturacompracab_proveedores1_idx` (`CodProveedor`)
) ENGINE=MyISAM AUTO_INCREMENT=191 DEFAULT CHARSET=latin1 COLLATE=latin1_spanish_ci;

/*Data for the table `facturacompracab` */

insert  into `facturacompracab`(`idFactura`,`NumFactura`,`FechaComp`,`FechaFactura`,`Totfactu`,`pagostot`,`credito`,`Pagado`,`NumOrden`,`CodProveedor`,`Estado`) values (108,'000000','2013-04-17','2013-04-29','10720.00','0.00','1','1','000043',3010,''),(103,'000000','2013-04-05','2013-04-29','5680.00','0.00','1','1','000038',3010,''),(102,'000000','2013-04-08','2013-04-29','39555.60','39555.60','1','1','000037',3007,''),(101,'000000','2013-03-11','2013-04-29','33129.60','33129.60','1','1','000036',3007,''),(100,'000000','2013-04-04','2013-04-29','3796.60','0.00','1','1','000035',3019,''),(99,'000000','2013-03-21','2013-04-29','3772.00','0.00','1','1','000034',3019,''),(98,'000000','2013-03-14','2013-04-29','3796.60','0.00','1','1','000033',3019,''),(97,'000000','2013-03-07','2013-04-29','3608.00','0.00','1','1','000032',3019,''),(96,'000000','2013-04-01','2013-04-29','36338.40','36338.40','1','1','000031',3007,''),(105,'000000','2013-03-28','2013-04-29','1599.00','1599.00','1','1','000040',3011,''),(95,'000000','2013-03-25','2013-04-29','33339.60','33339.60','1','1','000030',3007,''),(94,'000000','2013-03-18','2013-04-29','32566.80','32566.80','1','1','000029',3007,''),(93,'000000','2013-03-04','2013-04-29','33801.60','33801.60','1','1','000028',3007,''),(92,'000000','2013-04-04','2013-04-29','10000.00','10000.00','1','1','000027',3008,''),(91,'000000','2013-03-07','2013-04-29','11480.00','11480.00','1','1','000026',3008,''),(90,'000000','2013-03-08','2013-04-29','8792.00','8792.00','1','1','000025',3008,''),(89,'000000','2013-03-14','2013-04-29','17440.00','17440.00','1','1','000024',3008,''),(88,'000000','2013-03-21','2013-04-29','17272.00','17272.00','1','1','000023',3008,''),(87,'000000','2013-03-28','2013-04-29','11256.00','11256.00','1','1','000022',3008,''),(86,'000000','2013-04-04','2013-04-29','15456.00','15456.00','1','1','000021',3008,''),(85,'000000','2013-03-09','2013-04-29','1631.80','1631.80','1','1','000020',3011,''),(84,'000000','2013-03-14','2013-04-29','3181.60','0.00','1','1','000019',3010,''),(83,'000000','2013-03-21','2013-04-29','1615.40','1615.40','1','1','000018',3011,''),(82,'000000','2013-03-28','2013-04-29','1599.00','0.00','1','1','000017',3010,''),(81,'000000','2013-04-04','2013-04-29','2091.00','2091.00','1','1','000016',3011,''),(80,'000000','2013-04-08','2013-04-29','7408.00','7408.00','1','1','000015',3010,''),(79,'000000','2013-04-03','2013-04-29','8944.00','8944.00','1','1','000014',3010,''),(104,'000000','2013-04-03','2013-04-29','8944.00','0.00','1','1','000039',3010,''),(78,'000000','2013-04-01','2013-04-29','6032.00','6032.00','1','1','000013',3010,''),(77,'000000','2013-04-11','2013-04-29','1968.00','1968.00','1','1','000012',3011,''),(76,'000000','2013-04-08','2013-04-29','2911.00','2911.00','1','1','000011',3012,''),(75,'000000','2013-04-10','2013-04-29','11968.00','11968.00','1','1','000010',3010,''),(74,'000000','2013-03-27','2013-04-29','10736.00','10736.00','1','1','000009',3010,''),(73,'000000','2013-03-22','2013-04-29','13552.00','13552.00','1','1','000008',3010,''),(72,'000000','2013-03-20','2013-04-29','10376.00','10376.00','1','1','000007',3010,''),(71,'000000','2013-03-15','2013-04-29','12448.00','12448.00','1','1','000006',3010,''),(70,'000000','2013-03-13','2013-04-29','10608.00','10608.00','1','1','000005',3010,''),(69,'000000','2013-03-06','2013-04-29','5000.00','5000.00','1','1','000004',3010,''),(68,'000000','2013-03-01','2013-04-29','5712.00','5712.00','1','1','000003',3010,''),(67,'000000','2013-02-25','2013-04-29','13960.60','13960.60','1','1','000002',3010,''),(107,'000000','2013-04-15','2013-04-29','24386.80','24386.80','1','1','000042',3007,''),(106,'000000','2013-04-12','2013-04-29','35932.40','35932.40','1','1','000041',3007,''),(109,'000000','2013-04-17','2013-04-29','15964.40','0.00','1','1','000044',3009,''),(110,'000000','2013-04-12','2013-04-29','10346.40','0.00','1','1','000045',3016,''),(111,'000000','2013-04-10','2013-04-29','22523.50','0.00','1','1','000046',3009,''),(112,'000000','2013-04-18','2013-04-29','8408.00','8408.00','1','1','000047',3008,''),(113,'000000','2013-04-20','2013-04-29','3512.00','0.00','1','1','000048',3019,''),(114,'000000','2013-04-19','2013-04-29','6800.00','0.00','1','1','000049',3010,''),(115,'000000','2013-04-22','2013-04-29','38005.70','38005.70','1','1','000050',3007,''),(116,'000000','2013-04-22','2013-04-29','4600.80','0.00','1','1','000051',3016,''),(117,'000000','2013-04-21','2013-04-29','4600.80','0.00','1','1','000051',3016,''),(118,'000000','2013-04-21','2013-04-29','4772.20','0.00','1','1','000052',3009,''),(119,'000000','2013-04-21','2013-04-29','1016.80','0.00','1','1','000053',3011,''),(176,'000000','2013-05-28',NULL,'22856.00','0.00','1','1','000108',3008,''),(121,'000000','2013-04-24','2013-04-29','8536.00','0.00','1','1','000055',3010,''),(122,'000000','2013-04-24','2013-04-29','30195.40','0.00','1','1','000056',3009,''),(123,'000000','2013-04-24','2013-04-29','3704.40','0.00','1','1','000057',3016,''),(124,'000000','2013-04-24','2013-04-29','34403.50','34403.50','1','1','000058',3007,''),(125,'000000','2013-04-21','2013-04-29','1836.00','0.00','1','1','000059',3016,''),(126,'000000','2013-04-26','2013-04-29','3648.00','0.00','1','1','000060',3019,''),(127,'000000','2013-04-25','2013-04-29','1230.00','0.00','1','1','000061',3011,''),(128,'000000','2013-04-26','2013-04-29','12120.00','0.00','1','1','000062',3010,''),(129,'000000','2013-04-25','2013-04-29','8608.00','8608.00','1','1','000063',3008,''),(130,'000000','2013-04-29','2013-04-29','23231.70','23231.70','1','1','000064',3007,''),(131,'000000','2013-04-29','2013-04-29','13273.20','0.00','1','0','000065',3016,''),(145,'000000','2013-05-03',NULL,'12042.00','0.00','1','0','000077',3016,''),(133,'000000','2013-05-02',NULL,'35613.42','35613.42','1','1','000067',3007,''),(134,'000000','2013-04-29',NULL,'6108.80','0.00','1','1','000068',3010,''),(135,'000000','2013-04-28',NULL,'2354.22','2354.22','1','1','000069',3012,''),(136,'000000','2013-05-02',NULL,'12214.80','0.00','1','1','000070',3009,''),(137,'000000','2013-05-03',NULL,'7912.00','7912.00','1','1','000071',3008,''),(138,'000000','2013-05-04',NULL,'7600.80','0.00','1','1','000072',3010,''),(139,'000000','2013-05-02',NULL,'3198.00','3198.00','1','1','000073',3010,''),(140,'000000','2013-03-14',NULL,'3198.00','3198.00','1','1','000073',3011,''),(183,'000000','2013-08-09',NULL,'23898.90','0.00','1','0','000115',3007,''),(143,'000000','2013-05-02',NULL,'2260.74','0.00','1','1','000075',3011,''),(146,'000000','2013-05-06',NULL,'23739.00','23739.00','1','1','000078',3007,''),(147,'000000','2013-05-05',NULL,'11048.00','0.00','1','1','000079',3010,''),(148,'000000','2013-05-06',NULL,'3699.20','0.00','1','1','000080',3019,''),(149,'000000','2013-05-08',NULL,'5368.00','0.00','1','0','000081',3020,''),(150,'000000','2013-05-02',NULL,'13176.00','0.00','1','0','000082',3016,''),(151,'000000','2013-05-08',NULL,'8873.28','0.00','1','1','000083',3012,''),(152,'000000','2013-05-09',NULL,'1767.10','0.00','1','1','000084',3011,''),(153,'000000','2013-05-10',NULL,'11153.60','0.00','1','1','000085',3010,''),(154,'000000','2013-05-09',NULL,'31592.00','0.00','1','1','000086',3008,''),(155,'000000','2013-05-08',NULL,'59188.42','59188.42','1','1','000087',3007,''),(156,'000000','2013-05-08',NULL,'11673.60','0.00','1','0','000088',3010,''),(157,'000000','2013-05-13',NULL,'31928.80','0.00','1','0','000089',3009,''),(158,'000000','2013-05-13',NULL,'23476.60','0.00','1','1','000090',3007,''),(159,'000000','2013-05-15',NULL,'10775.20','0.00','1','1','000091',3010,''),(160,'000000','2013-05-09',NULL,'6512.40','0.00','1','0','000092',3016,''),(161,'000000','2013-05-15',NULL,'20094.60','0.00','1','0','000093',3009,''),(162,'000000','2013-05-22',NULL,'11194.40','0.00','1','0','000094',3010,''),(163,'000000','2013-05-21',NULL,'9547.20','0.00','1','0','000095',3016,''),(164,'000000','2013-05-20',NULL,'3653.60','0.00','1','1','000096',3019,''),(165,'000000','2013-05-21',NULL,'32431.00','0.00','1','1','000097',3007,''),(166,'000000','2013-05-22',NULL,'1339.20','0.00','1','0','000098',3016,''),(167,'000000','2013-05-23',NULL,'5486.40','0.00','1','1','000099',3008,''),(168,'000000','2013-05-23',NULL,'2517.60','0.00','1','1','000100',3008,''),(169,'000000','2013-05-23',NULL,'16167.70','0.00','1','1','000101',3009,''),(170,'000000','2013-05-23',NULL,'3639.53','0.00','1','1','000102',3012,''),(171,'000000','2013-05-23',NULL,'1234.10','0.00','1','1','000103',3011,''),(172,'000000','2013-05-24',NULL,'8704.80','0.00','1','0','000104',3010,''),(173,'000000','2013-05-22',NULL,'16167.70','0.00','1','1','000105',3009,''),(174,'000000','2013-05-28',NULL,'3814.40','0.00','1','1','000106',3019,''),(175,'000000','2013-05-26',NULL,'37113.20','0.00','1','1','000107',3007,''),(177,'000000','2013-05-28',NULL,'672.00','0.00','1','1','000109',3008,''),(178,'000000','2013-05-29',NULL,'8990.40','0.00','1','1','000110',3010,''),(179,'000000','2013-05-31',NULL,'6206.40','0.00','1','1','000111',3010,''),(180,'000000','2013-06-02',NULL,'40098.00','0.00','1','1','000112',3007,''),(181,'000000','2013-06-04',NULL,'3869.58','0.00','1','1','000113',3019,''),(182,'000000','2013-06-05',NULL,'24496.00','0.00','1','1','000114',3008,''),(184,'000000','2013-08-13',NULL,'32176.00','0.00','1','0','000116',3008,''),(185,'000000','2013-08-15',NULL,'3098.38','0.00','1','0','000117',3021,''),(186,'000000','2013-08-08',NULL,'5539.56','0.00','1','0','000118',3012,''),(187,'000000','2013-08-15',NULL,'2909.40','0.00','1','0','000119',3021,''),(188,'000000','2013-08-19',NULL,'37776.62','0.00','1','0','000120',3007,''),(189,'000000','2013-10-07',NULL,'35585.42','0.00','1','0','000121',3007,''),(190,'000000','2014-06-02',NULL,'0.00','0.00','1','0','000122',3007,'');

/*Table structure for table `facturacompradet` */


CREATE TABLE `facturacompradet` (
  `idfacturadet` int(11) NOT NULL auto_increment,
  `idFactura` int(11) default NULL,
  `numFactura` varchar(45) collate latin1_spanish_ci NOT NULL,
  `NumOrden` char(6) collate latin1_spanish_ci default NULL,
  `CodCarne` int(11) default NULL,
  `CantCarne` decimal(11,3) default NULL,
  `CostCarne` decimal(17,2) default '0.00',
  `Estado` char(1) collate latin1_spanish_ci default 'A',
  PRIMARY KEY  (`idfacturadet`),
  KEY `fk_facturacompradet_facturacompracab1_idx` (`numFactura`),
  KEY `fk_facturacompradet_ordencompracab1_idx` (`NumOrden`),
  KEY `fk_facturacompradet_carnes1_idx` (`CodCarne`)
) ENGINE=MyISAM AUTO_INCREMENT=213 DEFAULT CHARSET=latin1 COLLATE=latin1_spanish_ci;

/*Data for the table `facturacompradet` */

insert  into `facturacompradet`(`idfacturadet`,`idFactura`,`numFactura`,`NumOrden`,`CodCarne`,`CantCarne`,`CostCarne`,`Estado`) values (151,141,'000000','000074',14,'2177.700','8.20','A'),(150,140,'000000','000073',14,'390.000','8.20','A'),(149,139,'000000','000073',14,'390.000','8.00','A'),(148,138,'000000','000072',14,'950.100','8.00','A'),(147,137,'000000','000071',14,'989.000','8.00','A'),(146,136,'000000','000070',6,'1131.000','10.80','A'),(145,135,'000000','000069',14,'287.100','8.20','A'),(144,134,'000000','000068',14,'763.600','8.00','A'),(143,133,'000000','000067',14,'4343.100','8.20','A'),(142,132,'000000','000066',14,'0.000','2.00','A'),(141,131,'000000','000065',6,'1229.000','10.80','A'),(140,0,'000000','000064',14,'0.000','8.30','A'),(139,130,'000000','000064',14,'2799.000','8.30','A'),(138,129,'000000','000063',14,'1076.000','8.00','A'),(137,128,'000000','000062',14,'1515.000','8.00','A'),(136,127,'000000','000061',14,'150.000','8.20','A'),(135,126,'000000','000060',14,'456.000','8.00','A'),(134,125,'000000','000059',6,'170.000','10.80','A'),(133,124,'000000','000058',14,'4145.000','8.30','A'),(132,123,'000000','000057',6,'343.000','10.80','A'),(131,122,'000000','000056',6,'2822.000','10.70','A'),(130,121,'000000','000055',14,'1067.000','8.00','A'),(129,120,'000000','000054',14,'583.000','8.30','A'),(128,119,'000000','000053',14,'124.000','8.20','A'),(127,118,'000000','000052',6,'446.000','10.70','A'),(126,117,'000000','000051',6,'426.000','10.80','A'),(125,116,'000000','000051',6,'426.000','10.80','A'),(124,115,'000000','000050',14,'4579.000','8.30','A'),(123,0,'000000','000035',14,'0.000','8.00','A'),(122,0,'000000','000035',14,'0.000','8.00','A'),(121,0,'000000','000034',14,'0.000','8.00','A'),(120,0,'000000','000033',14,'0.000','8.00','A'),(119,0,'000000','000032',14,'0.000','8.00','A'),(118,114,'000000','000049',14,'850.000','8.00','A'),(117,113,'000000','000048',14,'439.000','8.00','A'),(116,112,'000000','000047',14,'1051.000','8.00','A'),(115,111,'000000','000046',6,'2105.000','10.70','A'),(114,110,'000000','000045',6,'958.000','10.80','A'),(113,109,'000000','000044',6,'1492.000','10.70','A'),(112,108,'000000','000043',14,'1340.000','8.00','A'),(111,0,'000000','000042',14,'2974.000','8.20','A'),(110,107,'000000','000042',14,'2974.000','8.20','A'),(109,106,'000000','000041',14,'4382.000','8.20','A'),(108,105,'000000','000040',14,'195.000','8.20','A'),(65,65,'000000','000001',14,'1940.000','8.30','A'),(66,66,'000000','000001',14,'1940.000','8.30','A'),(67,0,'000000','000001',14,'1940.000','8.30','A'),(68,0,'000000','000001',14,'1940.000','8.30','A'),(69,67,'000000','000002',14,'1682.000','8.30','A'),(70,68,'000000','000003',14,'714.000','8.00','A'),(71,69,'000000','000004',14,'625.000','8.00','A'),(72,70,'000000','000005',14,'1326.000','8.00','A'),(73,71,'000000','000006',14,'1556.000','8.00','A'),(74,72,'000000','000007',14,'1297.000','8.00','A'),(75,73,'000000','000008',14,'1694.000','8.00','A'),(76,74,'000000','000009',14,'1342.000','8.00','A'),(77,75,'000000','000010',14,'1496.000','8.00','A'),(78,76,'000000','000011',14,'355.000','8.20','A'),(79,77,'000000','000012',14,'240.000','8.20','A'),(80,78,'000000','000013',14,'754.000','8.00','A'),(81,79,'000000','000014',14,'1118.000','8.00','A'),(82,80,'000000','000015',14,'926.000','8.00','A'),(83,81,'000000','000016',14,'255.000','8.20','A'),(84,82,'000000','000017',14,'195.000','8.20','A'),(85,83,'000000','000018',14,'197.000','8.20','A'),(86,84,'000000','000019',14,'388.000','8.20','A'),(87,85,'000000','000020',14,'199.000','8.20','A'),(88,86,'000000','000021',14,'1932.000','8.00','A'),(89,87,'000000','000022',14,'1407.000','8.00','A'),(90,88,'000000','000023',14,'2159.000','8.00','A'),(91,89,'000000','000024',14,'2180.000','8.00','A'),(92,90,'000000','000025',14,'1099.000','8.00','A'),(93,91,'000000','000026',14,'1435.000','8.00','A'),(94,92,'000000','000027',14,'1250.000','8.00','A'),(95,93,'000000','000028',14,'4024.000','8.40','A'),(96,94,'000000','000029',14,'3877.000','8.40','A'),(97,95,'000000','000030',14,'3969.000','8.40','A'),(98,0,'000000','000030',14,'3969.000','8.40','A'),(99,96,'000000','000031',14,'4326.000','8.40','A'),(100,97,'000000','000032',14,'440.000','8.20','A'),(101,98,'000000','000033',14,'463.000','8.20','A'),(102,99,'000000','000034',14,'460.000','8.20','A'),(103,100,'000000','000035',14,'463.000','8.20','A'),(104,101,'000000','000036',14,'3944.000','8.40','A'),(105,102,'000000','000037',14,'4709.000','8.40','A'),(106,103,'000000','000038',14,'710.000','8.00','A'),(107,104,'000000','000039',14,'1118.000','8.00','A'),(152,142,'000000','000074',14,'2177.700','8.20','A'),(153,143,'000000','000075',14,'275.700','8.20','A'),(154,144,'000000','000076',6,'0.000','10.80','A'),(155,145,'000000','000077',6,'1115.000','10.80','A'),(156,146,'000000','000078',14,'2895.000','8.20','A'),(157,147,'000000','000079',14,'1381.000','8.00','A'),(158,148,'000000','000080',14,'462.400','8.00','A'),(159,149,'000000','000081',6,'488.000','11.00','A'),(160,150,'000000','000082',6,'1220.000','10.80','A'),(161,151,'000000','000083',14,'1123.200','7.90','A'),(162,152,'000000','000084',14,'215.500','8.20','A'),(163,153,'000000','000085',14,'1394.200','8.00','A'),(164,154,'000000','000086',14,'3949.000','8.00','A'),(165,155,'000000','000087',14,'7218.100','8.20','A'),(166,156,'000000','000088',14,'1459.200','8.00','A'),(167,157,'000000','000089',6,'2984.000','10.70','A'),(168,158,'000000','000090',14,'2863.000','8.20','A'),(169,159,'000000','000091',14,'1346.900','8.00','A'),(170,160,'000000','000092',6,'603.000','10.80','A'),(171,161,'000000','000093',6,'1878.000','10.70','A'),(172,162,'000000','000094',14,'1399.300','8.00','A'),(173,163,'000000','000095',6,'884.000','10.80','A'),(174,164,'000000','000096',14,'456.700','8.00','A'),(175,165,'000000','000097',14,'3955.000','8.20','A'),(176,166,'000000','000098',6,'124.000','10.80','A'),(177,167,'000000','000099',14,'685.800','8.00','A'),(178,168,'000000','000100',14,'314.700','8.00','A'),(179,169,'000000','000101',14,'1511.000','10.70','A'),(180,170,'000000','000102',14,'460.700','7.90','A'),(181,171,'000000','000103',14,'150.500','8.20','A'),(182,0,'000000','000086',14,'0.000','8.00','A'),(183,172,'000000','000104',14,'1088.100','8.00','A'),(184,173,'000000','000105',6,'1511.000','10.70','A'),(185,174,'000000','000106',14,'476.800','8.00','A'),(186,175,'000000','000107',14,'4526.000','8.20','A'),(187,176,'000000','000108',14,'2857.000','8.00','A'),(188,0,'000000','000108',14,'0.000','8.00','A'),(189,177,'000000','000109',14,'84.000','8.00','A'),(190,178,'000000','000110',14,'1123.800','8.00','A'),(191,179,'000000','000111',14,'775.800','8.00','A'),(192,180,'000000','000112',14,'4890.000','8.20','A'),(193,181,'000000','000113',14,'471.900','8.20','A'),(194,182,'000000','000114',14,'3062.000','8.00','A'),(195,0,'000000','000112',14,'0.000','8.20','A'),(196,0,'000000','000112',14,'0.000','8.20','A'),(197,0,'000000','000112',14,'0.000','8.20','A'),(198,0,'000000','000094',14,'0.000','8.00','A'),(199,0,'000000','000094',14,'0.000','8.00','A'),(200,0,'000000','000094',14,'0.000','8.00','A'),(201,0,'000000','000094',14,'0.000','8.00','A'),(202,0,'000000','000094',14,'0.000','8.00','A'),(203,0,'000000','000094',14,'0.000','8.00','A'),(204,0,'000000','000094',14,'0.000','8.00','A'),(205,183,'000000','000115',14,'2914.500','8.20','A'),(206,184,'000000','000116',14,'4022.000','8.00','A'),(207,185,'000000','000117',14,'392.200','7.90','A'),(208,186,'000000','000118',14,'710.200','7.80','A'),(209,187,'000000','000119',14,'373.000','7.80','A'),(210,188,'000000','000120',14,'4551.400','8.30','A'),(211,189,'000000','000121',14,'4287.400','8.30','A'),(212,190,'000000','000122',14,'0.000','9.00','A');

/*Table structure for table `facturadet` */


CREATE TABLE `facturadet` (
  `facturaDetId` int(11) NOT NULL auto_increment,
  `facturaCabId` int(11) NOT NULL,
  `Numero` char(8) collate latin1_spanish_ci NOT NULL,
  `CodCorte` int(11) default NULL,
  `CodCarne` int(11) default NULL,
  `CantCarne` decimal(17,3) NOT NULL default '0.000',
  `facturaDetCostKilo` decimal(17,2) NOT NULL default '0.00',
  PRIMARY KEY  (`facturaDetId`),
  KEY `fk_guiaremisionDet_cortes1_idx` (`CodCorte`),
  KEY `fk_guiaremisionDet_carnes1_idx` (`CodCarne`),
  KEY `fk_facturaDet_facturaCab2_idx` (`facturaCabId`,`Numero`)
) ENGINE=MyISAM AUTO_INCREMENT=227936 DEFAULT CHARSET=latin1 COLLATE=latin1_spanish_ci;

/*Data for the table `facturadet` */

insert  into `facturadet`(`facturaDetId`,`facturaCabId`,`Numero`,`CodCorte`,`CodCarne`,`CantCarne`,`facturaDetCostKilo`) values (227935,57005,'000001',337,41,'1.000','2.00');

/*Table structure for table `facturaecab` */


CREATE TABLE `facturaecab` (
  `facturaeCabId` int(11) NOT NULL auto_increment,
  `Numero` char(8) collate latin1_spanish_ci NOT NULL,
  `Serie` char(5) collate latin1_spanish_ci NOT NULL default '1',
  `FechEmision` date default NULL,
  `clientes_Codigo` int(11) NOT NULL,
  `CodMoneda` int(6) default NULL,
  `tipoCambio` decimal(17,2) NOT NULL default '0.00',
  `SubTotal` decimal(17,2) NOT NULL default '0.00',
  `IGV` decimal(17,2) NOT NULL default '0.00',
  `Total` decimal(17,2) NOT NULL default '0.00',
  `credito` char(1) collate latin1_spanish_ci default '0',
  `Guiaremision` char(8) collate latin1_spanish_ci default '000000',
  `Codtransporte` char(2) collate latin1_spanish_ci default NULL,
  `traslado` date default NULL,
  `facturaeCabEstado` char(1) collate latin1_spanish_ci default 'G' COMMENT 'G -- Generada / P -- Pagado / E -- Emitida / B -- Baja o Anulado / C -- Pagada parcial o a cuenta',
  PRIMARY KEY  (`facturaeCabId`),
  KEY `fk_facturaCab_clientes1_idx` (`clientes_Codigo`),
  KEY `fk_facturaCab_moneda1_idx` (`CodMoneda`)
) ENGINE=MyISAM AUTO_INCREMENT=7 DEFAULT CHARSET=latin1 COLLATE=latin1_spanish_ci;

/*Data for the table `facturaecab` */

insert  into `facturaecab`(`facturaeCabId`,`Numero`,`Serie`,`FechEmision`,`clientes_Codigo`,`CodMoneda`,`tipoCambio`,`SubTotal`,`IGV`,`Total`,`credito`,`Guiaremision`,`Codtransporte`,`traslado`,`facturaeCabEstado`) values (1,'000001','001','2018-12-15',121417,NULL,'0.00','0.00','0.00','0.00','1','','01','0000-00-00','E'),(2,'000002','001','2018-12-27',121417,NULL,'0.00','200.00','36.00','236.00','1','','','0000-00-00','A'),(3,'000003','001','2018-12-29',120809,NULL,'0.00','2045.67','368.22','2413.89','1','','','0000-00-00','A'),(4,'000004','001','2018-12-29',121417,NULL,'0.00','245.80','44.24','290.04','1','','','0000-00-00','A'),(5,'000005','001','2019-01-12',121335,NULL,'0.00','1991.83','358.53','2350.36','1','0036986','','0000-00-00','A'),(6,'000006','001','2019-01-29',121417,NULL,'0.00','2.00','0.36','2.36','1','','','0000-00-00','G');

/*Table structure for table `facturaedet` */


CREATE TABLE `facturaedet` (
  `facturaeDetId` int(11) NOT NULL auto_increment,
  `facturaeCabId` int(11) NOT NULL,
  `Numero` char(8) collate latin1_spanish_ci NOT NULL,
  `CodCorte` int(11) default NULL,
  `CodCarne` int(11) default NULL,
  `CantCarne` decimal(17,3) NOT NULL default '0.000',
  `facturaeDetCostKilo` decimal(17,2) NOT NULL default '0.00',
  `estado` int(11) default '1',
  PRIMARY KEY  (`facturaeDetId`),
  KEY `fk_guiaremisionDet_cortes1_idx` (`CodCorte`),
  KEY `fk_guiaremisionDet_carnes1_idx` (`CodCarne`),
  KEY `fk_facturaDet_facturaCab2_idx` (`facturaeCabId`,`Numero`)
) ENGINE=MyISAM AUTO_INCREMENT=13 DEFAULT CHARSET=latin1 COLLATE=latin1_spanish_ci;

/*Data for the table `facturaedet` */

insert  into `facturaedet`(`facturaeDetId`,`facturaeCabId`,`Numero`,`CodCorte`,`CodCarne`,`CantCarne`,`facturaeDetCostKilo`,`estado`) values (1,1,'000001',688,3,'0.000','0.00',1),(2,2,'000002',682,3,'1.000','2.00',1),(3,3,'000003',328,14,'166.450','12.29',1),(4,4,'000004',328,14,'20.000','12.29',1),(5,5,'000005',327,14,'1.000','10.59',1),(6,5,'000005',456,40,'2.000','21.19',1),(7,5,'000005',397,41,'7.140','11.44',1),(8,5,'000005',348,41,'5.000','2.54',1),(9,5,'000005',933,41,'5.200','14.40',1),(10,5,'000005',340,41,'44.800','39.50',1),(11,6,'000006',682,3,'1.000','1.00',0),(12,6,'000006',688,3,'1.000','1.00',1);

/*Table structure for table `facturaeestados` */


CREATE TABLE `facturaeestados` (
  `FacturaeEstadosId` int(11) NOT NULL auto_increment,
  `facturaeCabEstado` char(1) default NULL,
  `Descripcion` varchar(200) default NULL,
  PRIMARY KEY  (`FacturaeEstadosId`)
) ENGINE=MyISAM AUTO_INCREMENT=5 DEFAULT CHARSET=latin1;

/*Data for the table `facturaeestados` */

insert  into `facturaeestados`(`FacturaeEstadosId`,`facturaeCabEstado`,`Descripcion`) values (1,'G','Guardado y Enviado'),(2,'R','Guardado pero Rechazado por Sunat'),(3,'A','Anulado en sunat'),(4,'E','Error');

/*Table structure for table `guiacab` */


CREATE TABLE `guiacab` (
  `guiaCabId` int(11) NOT NULL auto_increment,
  `Numero` int(11) NOT NULL,
  `FechEmision` date default NULL,
  `clientes_Codigo` int(11) default NULL,
  `subtotal` decimal(17,2) default NULL,
  `IGV` decimal(17,2) default NULL,
  `total` decimal(17,2) default NULL,
  `credito` char(2) collate latin1_spanish_ci default NULL,
  `facturaCabId` int(11) default NULL,
  `clienteotienda` int(2) default NULL,
  `guiaCabEstado` char(1) collate latin1_spanish_ci default 'A',
  PRIMARY KEY  (`guiaCabId`),
  KEY `fk_guiarCab_clientes1_idx` (`clientes_Codigo`),
  KEY `fk_guiaCab_facturaCab1_idx` (`facturaCabId`)
) ENGINE=MyISAM AUTO_INCREMENT=378 DEFAULT CHARSET=latin1 COLLATE=latin1_spanish_ci;

/*Data for the table `guiacab` */

insert  into `guiacab`(`guiaCabId`,`Numero`,`FechEmision`,`clientes_Codigo`,`subtotal`,`IGV`,`total`,`credito`,`facturaCabId`,`clienteotienda`,`guiaCabEstado`) values (49,779,'2013-04-11',120829,'487.91','87.82','575.74','	0',NULL,2,'A'),(51,767,'2013-04-03',120829,'491.60','88.49','580.09','	0',NULL,2,'A'),(79,784,'2013-04-12',120828,'480.54','86.50','567.04','	0',NULL,2,'A'),(53,772,'2013-04-05',120828,'492.83','88.71','581.54','	0',NULL,2,'A'),(54,773,'2013-04-06',120828,'25.50','4.59','30.09','	0',NULL,2,'A'),(78,770,'2013-04-04',120828,'249.92','44.99','294.91','	0',NULL,2,'A'),(57,778,'2013-04-04',120828,'254.16','45.75','299.91','	0',NULL,2,'A'),(58,788,'2013-04-16',120829,'491.60','88.49','580.09','	0',NULL,2,'A'),(59,73,'2013-04-17',120902,'1909.82','343.77','2253.58','1',NULL,1,'A'),(60,91,'2013-04-19',120912,'428.92','77.21','506.13','	0',NULL,2,'A'),(61,88,'2013-04-19',120915,'2194.72','395.05','2589.78','1',NULL,1,'A'),(62,793,'2013-04-19',120828,'442.44','79.64','522.08','	0',NULL,2,'A'),(63,83,'2013-04-19',120920,'372.67','67.08','439.75','1',NULL,1,'A'),(64,181,'2013-04-11',120915,'2747.40','494.53','3241.93','1',NULL,1,'A'),(65,67,'2013-04-10',120915,'1918.01','345.24','2263.26','1',NULL,1,'A'),(66,504,'2013-04-21',120902,'2170.90','390.76','2561.66','1',NULL,1,'A'),(67,503,'2013-04-20',120922,'720.23','129.64','849.87','1',NULL,1,'A'),(68,795,'2013-04-22',120829,'510.04','91.81','601.84','	0',NULL,2,'A'),(69,797,'2013-04-22',120828,'234.04','42.13','276.17','	0',NULL,2,'A'),(70,523,'2013-04-24',120913,'3307.91','595.42','3903.34','	0',NULL,2,'A'),(71,523,'2013-04-24',120913,'3308.30','595.49','3903.79','1',NULL,1,'A'),(72,522,'2013-04-23',120915,'1903.39','342.61','2246.00','1',NULL,1,'A'),(73,303,'2013-04-25',120828,'357.64','64.38','422.01','	0',NULL,2,'A'),(74,309,'2013-04-27',120828,'395.74','71.23','466.97','	0',NULL,2,'A'),(75,308,'2013-04-27',120912,'751.20','135.22','886.42','	0',NULL,2,'A'),(76,254,'2013-04-27',120922,'716.90','129.04','845.94','1',NULL,1,'A'),(77,258,'2013-04-29',120913,'3009.03','541.63','3550.65','1',NULL,1,'A'),(80,318,'2013-05-02',120828,'713.81','128.49','842.29','	0',NULL,2,'A'),(81,320,'2013-05-03',120829,'498.97','89.82','588.79','	0',NULL,2,'A'),(82,321,'2013-05-03',120912,'54.21','9.76','63.97','	0',NULL,2,'A'),(83,322,'2013-05-04',120912,'819.41','147.49','966.90','	0',NULL,2,'A'),(84,332,'2013-05-06',120902,'1627.17','292.89','1920.07','1',NULL,1,'A'),(85,327,'2013-05-07',120828,'262.63','47.27','309.91','	0',NULL,2,'A'),(86,326,'2013-05-07',120829,'741.09','133.40','874.48','	0',NULL,2,'A'),(87,329,'2013-05-08',120828,'388.36','69.91','458.27','	0',NULL,2,'A'),(88,798,'2013-05-09',120915,'2300.01','414.00','2714.01','1',NULL,1,'A'),(89,319,'2013-05-03',120915,'2296.06','413.29','2709.35','0',NULL,1,'A'),(90,352,'2013-05-08',120929,'766.59','137.99','904.57','1',NULL,1,'A'),(91,322,'2013-05-11',120829,'616.34','110.94','727.28','	0',NULL,2,'A'),(92,366,'2013-05-10',120913,'1486.70','267.61','1754.31','1',NULL,1,'A'),(93,291,'2013-05-02',120913,'2349.70','422.95','2772.65','1',NULL,1,'A'),(94,375,'2013-05-10',120915,'2347.80','422.60','2770.40','1',NULL,1,'A'),(95,362,'2013-05-09',120902,'1887.44','339.74','2227.18','1',NULL,1,'A'),(96,335,'2013-05-11',120912,'979.81','176.37','1156.17','	0',NULL,2,'A'),(97,390,'2013-05-11',120922,'846.80','152.42','999.23','1',NULL,1,'A'),(98,317,'2013-05-03',120922,'547.66','98.58','646.24','1',NULL,1,'A'),(99,405,'2013-05-13',120913,'2386.01','429.48','2815.50','1',NULL,1,'A'),(100,340,'2013-05-15',120828,'246.75','44.41','291.16','	0',NULL,2,'A'),(101,416,'2013-05-14',120913,'1773.04','319.15','2092.19','1',NULL,1,'A'),(102,422,'2013-05-15',120915,'2648.90','476.80','3125.70','1',NULL,1,'A'),(103,425,'2013-05-16',120913,'1369.86','246.57','1616.43','1',NULL,1,'A'),(104,426,'2013-05-16',120902,'1658.45','298.52','1956.97','1',NULL,1,'A'),(105,343,'2013-05-18',120829,'504.50','90.81','595.32','	0',NULL,2,'A'),(106,717,'2013-05-21',120828,'374.85','67.47','442.32','	0',NULL,2,'A'),(107,349,'2013-05-21',120829,'518.64','93.35','611.99','	0',NULL,2,'A'),(108,436,'2013-05-17',120915,'1929.88','347.38','2277.26','1',NULL,1,'A'),(109,723,'2013-05-21',120915,'1617.53','291.15','1908.68','1',NULL,1,'A'),(110,722,'2013-05-21',120929,'1875.91','337.66','2213.58','1',NULL,1,'A'),(111,613,'2013-05-25',120828,'380.99','68.58','449.57','	0',NULL,2,'A'),(112,614,'2013-05-25',120912,'532.47','95.84','628.31','	0',NULL,2,'A'),(113,615,'2013-05-28',120828,'238.28','42.89','281.16','	0',NULL,2,'A'),(114,470,'2013-05-27',120913,'4183.55','753.04','4936.58','1',NULL,1,'A'),(115,454,'2013-05-25',120922,'802.33','144.42','946.74','1',NULL,1,'A'),(116,734,'2013-05-23',120902,'1790.11','322.22','2112.33','1',NULL,1,'A'),(117,471,'2013-05-27',120902,'1651.07','297.19','1948.26','1',NULL,1,'A'),(118,487,'2013-05-29',120913,'3325.82','598.65','3924.47','1',NULL,1,'A'),(119,618,'2013-05-28',120912,'336.75','60.61','397.36','	0',NULL,2,'A'),(120,748,'2013-05-25',120915,'2488.20','447.88','2936.08','1',NULL,1,'A'),(121,481,'2013-05-29',120920,'375.12','67.52','442.64','1',NULL,1,'A'),(122,620,'2013-05-29',120829,'494.06','88.93','582.99','	0',NULL,2,'A'),(123,621,'2013-05-29',120828,'357.64','64.38','422.01','	0',NULL,2,'A'),(124,457,'2013-05-30',120915,'2783.63','501.05','3284.68','1',NULL,1,'A'),(125,330,'2013-05-09',120829,'755.84','136.05','891.89','	0',NULL,2,'A'),(126,325,'2013-05-06',120828,'334.29','60.17','394.46','	0',NULL,2,'A'),(127,337,'2013-06-13',120828,'374.85','67.47','442.32','	0',NULL,2,'A'),(128,635,'2013-06-01',120912,'563.99','101.52','665.51','	0',NULL,2,'A'),(129,633,'2013-06-01',120828,'432.61','77.87','510.48','	0',NULL,2,'A'),(130,634,'2013-06-01',120829,'495.29','89.15','584.44','	0',NULL,2,'A'),(131,639,'2013-06-03',120828,'320.88','57.76','378.63','	0',NULL,2,'A'),(132,337,'2013-05-13',120828,'374.85','67.47','442.32','	0',NULL,2,'A'),(133,642,'2013-06-06',120912,'544.45','98.00','642.45','	0',NULL,2,'A'),(134,641,'2013-06-05',120829,'518.02','93.24','611.27','	0',NULL,2,'A'),(135,646,'2013-06-07',120828,'34.00','6.12','40.12','	0',NULL,2,'A'),(136,650,'2013-06-08',120828,'656.13','118.10','774.24','	0',NULL,2,'A'),(137,651,'2013-06-10',120829,'491.60','88.49','580.09','	0',NULL,2,'A'),(138,799,'2013-06-13',120829,'491.60','88.49','580.09','	0',NULL,2,'A'),(139,657,'2013-06-13',120912,'471.94','84.95','556.88','	0',NULL,2,'A'),(140,661,'2013-06-15',120829,'390.82','70.35','461.17','	0',NULL,2,'A'),(141,664,'2013-06-17',120828,'297.42','53.54','350.95','	0',NULL,2,'A'),(142,665,'2013-06-18',120912,'796.99','143.46','940.45','	0',NULL,2,'A'),(143,671,'2013-06-20',120828,'248.87','44.80','293.66','	0',NULL,2,'A'),(144,670,'2013-06-20',120829,'491.60','88.49','580.09','	0',NULL,2,'A'),(145,670,'2013-06-15',120902,'2165.18','389.73','2554.92','1',NULL,1,'A'),(146,354,'2013-06-20',120902,'1896.74','341.41','2238.15','1',NULL,1,'A'),(147,490,'2013-06-12',120902,'2283.89','411.10','2694.99','1',NULL,1,'A'),(148,488,'2013-06-12',120922,'719.84','129.57','849.41','1',NULL,1,'A'),(149,651,'2013-06-13',120922,'819.42','147.50','966.91','1',NULL,1,'A'),(150,679,'2013-06-04',120922,'791.93','142.55','934.48','1',NULL,1,'A'),(151,683,'2013-06-19',120913,'451.12','81.20','532.32','1',NULL,1,'A'),(152,678,'2013-06-18',120913,'1282.90','230.92','1513.82','1',NULL,1,'A'),(153,683,'2013-06-18',120913,'1912.57','344.26','2256.83','1',NULL,1,'A'),(154,469,'2013-06-10',120913,'502.14','90.38','592.52','1',NULL,1,'A'),(155,674,'2013-06-21',120912,'391.16','70.41','461.57','	0',NULL,2,'A'),(156,673,'2013-06-24',120828,'302.33','54.42','356.75','	0',NULL,2,'A'),(157,380,'2013-06-24',120902,'1488.34','267.90','1756.24','1',NULL,1,'A'),(158,367,'2013-06-21',120915,'2106.00','379.08','2485.08','1',NULL,1,'A'),(159,3,'2013-06-12',120915,'1554.54','279.82','1834.36','1',NULL,1,'A'),(160,388,'2013-06-25',120915,'2613.00','470.34','3083.34','1',NULL,1,'A'),(161,368,'2013-06-22',120913,'2622.01','471.96','3093.97','1',NULL,1,'A'),(162,455,'2013-06-07',120929,'1339.61','241.13','1580.74','1',NULL,1,'A'),(163,678,'2013-06-25',120828,'732.15','131.79','863.94','	0',NULL,2,'A'),(164,701,'2013-06-26',120829,'491.60','88.49','580.09','	0',NULL,2,'A'),(165,389,'2013-06-26',120913,'2712.98','488.34','3201.32','1',NULL,1,'A'),(166,959,'2013-06-27',120922,'840.85','151.35','992.20','1',NULL,1,'A'),(167,957,'2013-06-27',120929,'1376.70','247.81','1624.51','1',NULL,1,'A'),(168,978,'2013-07-01',120902,'2114.83','380.67','2495.50','1',NULL,1,'A'),(169,716,'2013-07-02',120829,'495.29','89.15','584.44','	0',NULL,2,'A'),(170,104,'2013-07-04',120828,'405.57','73.00','478.57','	0',NULL,2,'A'),(171,103,'2013-07-04',120912,'419.97','75.59','495.56','	0',NULL,2,'A'),(172,720,'2013-07-06',120829,'514.34','92.58','606.92','	0',NULL,2,'A'),(173,721,'2013-07-06',120828,'245.69','44.22','289.91','	0',NULL,2,'A'),(174,724,'2013-07-08',120828,'459.65','82.74','542.38','	0',NULL,2,'A'),(175,164,'2013-07-05',120915,'1801.80','324.32','2126.12','1',NULL,1,'A'),(176,967,'2013-06-28',120915,'2257.13','406.28','2663.41','1',NULL,1,'A'),(177,163,'2013-07-05',120920,'326.88','58.84','385.72','1',NULL,1,'A'),(178,989,'2013-07-03',120920,'781.58','140.68','922.26','1',NULL,1,'A'),(179,165,'2013-07-05',120922,'743.42','133.82','877.23','1',NULL,1,'A'),(180,177,'2013-07-08',120913,'1873.20','337.18','2210.37','1',NULL,1,'A'),(181,194,'2013-07-09',120920,'387.36','69.72','457.08','1',NULL,1,'A'),(182,990,'2013-07-03',120920,'526.39','94.75','621.14','1',NULL,1,'A'),(183,194,'2013-07-09',120920,'387.36','69.72','457.08','1',NULL,1,'A'),(184,991,'2013-07-10',120920,'387.36','69.72','457.08','1',NULL,1,'A'),(185,728,'2013-07-12',120828,'320.88','57.76','378.63','	0',NULL,2,'A'),(186,729,'2013-07-12',120912,'389.59','70.13','459.72','	0',NULL,2,'A'),(187,732,'2013-07-13',120829,'522.94','94.13','617.07','	0',NULL,2,'A'),(188,733,'2013-07-13',120828,'451.04','81.19','532.23','	0',NULL,2,'A'),(189,736,'2013-07-16',120829,'519.25','93.47','612.72','	0',NULL,2,'A'),(190,739,'2013-07-18',120828,'469.48','84.51','553.98','	0',NULL,2,'A'),(191,744,'2013-07-19',120912,'828.29','149.09','977.39','	0',NULL,2,'A'),(192,741,'2013-07-19',120828,'237.22','42.70','279.91','	0',NULL,2,'A'),(193,743,'2013-07-19',120829,'503.89','90.70','594.59','	0',NULL,2,'A'),(194,746,'2013-07-24',120828,'378.53','68.14','446.67','	0',NULL,2,'A'),(195,747,'2013-07-23',120829,'474.39','85.39','559.78','	0',NULL,2,'A'),(196,653,'2013-07-26',120912,'536.86','96.63','633.49','	0',NULL,2,'A'),(197,654,'2013-07-27',120828,'612.52','110.25','722.77','	0',NULL,2,'A'),(198,658,'2013-07-31',120829,'463.33','83.40','546.73','	0',NULL,2,'A'),(199,663,'2013-08-02',120829,'459.65','82.74','542.38','	0',NULL,2,'A'),(200,704,'2013-08-12',120912,'1133.77','204.08','1337.85','	0',NULL,2,'A'),(201,702,'2013-08-12',120828,'491.60','88.49','580.09','	0',NULL,2,'A'),(202,706,'2013-08-13',120829,'495.29','89.15','584.44','	0',NULL,2,'A'),(203,707,'2013-08-14',120912,'20.00','3.60','23.60','	0',NULL,2,'A'),(204,858,'2013-08-17',120913,'2286.17','411.51','2697.68','1',NULL,1,'A'),(205,709,'2013-08-17',120829,'478.08','86.05','564.14','	0',NULL,2,'A'),(206,712,'2013-08-19',120828,'424.00','76.32','500.33','	0',NULL,2,'A'),(207,713,'2013-08-19',120829,'516.18','92.91','609.09','	0',NULL,2,'A'),(208,715,'2013-08-21',120828,'304.99','54.90','359.89','	0',NULL,2,'A'),(209,732,'2013-08-29',120828,'328.29','59.09','387.38','	0',NULL,2,'A'),(210,258,'2013-09-04',120828,'408.03','73.45','481.47','	0',NULL,2,'A'),(211,260,'2013-09-04',120829,'487.91','87.82','575.74','	0',NULL,2,'A'),(212,619,'2013-09-04',120902,'2805.62','505.01','3310.63','1',NULL,1,'A'),(213,594,'2013-09-02',120902,'2454.76','441.86','2896.62','1',NULL,1,'A'),(214,735,'2013-09-10',120902,'1815.06','326.71','2141.77','1',NULL,1,'A'),(215,992,'2013-09-10',120915,'3219.29','579.47','3798.77','1',NULL,1,'A'),(216,639,'2013-09-10',120913,'1596.19','287.31','1883.50','1',NULL,1,'A'),(217,626,'2013-09-10',120913,'272.02','48.96','320.99','1',NULL,1,'A'),(218,633,'2013-09-10',120913,'1297.78','233.60','1531.38','1',NULL,1,'A'),(219,618,'2013-09-04',120913,'4015.43','722.78','4738.21','1',NULL,1,'A'),(220,595,'2013-09-02',120913,'2549.60','458.93','3008.53','1',NULL,1,'A'),(221,635,'2013-09-05',120920,'369.50','66.51','436.01','1',NULL,1,'A'),(222,616,'2013-09-03',120920,'456.91','82.24','539.16','1',NULL,1,'A'),(223,853,'2013-09-10',120920,'549.58','98.92','648.50','1',NULL,1,'A'),(224,273,'2013-09-11',120829,'480.54','86.50','567.04','	0',NULL,2,'A'),(225,418,'2013-09-10',120920,'642.60','115.67','758.27','1',NULL,1,'A'),(226,422,'2013-09-11',120902,'2291.24','412.42','2703.66','1',NULL,1,'A'),(227,421,'2013-09-12',120913,'3957.93','712.43','4670.36','1',NULL,1,'A'),(228,412,'2013-09-09',120915,'2163.53','389.43','2552.96','1',NULL,1,'A'),(229,275,'2013-09-12',120828,'256.28','46.13','302.41','	0',NULL,2,'A'),(230,276,'2013-09-13',120828,'178.21','32.08','210.28','	0',NULL,2,'A'),(231,277,'2013-09-13',120829,'503.89','90.70','594.59','	0',NULL,2,'A'),(232,440,'2013-09-13',120902,'2663.93','479.51','3143.43','1',NULL,1,'A'),(233,441,'2013-09-14',120913,'2629.99','473.40','3103.39','1',NULL,1,'A'),(234,437,'2013-09-13',120920,'612.50','110.25','722.75','1',NULL,1,'A'),(235,285,'2013-09-17',120828,'484.23','87.16','571.39','	0',NULL,2,'A'),(236,286,'2013-09-17',120828,'272.16','48.99','321.15','	0',NULL,2,'A'),(237,853,'2013-09-14',120922,'912.09','164.18','1076.27','1',NULL,1,'A'),(238,859,'2013-09-16',120902,'2093.32','376.80','2470.12','1',NULL,1,'A'),(239,865,'2013-09-19',120913,'2419.41','435.49','2854.91','1',NULL,1,'A'),(240,875,'2013-09-19',120913,'2900.63','522.11','3422.74','1',NULL,1,'A'),(241,292,'2013-09-19',120828,'473.17','85.17','558.33','	0',NULL,2,'A'),(242,905,'2013-09-21',120922,'692.52','124.65','817.17','1',NULL,1,'A'),(243,911,'2013-09-23',120902,'2491.30','448.43','2939.73','1',NULL,1,'A'),(244,418,'2013-09-23',120828,'513.72','92.47','606.19','	0',NULL,2,'A'),(245,917,'2013-09-23',120915,'2384.85','429.27','2814.12','1',NULL,1,'A'),(246,919,'2013-09-24',120913,'2957.10','532.28','3489.38','1',NULL,1,'A'),(247,904,'2013-09-21',120929,'88.72','15.97','104.69','1',NULL,1,'A'),(248,216,'2013-09-17',120929,'1639.91','295.18','1935.09','1',NULL,1,'A'),(249,864,'2013-09-17',120920,'242.78','43.70','286.49','1',NULL,1,'A'),(250,892,'2013-09-20',120920,'292.46','52.64','345.11','1',NULL,1,'A'),(251,298,'2025-09-13',120829,'539.53','97.12','636.65','	0',NULL,2,'A'),(252,933,'2013-09-26',120913,'3015.69','542.82','3558.51','1',NULL,1,'A'),(253,932,'2013-09-26',120902,'2573.14','463.17','3036.30','1',NULL,1,'A'),(254,299,'2013-09-27',120828,'228.21','41.08','269.29','	0',NULL,2,'A'),(255,962,'2013-09-27',120915,'2417.03','435.06','2852.09','1',NULL,1,'A'),(256,930,'2013-09-25',120920,'505.87','91.06','596.93','1',NULL,1,'A'),(257,752,'2013-09-28',120912,'498.05','89.65','587.70','	0',NULL,2,'A'),(258,756,'2013-09-28',120829,'479.31','86.28','565.59','	0',NULL,2,'A'),(259,754,'2013-09-28',120912,'453.60','81.65','535.24','	0',NULL,2,'A'),(260,966,'2013-09-30',120902,'2957.22','532.30','3489.52','1',NULL,1,'A'),(261,583,'2013-08-31',120922,'861.73','155.11','1016.84','1',NULL,1,'A'),(262,761,'2013-10-02',120829,'516.18','92.91','609.09','	0',NULL,2,'A'),(263,986,'2013-10-01',120920,'324.07','58.33','382.40','1',NULL,1,'A'),(264,988,'2013-10-01',120915,'2157.88','388.42','2546.29','1',NULL,1,'A'),(265,959,'2013-09-27',120920,'331.70','59.71','391.41','1',NULL,1,'A'),(266,991,'2013-10-02',120922,'819.95','147.59','967.55','1',NULL,1,'A'),(267,803,'2013-10-03',120902,'2409.16','433.65','2842.81','1',NULL,1,'A'),(268,767,'2013-10-04',120912,'492.34','88.62','580.96','	0',NULL,2,'A'),(269,807,'2013-10-04',120913,'2132.00','383.76','2515.76','1',NULL,1,'A'),(270,814,'2013-10-04',120915,'2375.10','427.52','2802.62','1',NULL,1,'A'),(271,993,'2013-10-04',120920,'413.64','74.46','488.10','1',NULL,1,'A'),(272,818,'2013-10-05',120828,'398.20','71.68','469.87','	0',NULL,2,'A'),(273,994,'2013-10-07',120902,'2423.67','436.26','2859.93','1',NULL,1,'A'),(274,840,'2013-10-08',120915,'2418.50','435.33','2853.83','1',NULL,1,'A'),(275,769,'2013-10-08',120828,'250.98','45.18','296.16','	0',NULL,2,'A'),(276,772,'2013-10-10',120828,'438.75','78.98','517.73','	0',NULL,2,'A'),(277,772,'2013-10-10',120912,'88.95','16.01','104.96','	0',NULL,2,'A'),(278,995,'2013-10-10',120915,'330.45','59.48','389.93','1',NULL,1,'A'),(279,1002,'2013-10-09',120920,'513.59','92.45','606.04','1',NULL,1,'A'),(280,1003,'2013-10-09',120913,'1226.12','220.70','1446.82','1',NULL,1,'A'),(281,1004,'2013-10-10',120902,'2727.84','491.01','3218.85','1',NULL,1,'A'),(282,775,'2013-10-11',120829,'495.69','89.22','584.91','	0',NULL,2,'A'),(283,779,'2013-10-15',120829,'546.53','98.38','644.91','	0',NULL,2,'A'),(284,778,'2013-10-15',120828,'470.27','84.65','554.92','	0',NULL,2,'A'),(285,780,'2013-10-15',120912,'743.89','133.90','877.79','	0',NULL,2,'A'),(286,1005,'2013-10-16',120929,'2275.33','409.56','2684.89','1',NULL,1,'A'),(287,1033,'2013-10-15',120915,'1892.30','340.61','2232.91','1',NULL,1,'A'),(288,1011,'2013-10-11',120913,'3441.43','619.46','4060.88','1',NULL,1,'A'),(289,1016,'2013-10-11',120920,'512.41','92.23','604.64','1',NULL,1,'A'),(290,1019,'2013-10-11',120922,'742.26','133.61','875.86','1',NULL,1,'A'),(291,1023,'2013-10-12',120913,'2839.92','511.19','3351.11','1',NULL,1,'A'),(292,1037,'2013-10-16',120913,'5469.49','984.51','6454.00','1',NULL,1,'A'),(293,1020,'2013-10-11',120915,'2792.00','502.56','3294.56','1',NULL,1,'A'),(294,1038,'2013-10-14',120902,'2797.56','503.56','3301.12','1',NULL,1,'A'),(295,782,'2013-10-17',120828,'246.85','44.43','291.28','	0',NULL,2,'A'),(296,1039,'2013-10-17',120920,'829.79','149.36','979.15','1',NULL,1,'A'),(297,1052,'2013-10-17',120902,'2562.10','461.18','3023.28','1',NULL,1,'A'),(298,1068,'2013-10-18',120915,'1967.89','354.22','2322.12','1',NULL,1,'A'),(299,1069,'2013-10-18',120920,'371.80','66.92','438.72','1',NULL,1,'A'),(300,787,'2013-10-21',120829,'495.69','89.22','584.91','	0',NULL,2,'A'),(301,792,'2013-10-21',120828,'457.56','82.36','539.92','	0',NULL,2,'A'),(302,791,'2013-10-21',120912,'320.76','57.74','378.50','	0',NULL,2,'A'),(303,1001,'2013-10-22',120913,'2772.39','499.03','3271.41','1',NULL,1,'A'),(304,1084,'2013-10-21',120913,'4158.34','748.50','4906.84','1',NULL,1,'A'),(305,1079,'2013-10-19',120922,'819.63','147.53','967.16','1',NULL,1,'A'),(306,795,'2013-10-23',120829,'521.11','93.80','614.91','	0',NULL,2,'A'),(307,797,'2013-10-26',120912,'666.79','120.02','786.81','	0',NULL,2,'A'),(308,1042,'2013-10-25',120920,'581.61','104.69','686.30','1',NULL,1,'A'),(309,1035,'2013-10-25',120913,'2080.70','374.53','2455.23','1',NULL,1,'A'),(310,1093,'2013-10-25',120915,'2478.53','446.14','2924.67','1',NULL,1,'A'),(311,1051,'2013-10-26',120913,'1905.00','342.90','2247.90','1',NULL,1,'A'),(312,1023,'2013-10-24',120902,'2228.34','401.10','2629.44','1',NULL,1,'A'),(313,1002,'2013-10-22',120902,'2766.19','497.91','3264.10','1',NULL,1,'A'),(314,1103,'2013-10-26',120829,'415.62','74.81','490.43','	0',NULL,2,'A'),(315,1102,'2013-10-26',120828,'823.08','148.15','971.23','	0',NULL,2,'A'),(316,1107,'2013-10-30',120828,'330.60','59.51','390.11','	0',NULL,2,'A'),(317,1108,'2013-10-31',120913,'1848.11','332.66','2180.77','1',NULL,1,'A'),(318,1109,'2013-10-31',120920,'666.87','120.04','786.91','1',NULL,1,'A'),(319,1077,'2013-10-30',120902,'3482.72','626.89','4109.61','1',NULL,1,'A'),(320,1083,'2013-10-30',120922,'557.15','100.29','657.44','1',NULL,1,'A'),(321,1109,'2013-10-31',120912,'541.07','97.39','638.47','	0',NULL,2,'A'),(322,1110,'2013-11-02',120828,'503.32','90.60','593.91','	0',NULL,2,'A'),(323,1116,'2013-11-07',120828,'416.89','75.04','491.93','	0',NULL,2,'A'),(324,1205,'2013-11-07',120913,'4360.76','784.94','5145.69','1',NULL,1,'A'),(325,1182,'2013-11-05',120913,'5203.59','936.65','6140.24','1',NULL,1,'A'),(326,1158,'2013-11-01',120913,'3546.23','638.32','4184.56','1',NULL,1,'A'),(327,1173,'2013-11-02',120902,'2425.07','436.51','2861.58','1',NULL,1,'A'),(328,1188,'2013-11-06',120902,'2746.78','494.42','3241.20','1',NULL,1,'A'),(329,1206,'2013-11-08',120922,'287.36','51.72','339.09','1',NULL,1,'A'),(330,1201,'2013-11-06',120929,'1914.65','344.64','2259.29','1',NULL,1,'A'),(331,1118,'2013-11-09',120829,'513.48','92.43','605.91','	0',NULL,2,'A'),(332,1233,'2013-11-10',120922,'788.30','141.89','930.20','1',NULL,1,'A'),(333,1234,'2013-11-11',120902,'2925.84','526.65','3452.49','1',NULL,1,'A'),(334,1235,'2013-11-11',120920,'221.05','39.79','260.84','1',NULL,1,'A'),(335,1214,'2013-11-08',120913,'1557.79','280.40','1838.19','1',NULL,1,'A'),(336,1225,'2013-11-12',120828,'402.23','72.40','474.63','	0',NULL,2,'A'),(337,1123,'2013-11-12',120912,'890.97','160.37','1051.35','	0',NULL,2,'A'),(338,1236,'2013-11-13',120913,'1323.34','238.20','1561.54','1',NULL,1,'A'),(339,1238,'2013-11-12',120913,'6274.27','1129.37','7403.64','1',NULL,1,'A'),(340,1239,'2013-11-13',120920,'799.37','143.89','943.26','1',NULL,1,'A'),(341,1125,'2013-11-12',120828,'471.54','84.88','556.42','	0',NULL,2,'A'),(342,1130,'2013-11-14',120828,'41.00','7.38','48.38','	0',NULL,2,'A'),(344,1240,'2013-11-15',120808,'610.20','109.84','720.04','1',NULL,1,'A'),(345,1132,'2013-11-15',120829,'532.55','95.86','628.41','	0',NULL,2,'A'),(346,1288,'2013-11-15',120915,'2594.02','466.92','3060.94','1',NULL,1,'A'),(347,1265,'2013-11-14',120913,'4767.09','858.08','5625.16','1',NULL,1,'A'),(348,1264,'2013-11-14',120902,'2661.27','479.03','3140.30','1',NULL,1,'A'),(349,1281,'2013-11-14',120920,'235.92','42.47','278.39','1',NULL,1,'A'),(350,1303,'2013-11-18',120913,'3893.96','700.91','4594.87','1',NULL,1,'A'),(351,1304,'2013-11-18',120860,'4828.85','869.19','5698.04','1',NULL,1,'A'),(352,1136,'2013-11-19',120828,'406.72','73.21','479.93','	0',NULL,2,'A'),(353,1137,'2013-11-19',120912,'599.69','107.94','707.64','	0',NULL,2,'A'),(354,1138,'2013-11-19',120829,'531.91','95.74','627.66','	0',NULL,2,'A'),(355,1311,'2013-11-19',120902,'652.24','117.40','769.64','1',NULL,1,'A'),(356,1312,'2013-11-20',120902,'3305.44','594.98','3900.42','1',NULL,1,'A'),(357,1352,'2013-11-21',120828,'405.54','73.00','478.53','	0',NULL,2,'A'),(358,1337,'2013-11-21',120902,'2962.68','533.28','3495.97','1',NULL,1,'A'),(359,1339,'2013-11-21',120913,'331.09','59.60','390.69','1',NULL,1,'A'),(360,1338,'2013-11-21',120922,'774.42','139.40','913.82','1',NULL,1,'A'),(361,146,'2013-11-30',120829,'500.77','90.14','590.91','	0',NULL,2,'A'),(362,1144,'2013-11-30',120828,'554.69','99.84','654.53','	0',NULL,2,'A'),(363,1148,'2013-12-02',120828,'373.04','67.15','440.19','	0',NULL,2,'A'),(364,1466,'2013-12-29',120920,'438.89','79.00','517.89','1',NULL,1,'A'),(365,1455,'2013-12-28',120902,'1818.04','327.25','2145.28','1',NULL,1,'A'),(366,1477,'2013-11-30',120922,'910.34','163.86','1074.20','1',NULL,1,'A'),(367,1359,'2013-12-04',120829,'527.48','94.95','622.43','	0',NULL,2,'A'),(368,1362,'2013-12-06',120828,'338.31','60.90','399.21','	0',NULL,2,'A'),(369,1365,'2013-12-07',120912,'473.37','85.21','558.58','	0',NULL,2,'A'),(370,1362,'2013-12-07',120828,'338.31','60.90','399.21','	0',NULL,2,'A'),(371,1366,'2013-12-07',120828,'505.79','91.04','596.83','	0',NULL,2,'A'),(372,1372,'2013-12-10',120829,'538.33','96.90','635.23','	0',NULL,2,'A'),(373,1371,'2013-12-13',120912,'355.27','63.95','419.22','	0',NULL,2,'A'),(374,1375,'2013-12-12',120828,'745.54','134.20','879.73','	0',NULL,2,'A'),(375,1376,'2013-12-13',120829,'557.99','100.44','658.43','	0',NULL,2,'A'),(376,1385,'2013-12-18',120829,'513.48','92.43','605.91','	0',NULL,2,'A'),(377,1728,'2014-01-06',120828,'322.73','58.09','380.82','	0',NULL,2,'A');

/*Table structure for table `guiadet` */


CREATE TABLE `guiadet` (
  `guiaDetId` int(11) NOT NULL auto_increment,
  `guiaCabId` int(11) NOT NULL,
  `Numero` int(11) default NULL,
  `CodCorte` int(11) default NULL,
  `CodCarne` int(11) default NULL,
  `guiaDetCant` decimal(17,2) NOT NULL default '0.00',
  `guiaDetCostKilo` decimal(17,2) NOT NULL default '0.00',
  PRIMARY KEY  (`guiaDetId`),
  KEY `fk_guiaDet_cortes1_idx` (`CodCorte`),
  KEY `fk_guiaDet_carnes1_idx` (`CodCarne`),
  KEY `fk_guiaDet_guiaCab1_idx` (`Numero`)
) ENGINE=MyISAM AUTO_INCREMENT=555 DEFAULT CHARSET=latin1 COLLATE=latin1_spanish_ci;

/*Data for the table `guiadet` */

insert  into `guiadet`(`guiaDetId`,`guiaCabId`,`Numero`,`CodCorte`,`CodCarne`,`guiaDetCant`,`guiaDetCostKilo`) values (65,58,788,356,14,'40.00','12.29'),(99,57,778,377,14,'24.00','10.59'),(100,78,770,377,14,'23.60','10.59'),(60,54,773,378,14,'30.00','0.85'),(59,53,772,356,14,'40.10','12.29'),(101,79,784,356,14,'39.10','12.29'),(57,51,767,356,14,'40.00','12.29'),(55,49,779,356,14,'39.70','12.29'),(66,59,73,314,14,'209.00','2.11'),(67,59,73,315,14,'70.00','2.11'),(68,59,73,328,14,'135.50','9.75'),(69,60,91,356,14,'34.90','12.29'),(70,61,88,328,14,'225.10','9.75'),(71,62,793,356,14,'36.00','12.29'),(72,63,83,316,14,'258.80','1.44'),(73,64,181,328,14,'281.90','9.75'),(74,65,67,328,14,'196.80','9.75'),(75,66,504,314,14,'179.80','2.12'),(76,66,504,315,14,'37.20','2.12'),(77,66,504,328,14,'175.60','9.75'),(78,67,503,315,14,'2.83','2.97'),(79,67,503,328,14,'67.20','10.59'),(80,68,795,356,14,'41.50','12.29'),(81,69,797,377,14,'22.10','10.59'),(82,70,523,315,14,'194.70','2.12'),(83,70,523,328,14,'297.10','9.75'),(84,70,523,315,14,'194.70','2.12'),(85,70,523,328,14,'297.10','9.75'),(86,72,522,328,14,'195.30','9.75'),(87,73,303,356,14,'29.10','12.29'),(88,74,309,356,14,'32.20','12.29'),(89,75,308,315,14,'3.00','3.82'),(90,75,308,311,14,'30.90','10.94'),(91,75,308,323,14,'3.90','7.20'),(92,75,308,356,14,'30.40','12.29'),(93,76,254,355,14,'3.30','9.32'),(94,76,254,315,14,'2.40','2.97'),(95,76,254,328,14,'64.10','10.59'),(96,77,258,309,14,'99.60','9.32'),(97,77,258,328,14,'213.50','9.75'),(102,80,318,377,14,'24.00','10.59'),(103,80,318,356,14,'37.40','12.29'),(104,81,320,356,14,'40.60','12.29'),(105,82,321,312,14,'20.00','1.02'),(106,82,321,312,14,'8.40','4.03'),(107,83,322,311,14,'38.20','10.93'),(108,83,322,356,14,'32.70','12.29'),(109,84,332,314,14,'99.20','2.12'),(110,84,332,328,14,'145.40','9.75'),(111,85,327,377,14,'24.80','10.59'),(112,86,326,356,14,'60.30','12.29'),(113,87,329,356,14,'31.60','12.29'),(114,88,798,328,14,'236.00','9.75'),(115,89,319,328,14,'235.60','9.75'),(116,90,352,315,14,'83.30','2.37'),(117,90,352,328,14,'56.90','10.00'),(118,83,322,356,14,'50.15','12.29'),(119,92,366,314,14,'158.00','2.12'),(120,92,366,328,14,'118.20','9.75'),(121,93,291,328,14,'241.10','9.75'),(122,94,375,328,14,'240.80','9.75'),(123,95,362,314,14,'210.10','2.12'),(124,95,362,328,14,'147.90','9.75'),(125,96,335,311,14,'28.70','10.93'),(126,96,335,356,14,'54.20','12.29'),(127,97,390,315,14,'2.00','2.97'),(128,97,390,355,14,'3.00','10.17'),(129,97,390,328,14,'76.50','10.59'),(130,98,317,328,14,'51.70','10.59'),(131,99,405,315,14,'45.20','2.12'),(132,99,405,328,14,'235.00','9.75'),(133,100,340,377,14,'23.30','10.59'),(134,101,416,309,14,'190.20','9.32'),(135,102,422,328,14,'271.80','9.75'),(136,103,425,315,14,'90.00','2.12'),(137,103,425,328,14,'121.00','9.75'),(138,104,426,314,14,'105.60','2.12'),(139,104,426,328,14,'147.20','9.75'),(140,105,343,356,14,'41.05','12.29'),(141,106,717,356,14,'30.50','12.29'),(142,107,349,356,14,'42.20','12.29'),(143,108,436,311,14,'10.50','9.32'),(144,108,436,328,14,'187.90','9.75'),(145,109,723,328,14,'165.90','9.75'),(146,110,722,315,14,'94.70','2.12'),(147,110,722,328,14,'171.90','9.75'),(148,111,613,356,14,'31.00','12.29'),(149,112,614,378,14,'20.00','1.07'),(150,112,614,448,14,'20.00','4.24'),(151,112,614,311,14,'39.00','10.93'),(152,113,615,377,14,'22.50','10.59'),(153,114,470,314,14,'141.60','2.12'),(154,114,470,315,14,'253.80','2.11'),(155,114,470,309,14,'107.80','9.32'),(156,114,470,328,14,'240.30','9.75'),(157,115,454,355,14,'3.40','10.17'),(158,115,454,453,14,'1.00','2.97'),(159,115,454,315,14,'2.20','2.97'),(160,115,454,328,14,'71.60','10.59'),(161,116,734,314,14,'111.30','2.12'),(162,116,734,328,14,'159.40','9.75'),(163,117,471,314,14,'126.20','2.12'),(164,117,471,328,14,'141.90','9.75'),(165,118,487,309,14,'61.00','9.32'),(166,118,487,328,14,'282.80','9.75'),(167,119,618,356,14,'27.40','12.29'),(168,120,748,328,14,'255.20','9.75'),(169,121,481,316,14,'260.50','1.44'),(170,122,620,356,14,'40.20','12.29'),(171,123,621,356,14,'29.10','12.29'),(172,124,457,328,14,'285.50','9.75'),(173,91,322,356,14,'50.15','12.29'),(174,125,330,356,14,'61.50','12.29'),(175,126,325,356,14,'27.20','12.29'),(176,127,337,356,14,'30.50','12.29'),(177,128,635,311,14,'51.60','10.93'),(178,129,633,356,14,'35.20','12.29'),(179,130,634,356,14,'40.30','12.29'),(180,131,639,377,14,'30.30','10.59'),(181,127,337,356,14,'30.50','12.29'),(182,133,642,356,14,'44.30','12.29'),(183,134,641,356,14,'42.15','12.29'),(184,135,646,378,14,'40.00','0.85'),(185,136,650,377,14,'22.50','10.59'),(186,136,650,356,14,'34.00','12.29'),(187,137,651,356,14,'40.00','12.29'),(188,138,799,356,14,'40.00','12.29'),(189,139,657,356,14,'38.40','12.29'),(190,140,661,356,14,'31.80','12.29'),(191,141,664,356,14,'24.20','12.29'),(192,142,665,311,14,'34.80','10.93'),(193,142,665,356,14,'33.90','12.29'),(194,143,671,377,14,'23.50','10.59'),(195,144,670,356,14,'40.00','12.29'),(196,144,670,314,14,'110.70','2.12'),(197,144,670,328,14,'198.00','9.75'),(198,146,354,314,14,'118.00','2.12'),(199,146,354,328,14,'168.88','9.75'),(200,147,490,314,14,'139.10','2.12'),(201,147,490,328,14,'204.00','9.75'),(202,148,488,315,14,'4.30','2.97'),(203,148,488,328,14,'66.75','10.59'),(204,137,651,417,14,'3.34','11.02'),(205,137,651,328,14,'73.90','10.59'),(206,150,679,417,14,'4.31','11.02'),(207,150,679,328,14,'70.30','10.59'),(208,151,683,315,14,'213.80','2.11'),(209,152,678,309,14,'137.65','9.32'),(210,151,683,315,14,'92.70','2.11'),(211,151,683,328,14,'176.10','9.75'),(212,154,469,315,14,'237.98','2.11'),(213,155,674,311,14,'11.50','10.93'),(214,155,674,356,14,'21.60','12.29'),(215,156,673,356,14,'24.60','12.29'),(216,157,380,328,14,'152.65','9.75'),(217,158,367,328,14,'216.00','9.75'),(218,159,3,328,14,'159.44','9.75'),(219,160,388,328,14,'268.00','9.75'),(220,161,368,309,14,'149.30','9.32'),(221,161,368,328,14,'93.10','9.75'),(222,161,368,332,14,'40.10','8.05'),(223,162,455,358,6,'0.79','16.10'),(224,162,455,328,14,'136.10','9.75'),(225,152,678,377,14,'25.50','10.59'),(226,152,678,356,14,'37.60','12.29'),(227,164,701,356,14,'40.00','12.29'),(228,165,389,315,14,'245.85','2.11'),(229,165,389,328,14,'225.05','9.75'),(230,166,959,328,14,'79.40','10.59'),(231,167,957,328,14,'141.20','9.75'),(232,168,978,314,14,'126.50','2.12'),(233,168,978,328,14,'189.40','9.75'),(234,169,716,356,14,'40.30','12.29'),(235,170,104,356,14,'33.00','12.29'),(236,171,103,448,14,'30.00','4.28'),(237,171,103,378,14,'4.37','1.44'),(238,171,103,311,14,'26.10','10.93'),(239,172,720,356,14,'41.85','12.29'),(240,173,721,377,14,'23.20','10.59'),(241,174,724,356,14,'37.40','12.29'),(242,175,164,328,14,'184.80','9.75'),(243,176,967,328,14,'231.50','9.75'),(244,177,163,316,14,'227.00','1.44'),(245,178,989,0,0,'781.58','1.00'),(246,179,165,328,14,'70.20','10.59'),(247,180,177,315,14,'98.00','2.11'),(248,180,177,309,14,'178.80','9.32'),(249,181,194,316,14,'269.00','1.44'),(250,182,990,316,14,'365.55','1.44'),(251,181,194,316,14,'269.00','1.44'),(252,184,991,316,14,'269.00','1.44'),(253,185,728,377,14,'30.30','10.59'),(254,186,729,356,14,'31.70','12.29'),(255,187,732,356,14,'42.55','12.29'),(256,188,733,356,14,'36.70','12.29'),(257,189,736,356,14,'42.25','12.29'),(258,190,739,356,14,'38.20','12.29'),(259,191,744,312,14,'5.00','7.00'),(260,191,744,311,14,'32.10','10.93'),(261,191,744,356,14,'36.00','12.29'),(262,192,741,377,14,'22.40','10.59'),(263,193,743,356,14,'41.00','12.29'),(264,194,746,356,14,'30.80','12.29'),(265,195,747,356,14,'38.60','12.29'),(266,196,653,312,14,'10.50','7.00'),(267,196,653,394,6,'4.00','4.00'),(268,196,653,356,14,'36.40','12.29'),(269,197,654,377,14,'14.90','10.59'),(270,197,654,356,14,'37.00','12.29'),(271,198,658,356,14,'37.70','12.29'),(272,199,663,356,14,'37.40','12.29'),(273,200,704,463,6,'5.00','4.24'),(274,200,704,311,14,'58.50','10.93'),(275,200,704,356,14,'38.50','12.29'),(276,201,702,356,14,'40.00','12.29'),(277,202,706,356,14,'40.30','12.29'),(278,203,707,378,14,'20.00','1.00'),(279,204,858,328,14,'143.70','9.75'),(280,204,858,332,14,'109.95','8.05'),(281,205,709,356,14,'38.90','12.29'),(282,206,712,356,14,'34.50','12.29'),(283,207,713,356,14,'42.00','12.29'),(284,208,715,377,14,'28.80','10.59'),(285,187,732,377,14,'31.00','10.59'),(286,77,258,356,14,'33.20','12.29'),(287,211,260,356,14,'39.70','12.29'),(288,212,619,314,14,'181.00','2.12'),(289,212,619,328,14,'248.40','9.75'),(290,213,594,314,14,'124.50','2.12'),(291,213,594,328,14,'224.70','9.75'),(292,214,735,328,14,'186.16','9.75'),(293,215,992,328,14,'330.18','9.75'),(294,131,639,309,14,'82.30','9.32'),(295,131,639,332,14,'103.00','8.05'),(296,217,626,328,14,'27.90','9.75'),(297,129,633,314,14,'175.20','2.11'),(298,129,633,315,14,'230.60','2.11'),(299,129,633,332,14,'54.85','8.05'),(300,119,618,328,14,'283.70','9.75'),(301,119,618,332,14,'155.20','8.05'),(302,220,595,309,14,'203.60','9.32'),(303,220,595,332,14,'81.00','8.05'),(304,128,635,316,14,'256.60','1.44'),(305,222,616,316,14,'317.30','1.44'),(306,223,853,316,14,'381.65','1.44'),(307,224,273,356,14,'39.10','12.29'),(308,225,418,316,14,'446.25','1.44'),(309,102,422,314,14,'172.00','2.12'),(310,102,422,328,14,'197.60','9.75'),(311,227,421,315,14,'75.20','2.11'),(312,227,421,433,5,'72.00','6.78'),(313,227,421,328,14,'339.60','9.75'),(314,228,412,328,14,'221.90','9.75'),(315,229,275,377,14,'24.20','10.59'),(316,230,276,356,14,'14.50','12.29'),(317,231,277,356,14,'41.00','12.29'),(318,232,440,314,14,'177.40','2.12'),(319,232,440,328,14,'234.65','9.75'),(320,233,441,309,14,'149.00','9.32'),(321,233,441,332,14,'154.20','8.05'),(322,234,437,316,14,'425.35','1.44'),(323,235,285,356,14,'39.40','12.29'),(324,236,286,377,14,'25.70','10.59'),(325,223,853,315,14,'2.10','2.97'),(326,223,853,355,14,'3.60','10.16'),(327,223,853,328,14,'78.20','10.59'),(328,223,853,332,14,'3.89','10.59'),(329,238,859,328,14,'214.70','9.75'),(330,239,865,314,14,'181.40','2.11'),(331,239,865,316,14,'30.00','1.69'),(332,239,865,315,14,'78.50','2.11'),(333,239,865,328,14,'186.70','9.75'),(334,240,875,328,14,'297.50','9.75'),(335,241,292,356,14,'38.50','12.29'),(336,242,905,309,14,'1.29','11.44'),(337,242,905,328,14,'64.00','10.59'),(338,243,911,314,14,'107.70','2.12'),(339,243,911,328,14,'232.10','9.75'),(340,225,418,356,14,'41.80','12.29'),(341,245,917,328,14,'244.60','9.75'),(342,246,919,315,14,'50.50','2.11'),(343,246,919,309,14,'204.90','9.32'),(344,246,919,328,14,'96.50','9.75'),(345,247,904,315,14,'41.85','2.12'),(346,248,216,429,35,'2.55','15.25'),(347,248,216,315,14,'13.40','2.37'),(348,248,216,328,14,'160.95','9.75'),(349,249,864,316,14,'168.60','1.44'),(350,250,892,316,14,'203.10','1.44'),(351,251,298,356,14,'43.90','12.29'),(352,252,933,315,14,'153.65','2.11'),(353,252,933,328,14,'276.05','9.75'),(354,253,932,316,14,'10.00','1.27'),(355,253,932,314,14,'108.35','2.12'),(356,253,932,328,14,'239.05','9.75'),(357,254,299,377,14,'21.55','10.59'),(358,255,962,328,14,'247.90','9.75'),(359,256,930,316,14,'351.30','1.44'),(360,257,752,323,14,'2.50','8.48'),(361,257,752,356,14,'38.80','12.29'),(362,258,756,356,14,'39.00','12.29'),(363,259,754,311,14,'41.50','10.93'),(364,260,966,314,14,'158.00','2.12'),(365,260,966,328,14,'268.95','9.75'),(366,261,583,355,14,'3.50','9.32'),(367,261,583,315,14,'3.00','2.97'),(368,261,583,328,14,'77.45','10.59'),(369,262,761,356,14,'42.00','12.29'),(370,263,986,316,14,'225.05','1.44'),(371,264,988,315,14,'74.60','2.12'),(372,264,988,328,14,'205.10','9.75'),(373,166,959,316,14,'230.35','1.44'),(374,184,991,315,14,'2.10','2.96'),(375,184,991,355,14,'3.00','9.32'),(376,184,991,328,14,'74.20','10.59'),(377,267,803,314,14,'126.15','2.12'),(378,267,803,316,14,'20.30','2.12'),(379,267,803,328,14,'215.25','9.75'),(380,51,767,378,14,'20.00','1.02'),(381,51,767,356,14,'38.40','12.29'),(382,269,807,332,14,'104.00','8.05'),(383,269,807,328,14,'132.80','9.75'),(384,270,814,328,14,'243.60','9.75'),(385,271,993,316,14,'287.25','1.44'),(386,272,818,356,14,'32.40','12.29'),(387,273,994,314,14,'116.50','2.12'),(388,273,994,328,14,'223.25','9.75'),(389,274,840,328,14,'241.85','10.00'),(390,275,769,377,14,'23.70','10.59'),(391,53,772,356,14,'35.70','12.29'),(392,53,772,312,14,'15.00','5.93'),(393,278,995,314,14,'144.30','2.29'),(394,279,1002,316,14,'303.90','1.69'),(395,280,1003,315,14,'132.20','2.54'),(396,280,1003,332,14,'100.15','8.89'),(397,281,1004,314,14,'125.80','2.12'),(398,281,1004,328,14,'242.00','10.17'),(399,282,775,356,14,'39.00','12.71'),(400,49,779,356,14,'43.00','12.71'),(401,57,778,356,14,'37.00','12.71'),(402,285,780,318,14,'5.00','1.69'),(403,285,780,311,14,'27.65','11.36'),(404,285,780,356,14,'33.15','12.71'),(405,286,1005,315,14,'103.40','2.54'),(406,286,1005,328,14,'198.10','10.16'),(407,287,1033,328,14,'186.25','10.16'),(408,288,1011,315,14,'251.90','2.55'),(409,288,1011,328,14,'275.50','10.16'),(410,289,1016,316,14,'303.20','1.69'),(411,290,1019,341,6,'2.15','11.02'),(412,290,1019,328,14,'67.85','10.59'),(413,291,1023,309,14,'139.90','9.75'),(414,291,1023,332,14,'174.25','8.47'),(415,292,1037,314,14,'146.60','2.54'),(416,292,1037,309,14,'143.90','9.75'),(417,292,1037,328,14,'254.80','10.16'),(418,292,1037,332,14,'130.50','8.47'),(419,293,1020,328,14,'279.20','10.00'),(420,294,1038,314,14,'147.60','2.54'),(421,294,1038,328,14,'238.45','10.16'),(422,295,782,377,14,'22.40','11.02'),(423,296,1039,316,14,'491.00','1.69'),(424,297,1052,314,14,'130.90','2.54'),(425,297,1052,328,14,'219.45','10.16'),(426,298,1068,328,14,'193.50','10.17'),(427,299,1069,316,14,'220.00','1.69'),(428,300,787,356,14,'39.00','12.71'),(429,301,792,356,14,'36.00','12.71'),(430,302,791,318,14,'5.00','1.69'),(431,302,791,311,14,'27.30','11.44'),(432,303,1001,309,14,'146.30','9.75'),(433,303,1001,332,14,'167.20','8.05'),(434,304,1084,315,14,'529.10','2.54'),(435,304,1084,309,14,'43.10','9.75'),(436,304,1084,328,14,'235.65','10.16'),(437,305,1079,429,35,'5.76','11.01'),(438,305,1079,328,14,'69.70','10.85'),(439,68,795,356,14,'41.00','12.71'),(440,69,797,311,14,'24.90','11.44'),(441,69,797,356,14,'30.05','12.71'),(442,308,1042,316,14,'344.15','1.69'),(443,309,1035,314,14,'252.60','2.54'),(444,309,1035,309,14,'147.60','9.75'),(445,310,1093,328,14,'243.95','10.16'),(446,311,1051,316,14,'50.00','2.54'),(447,311,1051,328,14,'175.00','10.16'),(448,291,1023,314,14,'144.50','2.54'),(449,291,1023,328,14,'183.20','10.16'),(450,279,1002,314,14,'141.65','2.54'),(451,279,1002,328,14,'236.85','10.16'),(452,314,1103,356,14,'32.70','12.71'),(453,315,1102,377,14,'31.90','11.02'),(454,315,1102,356,14,'37.10','12.71'),(455,316,1107,377,14,'30.00','11.02'),(456,317,1108,309,14,'189.55','9.75'),(457,318,1109,316,14,'394.60','1.69'),(458,319,1077,314,14,'156.55','2.54'),(459,319,1077,328,14,'303.65','10.16'),(460,320,1083,328,14,'50.60','11.01'),(461,318,1109,311,14,'44.20','11.36'),(462,318,1109,323,14,'4.60','8.47'),(463,322,1110,356,14,'39.60','12.71'),(464,323,1116,356,14,'32.80','12.71'),(465,324,1205,315,14,'201.65','2.54'),(466,324,1205,309,14,'140.50','10.16'),(467,324,1205,328,14,'232.35','10.42'),(468,325,1182,309,14,'141.60','9.75'),(469,325,1182,328,14,'283.45','10.42'),(470,325,1182,332,14,'102.65','8.47'),(471,326,1158,314,14,'242.75','2.54'),(472,326,1158,328,14,'182.15','10.42'),(473,326,1158,332,14,'121.80','8.47'),(474,327,1173,314,14,'137.15','2.54'),(475,327,1173,328,14,'204.40','10.16'),(476,328,1188,314,14,'136.00','2.12'),(477,328,1188,328,14,'252.15','9.75'),(478,329,1206,328,14,'26.10','11.01'),(479,330,1201,315,14,'85.00','2.54'),(480,330,1201,328,14,'167.20','10.16'),(481,331,1118,356,14,'40.40','12.71'),(482,332,1233,428,14,'2.20','11.86'),(483,332,1233,328,14,'70.25','10.85'),(484,333,1234,314,14,'155.85','2.54'),(485,333,1234,328,14,'242.80','10.42'),(486,334,1235,316,14,'130.80','1.69'),(487,335,1214,309,14,'23.90','10.16'),(488,335,1214,332,14,'155.25','8.47'),(489,336,1225,377,14,'36.50','11.02'),(490,337,1123,311,14,'38.60','11.36'),(491,337,1123,356,14,'35.60','12.71'),(492,338,1236,315,14,'521.00','2.54'),(493,339,1238,309,14,'187.00','10.16'),(494,339,1238,328,14,'267.40','10.59'),(495,339,1238,332,14,'106.40','9.91'),(496,339,1238,356,14,'36.00','13.56'),(497,340,1239,316,14,'473.00','1.69'),(498,341,1125,356,14,'37.10','12.71'),(499,342,1130,378,14,'41.00','1.00'),(501,344,1240,332,14,'60.00','10.17'),(502,345,1132,356,14,'41.90','12.71'),(503,346,1288,328,14,'244.95','10.59'),(504,347,1265,314,14,'247.25','2.54'),(505,347,1265,309,14,'179.85','10.16'),(506,347,1265,328,14,'218.30','10.59'),(507,348,1264,328,14,'251.30','10.59'),(508,349,1281,316,14,'139.60','1.69'),(509,350,1303,309,14,'146.50','10.16'),(510,350,1303,328,14,'227.15','10.59'),(511,351,1304,328,14,'128.75','10.33'),(512,351,1304,332,14,'113.50','9.74'),(513,351,1304,532,40,'69.25','8.30'),(514,351,1304,328,14,'135.20','10.33'),(515,351,1304,328,14,'18.60','10.33'),(516,351,1304,328,14,'22.25','10.33'),(517,352,1136,356,14,'32.00','12.71'),(518,353,1137,312,14,'20.00','10.17'),(519,353,1137,318,14,'10.00','1.69'),(520,353,1137,356,14,'29.85','12.71'),(521,354,1138,356,14,'41.85','12.71'),(522,355,1311,356,14,'48.10','13.56'),(523,356,1312,314,14,'223.00','2.54'),(524,356,1312,315,14,'53.75','2.54'),(525,356,1312,328,14,'245.75','10.59'),(526,357,1352,377,14,'36.80','11.02'),(527,358,1337,314,14,'137.43','2.54'),(528,358,1337,328,14,'246.80','10.59'),(529,359,1339,315,14,'130.35','2.54'),(530,360,1338,417,14,'5.43','11.86'),(531,360,1338,328,14,'65.50','10.84'),(532,361,146,356,14,'39.40','12.71'),(533,362,1144,377,14,'23.00','11.02'),(534,362,1144,356,14,'23.70','12.71'),(535,363,1148,356,14,'29.35','12.71'),(536,364,1466,316,14,'259.70','1.69'),(537,365,1455,314,14,'101.00','2.54'),(538,365,1455,328,14,'147.45','10.59'),(539,366,1477,341,6,'5.14','9.32'),(540,366,1477,315,14,'2.10','2.54'),(541,366,1477,328,14,'77.85','11.01'),(542,367,1359,356,14,'38.90','13.56'),(543,368,1362,377,14,'30.70','11.02'),(544,369,1365,318,14,'5.00','1.69'),(545,369,1365,311,14,'39.40','11.80'),(546,368,1362,377,14,'30.70','11.02'),(547,371,1366,356,14,'37.30','13.56'),(548,372,1372,356,14,'39.70','13.56'),(549,373,1371,356,14,'26.20','13.56'),(550,374,1375,377,14,'30.00','11.02'),(551,374,1375,356,14,'30.60','13.56'),(552,375,1376,356,14,'41.15','13.56'),(553,376,1385,356,14,'40.40','12.71'),(554,377,1728,356,14,'23.80','13.56');

/*Table structure for table `guiarecab` */


CREATE TABLE `guiarecab` (
  `guiaCabId` int(11) NOT NULL auto_increment,
  `guiaCabNumero` int(11) NOT NULL,
  `guiaCabSerie` int(11) NOT NULL default '1',
  `guiaCabFechEmision` date default NULL,
  `guiaCabFechTralado` date default NULL,
  `guiaCabObservaciones` varchar(150) collate latin1_spanish_ci default NULL,
  `clientes_Codigo` int(11) default NULL,
  `guiaCabEstado` char(1) collate latin1_spanish_ci default 'A',
  PRIMARY KEY  (`guiaCabId`)
) ENGINE=MyISAM AUTO_INCREMENT=28 DEFAULT CHARSET=latin1 COLLATE=latin1_spanish_ci;

/*Data for the table `guiarecab` */

/*Table structure for table `guiaremisioncab` */


CREATE TABLE `guiaremisioncab` (
  `guiaremisionCabId` int(11) NOT NULL auto_increment,
  `Numero` char(8) collate latin1_spanish_ci NOT NULL,
  `Serie` char(5) collate latin1_spanish_ci NOT NULL default '1',
  `FechEmision` date default NULL,
  `FechTralado` date default NULL,
  `clientes_Codigo` int(11) default NULL,
  `CodTransportista` char(2) collate latin1_spanish_ci default NULL,
  `motivotrasladoId` int(11) default NULL,
  `facturaCabId` int(11) default NULL,
  `guiaremisionCabEstado` char(1) collate latin1_spanish_ci default 'A',
  `Total` decimal(11,2) default NULL,
  PRIMARY KEY  (`guiaremisionCabId`,`Numero`,`Serie`),
  KEY `fk_guiaremisionCab_clientes1_idx` (`clientes_Codigo`),
  KEY `fk_guiaremisionCab_motivostrasladoemision1_idx` (`motivotrasladoId`),
  KEY `fk_guiaremisionCab_facturaCab1_idx` (`facturaCabId`),
  KEY `fk_guiaremisionCab_transportistas1_idx` (`CodTransportista`)
) ENGINE=MyISAM AUTO_INCREMENT=41 DEFAULT CHARSET=latin1 COLLATE=latin1_spanish_ci;

/*Data for the table `guiaremisioncab` */

insert  into `guiaremisioncab`(`guiaremisionCabId`,`Numero`,`Serie`,`FechEmision`,`FechTralado`,`clientes_Codigo`,`CodTransportista`,`motivotrasladoId`,`facturaCabId`,`guiaremisionCabEstado`,`Total`) values (39,'002244','001','2013-07-04','0000-00-00',120835,'02',0,NULL,'A','0.00'),(40,'000040','001','0000-00-00','0000-00-00',120915,'02',0,NULL,'A','370.35');

/*Table structure for table `guiaremisiondet` */


CREATE TABLE `guiaremisiondet` (
  `guiaremisionDetId` int(11) NOT NULL auto_increment,
  `guiaremisionCabId` int(11) default NULL,
  `Numero` int(11) default NULL,
  `CodCorte` int(11) default NULL,
  `CodCarne` int(11) default NULL,
  `guiaremisionDetCant` decimal(17,2) NOT NULL default '0.00',
  `guiaremisionDetCostKilo` decimal(17,2) NOT NULL default '0.00',
  PRIMARY KEY  (`guiaremisionDetId`),
  KEY `fk_guiaremisionDet_cortes1_idx` (`CodCorte`),
  KEY `fk_guiaremisionDet_carnes1_idx` (`CodCarne`),
  KEY `fk_guiaremisionDet_guiaremisionCab1_idx` (`Numero`)
) ENGINE=MyISAM AUTO_INCREMENT=48 DEFAULT CHARSET=latin1 COLLATE=latin1_spanish_ci;

/*Data for the table `guiaremisiondet` */

insert  into `guiaremisiondet`(`guiaremisionDetId`,`guiaremisionCabId`,`Numero`,`CodCorte`,`CodCarne`,`guiaremisionDetCant`,`guiaremisionDetCostKilo`) values (43,39,2244,316,14,'4.00','0.00'),(44,39,2244,360,14,'78.00','0.00'),(45,39,2244,0,0,'205.00','0.00'),(46,40,40,314,14,'102.20','1.00'),(47,40,40,0,0,'268.15','1.00');

/*Table structure for table `ingrecamalcab` */


CREATE TABLE `ingrecamalcab` (
  `NumIngreso` char(6) collate latin1_spanish_ci NOT NULL,
  `GuiaIngreso` char(8) collate latin1_spanish_ci NOT NULL,
  `NumCamal` char(1) collate latin1_spanish_ci default NULL,
  `NumOrden` char(6) collate latin1_spanish_ci NOT NULL,
  `FechaIng` datetime NOT NULL,
  `HoraIng` char(5) collate latin1_spanish_ci default NULL,
  PRIMARY KEY  (`NumIngreso`),
  KEY `NumOrden` (`NumOrden`),
  KEY `NumCamal` (`NumCamal`)
) ENGINE=MyISAM DEFAULT CHARSET=latin1 COLLATE=latin1_spanish_ci;

/*Data for the table `ingrecamalcab` */

insert  into `ingrecamalcab`(`NumIngreso`,`GuiaIngreso`,`NumCamal`,`NumOrden`,`FechaIng`,`HoraIng`) values ('000001','SD001','1','000001','2013-04-10 13:40:49',NULL),('000002','SD002','1','000002','2013-04-10 13:43:30',NULL),('000003','SD003','1','000003','2013-04-10 13:45:42',NULL),('000004','SD004','1','000004','2013-04-10 13:47:28',NULL),('000005','SD005','1','000005','2013-04-10 13:52:20',NULL),('000006','SD005','1','000006','2013-04-10 13:56:45',NULL),('000007','SD006','1','000007','2013-04-10 14:06:39',NULL),('000047','TO001','8','000044','2013-04-18 10:46:24',NULL),('000048','EL001','8','000045','2013-04-18 10:48:06',NULL),('000010','SD007','1','000008','2013-04-10 14:14:39',NULL),('000049','TO002','8','000046','2013-04-18 10:50:04',NULL),('000012','SD008','1','000009','2013-04-10 14:17:51',NULL),('000013','SD0010','8','000010','2013-04-12 09:20:29',NULL),('000014','AL001','8','000011','2013-04-12 09:22:13',NULL),('000015','PA029091','8','000012','2013-04-12 09:24:15',NULL),('000016','SD0011','8','000013','2013-04-12 09:33:11',NULL),('000017','SD0012','8','000014','2013-04-12 09:35:57',NULL),('000018','SD0114','8','000015','2013-04-12 09:37:51',NULL),('000019','PA29090','8','000016','2013-04-12 09:42:40',NULL),('000020','PA8338','8','000017','2013-04-12 09:43:50',NULL),('000021','PA29089','8','000018','2013-04-12 09:45:03',NULL),('000022','PA29088','8','000019','2013-04-12 09:49:26',NULL),('000023','PA8454','8','000020','2013-04-12 09:58:35',NULL),('000024','PC20731','8','000021','2013-04-12 10:01:44',NULL),('000025','PC20701','8','000022','2013-04-12 10:04:03',NULL),('000026','PC20668','8','000023','2013-04-12 10:07:25',NULL),('000027','PC20635','8','000024','2013-04-12 10:11:31',NULL),('000028','PC20620','8','000025','2013-04-12 10:16:29',NULL),('000029','PC20614','8','000026','2013-04-12 10:22:15',NULL),('000030','PC20592','8','000027','2013-04-12 10:24:48',NULL),('000031','BY95938','8','000028','2013-04-12 10:39:11',NULL),('000032','BY3883','8','000029','2013-04-12 10:42:54',NULL),('000033','BY7650','8','000030','2013-04-12 10:53:58',NULL),('000034','BY10813','8','000031','2013-04-12 10:57:16',NULL),('000035','SIN001','8','000032','2013-04-12 10:59:39',NULL),('000036','SI002','8','000033','2013-04-12 11:01:09',NULL),('000037','SI003.','8','000034','2013-04-12 11:02:38',NULL),('000038','SI004','8','000035','2013-04-12 11:04:40',NULL),('000039','BY99067','8','000036','2013-04-12 11:15:41',NULL),('000040','BY14695','8','000037','2013-04-12 11:29:00',NULL),('000041','SD0013','8','000038','2013-04-12 12:17:41',NULL),('000042','SD0014','8','000039','2013-04-12 12:26:18',NULL),('000043','PA52892','8','000040','2013-04-12 15:47:04',NULL),('000044','BY17964','8','000041','2013-04-13 13:00:11',NULL),('000045','BY18799','8','000042','2013-04-16 12:02:51',NULL),('000046','SD 49922','8','000043','2013-04-18 08:27:04',NULL),('000050','pc20784','8','000047','2013-04-19 07:45:45',NULL),('000051','SI003','8','000048','2013-04-20 08:24:51',NULL),('000052','SD49943','8','000049','2013-04-20 08:26:44',NULL),('000053','3290','8','000050','2013-04-23 10:25:11',NULL),('000054','e002','8','000051','2013-04-23 11:28:32',NULL),('000055','EL002','8','000052','2013-04-23 11:30:17',NULL),('000056','PA29092','8','000053','2013-04-23 11:42:24',NULL),('000057','BY0005','8','000054','2013-04-24 15:53:20',NULL),('000058','SD49974','8','000055','2013-04-24 15:55:42',NULL),('000059','TO005','8','000056','2013-04-24 15:59:00',NULL),('000060','EL006','8','000057','2013-04-24 16:01:57',NULL),('000061','BY23818','8','000058','2013-04-25 07:57:14',NULL),('000062','EL004','8','000059','2013-04-26 10:31:20',NULL),('000063','SI0042','8','000060','2013-04-27 07:52:14',NULL),('000064','PA29093','8','000061','2013-04-27 07:53:42',NULL),('000065','SD50009','8','000062','2013-04-27 07:55:48',NULL),('000066','PC20808','8','000063','2013-04-27 07:57:58',NULL),('000067','BY 0025','8','000064','2013-04-29 10:09:50',NULL),('000068','EL009','8','000065','2013-04-29 15:01:32',NULL),('000082','AL81506','8','000083','2013-05-11 08:13:45',NULL),('000070','SD5008','8','000068','2013-05-03 12:26:53',NULL),('000071','AL82280','8','000069','2013-05-03 12:28:31',NULL),('000072','TO559','8','000070','2013-05-03 12:31:57',NULL),('000073','PC20846','8','000071','2013-05-04 11:57:43',NULL),('000074','SD50049','8','000072','2013-05-04 12:50:37',NULL),('000075','PA29088','8','000073','2013-05-04 13:49:05',NULL),('000108','PC280513','8','000109','2013-05-31 08:10:19',NULL),('000078','BY496','8','000078','2013-05-07 09:44:36',NULL),('000079','SD50075','8','000079','2013-05-07 09:53:07',NULL),('000080','SI524','8','000080','2013-05-07 09:59:14',NULL),('000081','IN127259','8','000081','2013-05-09 11:27:31',NULL),('000083','PA8464','8','000084','2013-05-11 08:15:36',NULL),('000084','SD50138','8','000085','2013-05-11 08:23:48',NULL),('000107','PC280513','8','000108','2013-05-31 08:07:29',NULL),('000086','BY588','','000087','2013-05-11 10:49:36',NULL),('000087','SD50095','8','000088','2013-05-13 10:04:17',NULL),('000088','TO0050','8','000089','2013-05-13 10:47:43',NULL),('000089','BY716','8','000090','2013-05-16 08:32:02',NULL),('000090','SD50175','8','000091','2013-05-16 08:35:01',NULL),('000091','EL029','8','000092','2013-05-17 11:16:06',NULL),('000092','TO 855','8','000093','2013-05-17 11:22:50',NULL),('000093','SD050226','8','000094','2013-05-23 09:29:12',NULL),('000094','EL0089','8','000095','2013-05-23 09:32:47',NULL),('000095','SI592','8','000096','2013-05-23 09:39:16',NULL),('000096','BY154950','8','000097','2013-05-23 09:55:51',NULL),('000097','EL159','8','000098','2013-05-23 14:12:06',NULL),('000098','PC20929','8','000099','2013-05-27 10:29:15',NULL),('000099','PC20943','8','000100','2013-05-27 10:30:27',NULL),('000104','TO5268','8','000105','2013-05-28 10:53:35',NULL),('000101','PA081527','8','000102','2013-05-27 11:45:33',NULL),('000102','PA029095','8','000103','2013-05-27 11:46:40',NULL),('000103','SD050242','8','000104','2013-05-28 10:32:52',NULL),('000105','BY024453','8','000106','2013-05-29 09:25:53',NULL),('000106','BY260513','8','000107','2013-05-29 09:34:34',NULL),('000109','SD050281','8','000110','2013-06-01 10:47:17',NULL),('000110','SD050296','8','000111','2013-06-01 11:03:13',NULL),('000111','BY020613','1','000112','2013-06-05 10:42:39',NULL),('000112','SI040613','8','000113','2013-06-05 10:44:11',NULL),('000113','PC040613','8','000114','2013-06-08 10:57:43',NULL),('000114','4165','8','000121','2013-10-10 08:39:25',NULL);

/*Table structure for table `ingrecamaldet` */

